-- MySQL Administrator dump 1.4
--
-- ------------------------------------------------------





--
-- Create schema notation
--

CREATE DATABASE /*!32312 IF NOT EXISTS*/ notation;
USE notation;

--
-- Table structure for table `notation`.`activite`
--

CREATE TABLE `activite` (
  `IdActivite` int(10) unsigned NOT NULL AUTO_INCREMENT,
  `LibelleActivite` varchar(1000) NOT NULL DEFAULT '',
  `IdBranche` int(10) unsigned NOT NULL DEFAULT '0',
  PRIMARY KEY (`IdActivite`)
) ENGINE=InnoDB AUTO_INCREMENT=83 DEFAULT CHARSET=latin1;

--
-- Dumping data for table `notation`.`activite`
--

INSERT INTO `activite` (`IdActivite`,`LibelleActivite`,`IdBranche`) VALUES 
 (1,'Commercialisation et distribution des produits semences',1),
 (2,'Production des semences',1),
 (3,'Fabrication, formulation et conditionnement des produits sanitaires homologués',1),
 (4,'Commercialisation des semences',1),
 (5,'Importation des produits phytosanitaires',2),
 (6,'Dossier d\'Importateur et de distributeur des produits phytosanitaires et de bio pesticides homologués',2),
 (7,'Dossier de traitement phytosanitaire à titre personnel au profit des tiers',2),
 (8,'Demande de renouvellement des agréments (distributeur de pesticides, traitement phytosanitaire)',2),
 (9,'Fabrication, formulation et conditionnement des produits phytosanitaires homologues',2),
 (10,'Dossier d\'homologation des produits phytosanitaires',2),
 (11,'Dossier de demande d\'homologation d\'un pesticide à usage agricole au Cameroun',2),
 (12,'Exploitation d\'une forêt communautaire',4),
 (13,'Vente de coupe',4),
 (14,'Inventaire forestier, Sylviculture, Exploitation',5),
 (15,'Chasse sportive',6);
INSERT INTO `activite` (`IdActivite`,`LibelleActivite`,`IdBranche`) VALUES 
 (16,'Création d\'établissement pour fabrication des produits destinés à l\'élevage, élevage de gros ou petit bétail',3),
 (17,'Ouverture d\'établissement d\'élevage ou de fabrication des produits d\'élevage',3),
 (18,'commerce de bétail sur le marché intérieur',3),
 (19,'Commerce d\'exportation du bétail',3),
 (20,'Importation des animaux',3),
 (21,'Vente des produits pharmaceutiques et d\'analyse médicale',3),
 (22,'implantation et exploitation des établissements classés dangereux, insolubles ou incommodes',7),
 (23,'Normalisation',8),
 (24,'Protection industrielle (Brevets)',8),
 (25,'Protection industrielle (Marques)',8),
 (26,'Prospection artisanale',9),
 (27,'Commercialisation des substances minérales issues de l\'exploitation artisanale',9),
 (28,'Investigation systématique et itinérante de surface par des méthodes géologiques, géophysiques ou autres faisant appel à de vastes superficies en vue de déceler les indices ou des concentrations de substances minérales utiles (opérations minières industrielles)',9),
 (29,'Investigation destinées à localiser et à évaluer les gisements minéraux et en déterminer les conditions commerciales (opérations minières industrielles)',9);
INSERT INTO `activite` (`IdActivite`,`LibelleActivite`,`IdBranche`) VALUES 
 (30,'Exploitation des gîtes géothermiques, des eaux de source, des eaux minérales et thermominérales (opération industrielle)',10),
 (31,'Embouteillage d\'une eau de source ou d\'une eau minérale',10),
 (32,'Production, transport, distribution, importation, exportation et vente de l\'électricité',11),
 (33,'Création d\'un organe de presse',12),
 (34,'Création radio, Télévision, câblodistribution, production',13),
 (35,'Exercice d\'une profession publicitaire',14),
 (36,'Exercice des activités postales (courrier et transfert des fonds)',15),
 (37,'Exploitation d\'un réseau de Télécommunication de Première catégorie et Fourniture des services de Télécommunication',16),
 (38,'Ouverture, Exploitation et gestion d\'un laboratoire d\'analyses médicales',17),
 (39,'Création d\'une formation sanitaire (CENTRE DE SANTE)',18),
 (40,'Création des professions d\'infirmier, sage-femme et de technicien Médicosanitaire',18),
 (41,'Création d\'une pharmacie et exercice de la profession de pharmacien',19);
INSERT INTO `activite` (`IdActivite`,`LibelleActivite`,`IdBranche`) VALUES 
 (42,'Création et exploitation d\'un cabinet d\'études et de travaux topographiques',20),
 (43,'transport interurbain de voyageurs à l\'aide de véhicules comportant onze (11) places au moins',21),
 (44,'Gestion de voyages dans les terminaux de transport urbain/ ou interurbain (activité d\'auxiliaire des transports routiers de 1ère classe)',22),
 (45,'Contrôle technique des véhicules',23),
 (46,'Transport aérien',24),
 (47,'Certificat de transporteur aérien',24),
 (48,'Création et fonctionnement d\'un Groupe d\'initiative Commune (GIC)',25),
 (49,'Création et fonctionnement d\'une Union des GIC',25),
 (50,'Création et fonctionnement d\'une Fédération d\'union des GIC',25),
 (51,'Création et fonctionnement d\'une Coopérative (de type agricole)',26),
 (52,'Création et fonctionnement d\'un Groupement d\'intérêt économique (GIE)',27),
 (53,'Exercice de la profession d\'activité d\'importateur',28),
 (54,'Exercice de la profession d\'activité d\'exportateur',28);
INSERT INTO `activite` (`IdActivite`,`LibelleActivite`,`IdBranche`) VALUES 
 (55,'Commercialisation de café et cacao',29),
 (56,'Exercice de la profession d\'exportation de café ou cacao',29),
 (57,'Construction d\'hôtel',30),
 (58,'Ouverture d\'hôtel, de restaurant, et d\'établissements de loisirs',30),
 (59,'Création d\'une agence de tourisme',30),
 (60,'Concession d\'un site touristique',30),
 (61,'ouverture de débit de boisson',30),
 (62,'Exercice de la profession de guide touristique',31),
 (63,'Création d\'un centre privé multifonctionnel de promotion des jeunes',32),
 (64,'Création d\'école primaire et maternelle',33),
 (65,'Ouverture d\'école primaire et maternelle',33),
 (66,'Création d\'un collège privé',34),
 (67,'Ouverture d\'un collège privé',34),
 (68,'Création d\'un Etablissement Privé d\'Enseignement Supérieur (EPES)',35),
 (69,'Ouverture d\'un Etablissement Privé d\'Enseignement Supérieur (EPES)',35),
 (70,'Fonctionnement d\'un Etablissement Privé d\'Enseignement Supérieur après une année entière',35),
 (71,'Homologation d\'un Etablissement Privé d\'Enseignement Supérieur',35);
INSERT INTO `activite` (`IdActivite`,`LibelleActivite`,`IdBranche`) VALUES 
 (72,'création d\'une EMF de 1ère Catégorie (FORME JURIDIQUE : COOPEC, MUTUELLES, ASSOCIATION)',36),
 (73,'création d\'une EMF de 2ère Catégorie (FORME JURIDIQUE : SOCIETE ANONYME)',36),
 (74,'création d\'une EMF de 3ère Catégorie (FORME JURIDIQUE : ONG, PROJET)',36),
 (75,'Profession de Promoteur Immobilier',37),
 (76,'Profession d\'agent immobilier',38),
 (77,'création d\'un établissement ou d\'une société privée de gardiennage',39),
 (78,'Ouverture d\'une œuvre sociale privée (étape 1)',40),
 (79,'Ouverture d\'une œuvre sociale privée (étape 2)',40),
 (80,'Utilité publique d\'une œuvre sociale',40),
 (81,'Création des centres de formation professionnelle ou d\'apprentissage',41),
 (82,'Création d\'un bureau de placement ou de travail temporaire',42);


--
-- Table structure for table `notation`.`branche`
--

CREATE TABLE `branche` (
  `IdBranche` int(10) unsigned NOT NULL AUTO_INCREMENT,
  `LibelleBranche` varchar(1000) NOT NULL DEFAULT '',
  `IdSousSecteur` int(10) unsigned NOT NULL DEFAULT '0',
  PRIMARY KEY (`IdBranche`)
) ENGINE=InnoDB AUTO_INCREMENT=43 DEFAULT CHARSET=latin1;

--
-- Dumping data for table `notation`.`branche`
--

INSERT INTO `branche` (`IdBranche`,`LibelleBranche`,`IdSousSecteur`) VALUES 
 (1,'PRODUCTION, ACHAT ET VENTE ET COMMECIALISATION DES SEMENCES',1),
 (2,'PRODUITS PHYTOSANITAIRES',2),
 (3,'ELEVAGE ET PECHE',3),
 (4,'PRODUITS FORESTIERS LIGNEUX',4),
 (5,'PRODUITS FORESTIERS NON LIGNEUX',4),
 (6,'CHASSE',4),
 (7,'ETABLISSEMENTS CLASSES DANGEREUX INSALUBRES ET INCOMMODES',5),
 (8,'NORMES ET PROTECTION INDUSTRIELLE',5),
 (9,'MINERAIS (SUBSTANCES MINERALES SOLIDES/LIQUIDES/GAZEUSES)',6),
 (10,'EAU',7),
 (11,'ELECTRIFICATION URBAINE/RURALE',7),
 (12,'PRESSE ECRITE',8),
 (13,'CREATION D\'UNE ENTREPRISE DE COMMUNICATION AUDIOVISUELLE',8),
 (14,'PUBLICITE',8),
 (15,'PROFESSION POSTALE',9),
 (16,'INTERNET ET RESEAU DE TELECOMMUNICATION',9),
 (17,'ANALYSE MEDICALE',10),
 (18,'CENTRE DE SANTE',10),
 (19,'PHARMACIE',10),
 (20,'METIER DE TOPOGRAPHIE',11),
 (21,'TRANSPORT TERRESTRE - TRANSPORTEUR',12),
 (22,'AGENCE DE TRANSPORT TERRESTRE',12),
 (23,'CENTRE DE CONTROLE TECHNIQUE DE VEHICULES AUTOMOBILES',12),
 (24,'TRANSPORT AERIEN',12);
INSERT INTO `branche` (`IdBranche`,`LibelleBranche`,`IdSousSecteur`) VALUES 
 (25,'GIC',13),
 (26,'COOPERATIVE',13),
 (27,'GIE',13),
 (28,'Profession d\'importateur/exportateur',14),
 (29,'COMMERCIALISATION DU CAFE ET DU CACAO',14),
 (30,'ENTREPRISES TOURISTIQUES - établissements de tourisme',15),
 (31,'GUIDE TOURISTIQUE',15),
 (32,'CENTRE D\'ANIMATION (centre privé multifonctionnel de promotion des jeunes)',15),
 (33,'ENSEIGNEMENT PRIMAIRE ET MATERNELLE',16),
 (34,'ENSEIGNEMENT SECONDAIRE',16),
 (35,'ENSEIGNEMENT SUPERIEUR',16),
 (36,'ETABLISSEMENTS DE MICRO FINANCE (EMF)',17),
 (37,'Promotion immobilière',18),
 (38,'Agents immobiliers',18),
 (39,'Etablissement ou société privée de gardiennage',19),
 (40,'Œuvres sociales privées',20),
 (41,'FORMATION PROFESSIONNELLE',21),
 (42,'EMPLOI',21);


--
-- Table structure for table `notation`.`critere`
--

CREATE TABLE `critere` (
  `IdCritere` int(10) unsigned NOT NULL AUTO_INCREMENT,
  `LibelleCritere` varchar(100) NOT NULL DEFAULT '',
  `IdSousCategorie` int(10) unsigned NOT NULL DEFAULT '0',
  `CodeCritere` varchar(5) DEFAULT NULL,
  PRIMARY KEY (`IdCritere`),
  UNIQUE KEY `Index_2` (`CodeCritere`) USING HASH
) ENGINE=InnoDB AUTO_INCREMENT=74 DEFAULT CHARSET=latin1;

--
-- Dumping data for table `notation`.`critere`
--

INSERT INTO `critere` (`IdCritere`,`LibelleCritere`,`IdSousCategorie`,`CodeCritere`) VALUES 
 (1,'Chiffre d\'affaires',3,'CHA'),
 (2,'Trend du chiffre d\'affaires',3,'TCA'),
 (3,'Marge nette ',3,'MAN'),
 (4,'Rentabilité des fonds propres ',3,'RFP'),
 (5,'Marge brute d\'exploitation  ',4,'MBE'),
 (6,'Renouvellement de l\'outil de production  ',4,'ROP'),
 (7,'Fonds de roulement',4,'FOR'),
 (8,'Trésorerie nette',4,'TRN'),
 (9,'Ratio de liquidité générale ',5,'RLG'),
 (10,'Ratio de liquidité immédiate ',5,'RLI'),
 (11,'Capacité de remboursement  ',6,'CRB'),
 (12,'Ratio d\'endettement financier  ',6,'REF'),
 (13,'Ratio d\'endettement général ',6,'REG'),
 (14,'Perspectives du secteur d\'activité',7,'PSA'),
 (15,'Trend du secteur d\'activité',7,'TSA'),
 (16,'Place dans le secteur dactivité',7,'PSC'),
 (17,'Degré de maturité du secteur ',7,'DMS'),
 (18,'Intensité capitalistique du secteur ',7,'ICS'),
 (19,'Contraintes réglementaires',7,'CRG'),
 (20,'Organisation de la filière ',7,'ORF'),
 (21,'Taille du marché ',8,'TMR');
INSERT INTO `critere` (`IdCritere`,`LibelleCritere`,`IdSousCategorie`,`CodeCritere`) VALUES 
 (22,'Niveau de concurrence ',8,'NCO'),
 (23,'Disponibilité et pérennité des approvisionnements ',8,'DPA'),
 (24,'Avantages comparatifs',8,'AVC'),
 (25,'Qualité de la signature des clients de l\'entreprise ',8,'QSC'),
 (26,'Trend des prix des intrants',8,'TPI'),
 (27,'Trend de la production',8,'TPR'),
 (28,'Qualité de la production ',8,'QUP'),
 (29,'Qualité des installations de production',8,'QIP'),
 (30,'Qualité des installations de stockage',8,'QIS'),
 (31,'Assurances (perte d\'exploitation, transport, vol et stocks) ',8,'AST'),
 (32,'Usage des équipements informatiques pour le traitement comptable des opérations',8,'UEI'),
 (33,'Qualité du circuit de distribution ',8,'QCD'),
 (34,'Système de contrôle de la qualité des marchandises',8,'SCQ'),
 (35,'Sécurisation des stocks ',8,'SDT'),
 (36,'Assurances (dommage, responsabilité civile et maladie)',8,'ADR'),
 (37,'Autorisation d\'implantation industrielle',8,'AII'),
 (38,'Conformité des produits aux normes et règlements techniques',8,'CPT');
INSERT INTO `critere` (`IdCritere`,`LibelleCritere`,`IdSousCategorie`,`CodeCritere`) VALUES 
 (39,'Type d\'entreprise',9,'TYE'),
 (40,'Âge de la PME',9,'APM'),
 (41,'Nature juridique de la PME ',9,'NJP'),
 (42,'Localisation géographique ',9,'LGO'),
 (43,'Notoriété ou image de la PME ',9,'NIP'),
 (44,'Régularité administrative de la PME   ',9,'RAP'),
 (45,'Qualification des dirigeants ',9,'QDP'),
 (46,'Expérience des dirigeants ',9,'EXD'),
 (47,'Zone d\'activité ',9,'ZAC'),
 (48,'Effectifs ',9,'EFF'),
 (49,'Qualité des effectifs ',9,'QEF'),
 (50,'Structure de l\'actionnariat',9,'STA'),
 (51,'Plan de succession ',9,'PSU'),
 (52,'Tenue des assemblées générales ou conseils ',9,'TAG'),
 (53,'Diversification des activités de l\'entreprise ',9,'DAE'),
 (54,'Intégration des activités ',9,'IDA'),
 (55,'Concentration de la clientèle ',9,'CDC'),
 (56,'Dépendance vis-à-vis des fournisseurs',9,'DVF'),
 (57,'Qualité de recouvrement',9,'QRC'),
 (58,'Contrôle des flux de recettes',9,'CFC'),
 (59,'Maitrise de la production',9,'MPD');
INSERT INTO `critere` (`IdCritere`,`LibelleCritere`,`IdSousCategorie`,`CodeCritere`) VALUES 
 (60,'Qualité de l\'information financière',9,'QIF'),
 (61,'Présence des garanties',9,'PRG'),
 (62,'Liquidité des garanties',9,'LQG'),
 (63,'Moralité promoteur',9,'MPO'),
 (64,'Statut matrimonial du promoteur',9,'SMP'),
 (65,'Expérience du promoteur dans le secteur',9,'EPS'),
 (66,'Âge du promoteur ',9,'APO'),
 (67,'Tenue des engagements antérieurs ',10,'TEA'),
 (68,'Encours des engagements bancaires et financiers',10,'EEB'),
 (69,'Évolution des mouvements confiés',10,'EMC'),
 (70,'Ancienneté dans le système bancaire',10,'ASB'),
 (71,'Fréquence des engagements bancaires et financiers',10,'FEB'),
 (72,'Incident de paiements de l\'entreprise et des dirigeants',10,'IED'),
 (73,'Maitrise de la distribution',9,'MDD');


--
-- Table structure for table `notation`.`departement`
--

CREATE TABLE `departement` (
  `CodeDepartement` varchar(10) NOT NULL DEFAULT '',
  `CodeRegion` varchar(10) NOT NULL DEFAULT '',
  `LibDepartement` varchar(45) NOT NULL DEFAULT '',
  PRIMARY KEY (`CodeDepartement`,`CodeRegion`)
) ENGINE=InnoDB DEFAULT CHARSET=latin1 COMMENT='InnoDB free: 75776 kB';

--
-- Dumping data for table `notation`.`departement`
--

INSERT INTO `departement` (`CodeDepartement`,`CodeRegion`,`LibDepartement`) VALUES 
 ('BAMB','OU','BAMBOUTOS'),
 ('BEN','NO','BENOUE'),
 ('BOUM','EST','BOUMBA & GOKO'),
 ('BOY','EN','BOYO'),
 ('BUI','NOU','BUI'),
 ('DIAM','NO','DIAMARE'),
 ('DJA','SUD','DJA ET LOBO'),
 ('DJE','ADM','DJEREM'),
 ('DONG','NO','DONGA MANTUNG'),
 ('FAKO','SU','FAKO'),
 ('FAR','EN','FARO'),
 ('FARD','EN','FARO ET DEO'),
 ('HANY','EST','HAUT NYONG'),
 ('HAUSAN','CEN','HAUTE-SANAGA'),
 ('HAUTKAM','OU','HAUT-NKAM'),
 ('HAUTPLA','OU','HAUTS-PLATEAUX'),
 ('KAD','EN','KADEI'),
 ('KKHI','OU','KOUNG-KHI'),
 ('KOUPM','LT','KOUPE MANENGOUBA'),
 ('LEBIA','SU','LEBIALEM'),
 ('LEKIE','CE','LEKIE'),
 ('LOCH','EN','LOGONE ET CHARI'),
 ('LODJ','NO','LOM ET DJEREM'),
 ('MADAN','AD','MAYO DANAY'),
 ('MANYU','SU','MANYU'),
 ('MASA','EN','MAYO SAVA'),
 ('MAYK','NO','MAYO-KANI'),
 ('MAYLO','NO','MAYO-LOUTI'),
 ('MAYR','NO','MAYO-REY'),
 ('MAYT','EN','MAYO TSANAGA'),
 ('MBAMIN','CE','MBAM ET INOUBOU'),
 ('MBAMKEM','CE','MBAM ET KIM'),
 ('MBAN','AD','MAYO BANYO');
INSERT INTO `departement` (`CodeDepartement`,`CodeRegion`,`LibDepartement`) VALUES 
 ('MBE','AD','MBERE'),
 ('MEA','CE','MEFOU A KONO'),
 ('MEM','NO','MEME'),
 ('MEN','NO','MENTCHUM'),
 ('MENOUA','OU','MENOUA'),
 ('MEZ','NO','MEZAM'),
 ('MFA','CE','MEFOU ET  A FAMBA'),
 ('MFOUN','CE','MFOUNDI'),
 ('MIFI','OU','MIFI'),
 ('MOM','NO','MOMO'),
 ('MOUNG','LT','MOUNGO'),
 ('MVI','SU','MVILA'),
 ('NDE','OU','NDE'),
 ('NDIAN','NO','NDIAN'),
 ('NGOK','SUD','NGO-KETUNJIA'),
 ('NKAM','LT','NKAM'),
 ('NOUN','OU','NOUN'),
 ('NYOFOU','CE','NYONG ET FOUMOU'),
 ('NYOKE','CE','NYONG ET KELE'),
 ('NYOSO','CE','NYONG ET SOO'),
 ('OCE','SUD','OCEAN'),
 ('SANAGA','LT','SANAGA MARITIME'),
 ('VIN','AD','VINA'),
 ('VNTEM','SUD','VALLEE DU NTEM'),
 ('WOURI','LT','WOURI');


--
-- Table structure for table `notation`.`donnee_sectorielle`
--

CREATE TABLE `donnee_sectorielle` (
  `IdDonnee` int(10) unsigned NOT NULL AUTO_INCREMENT,
  `DateChargement` datetime DEFAULT NULL,
  `CA1` varchar(45) DEFAULT NULL,
  `CA2` varchar(45) DEFAULT NULL,
  `CA3` varchar(45) DEFAULT NULL,
  `VA1` varchar(45) DEFAULT NULL,
  `VA2` varchar(45) DEFAULT NULL,
  `VA3` varchar(45) DEFAULT NULL,
  `Rang` varchar(45) DEFAULT NULL,
  `ProfitSecteur` varchar(45) DEFAULT NULL,
  `Structuration` varchar(45) DEFAULT NULL,
  `CodeExercice` varchar(5) DEFAULT NULL,
  `Actif` varchar(45) DEFAULT NULL,
  `IdSecteur` int(10) unsigned DEFAULT NULL,
  `Lien` varchar(45) DEFAULT NULL,
  `DegreMaturite` varchar(45) DEFAULT NULL,
  `Capitalisation` varchar(45) DEFAULT NULL,
  PRIMARY KEY (`IdDonnee`)
) ENGINE=InnoDB AUTO_INCREMENT=3 DEFAULT CHARSET=latin1;

--
-- Dumping data for table `notation`.`donnee_sectorielle`
--

INSERT INTO `donnee_sectorielle` (`IdDonnee`,`DateChargement`,`CA1`,`CA2`,`CA3`,`VA1`,`VA2`,`VA3`,`Rang`,`ProfitSecteur`,`Structuration`,`CodeExercice`,`Actif`,`IdSecteur`,`Lien`,`DegreMaturite`,`Capitalisation`) VALUES 
 (1,'2021-12-18 00:00:00','754141','754141','754141','754141','754141','754141','2','154275245','OUI','2022','1',1,'fichier.xlsx',NULL,NULL),
 (2,'2021-12-18 00:00:00','1542752','1542752','15427','1542752','1542','754141','1','154275245','OUI','2022','1',3,'fichier.xlsx',NULL,NULL);


--
-- Table structure for table `notation`.`entreprise`
--

CREATE TABLE `entreprise` (
  `IdEntreprise` int(10) unsigned NOT NULL AUTO_INCREMENT,
  `RaisonSociale` varchar(155) NOT NULL DEFAULT '',
  `NombreEmploye` int(10) unsigned DEFAULT NULL,
  `Nombreclients` int(10) unsigned DEFAULT NULL,
  `TVA` varchar(3) DEFAULT NULL,
  `NIU` varchar(150) DEFAULT NULL,
  `NumeroEnregistrement` varchar(150) DEFAULT NULL,
  `DateCreation` datetime DEFAULT NULL,
  `DateCloture` datetime DEFAULT NULL,
  `Monnaie` varchar(45) DEFAULT NULL,
  `NomEntrepriseMere` varchar(45) DEFAULT NULL,
  `PaysEntrepriseMere` varchar(45) DEFAULT NULL,
  `Adresse1` varchar(255) DEFAULT NULL,
  `Adresse2` varchar(100) DEFAULT NULL,
  `Adresse3` varchar(100) DEFAULT NULL,
  `Ville` varchar(100) DEFAULT NULL,
  `Departement` varchar(100) DEFAULT NULL,
  `Region` varchar(100) DEFAULT NULL,
  `Pays` varchar(100) DEFAULT NULL,
  `CodePostal` varchar(100) DEFAULT NULL,
  `FormeJuridique` varchar(100) DEFAULT NULL,
  `Telephone1` varchar(100) DEFAULT NULL,
  `Telephone2` varchar(100) DEFAULT NULL,
  `Fax` varchar(100) DEFAULT NULL,
  `SiteWeb` varchar(100) DEFAULT NULL,
  `Email` varchar(100) DEFAULT NULL,
  `AdresseEmailAnnonces` varchar(100) DEFAULT NULL,
  `AdresseEmailRenseignements` varchar(100) DEFAULT NULL,
  `AdresseEmailSecurite` varchar(100) DEFAULT NULL,
  `NomOrganismeAcrreditation` varchar(45) DEFAULT NULL,
  `NumeroAccreditation` varchar(45) DEFAULT NULL,
  `DateAccreditation` datetime DEFAULT NULL,
  `DateEcheance` datetime DEFAULT NULL,
  `PaysOrganismeAccreditation` varchar(45) DEFAULT NULL,
  `TypeEntreprise` varchar(45) DEFAULT NULL,
  `Resume` varchar(255) DEFAULT NULL,
  `NombreManager` int(10) unsigned DEFAULT NULL,
  `NombreManagerFemme` int(10) unsigned DEFAULT NULL,
  `NombrePersonnelPermanent` int(10) unsigned DEFAULT NULL,
  `NombrePersonnelPermanentFemme` int(10) unsigned DEFAULT NULL,
  `NombrePersonnelTemporaire` int(10) unsigned DEFAULT NULL,
  `NombrePersonnelTemporaireFemme` int(10) unsigned DEFAULT NULL,
  `NomGestionnaire` varchar(45) DEFAULT NULL,
  `PrenomGestionnaire` varchar(45) DEFAULT NULL,
  `TitreGestionnaire` varchar(45) DEFAULT NULL,
  `CodePostaleGestionnaire` varchar(45) DEFAULT NULL,
  `TelephoneGestionnaire` varchar(45) DEFAULT NULL,
  `FaxGestionnaire` varchar(45) DEFAULT NULL,
  `EmailGestionnaire` varchar(45) DEFAULT NULL,
  `IdSecteur` int(10) unsigned DEFAULT NULL,
  `IdSousSecteur` int(10) unsigned DEFAULT NULL,
  `IdBranche` int(10) unsigned DEFAULT NULL,
  `RegimeFiscale` varchar(45) DEFAULT NULL,
  `CodeDepartement` varchar(45) DEFAULT NULL,
  `ListeIdDocument` varchar(45) DEFAULT NULL,
  `LienRapport` varchar(450) DEFAULT NULL,
  `DateRapport` datetime DEFAULT NULL,
  `ActivitePrincipale` int(10) unsigned DEFAULT NULL,
  PRIMARY KEY (`IdEntreprise`)
) ENGINE=InnoDB AUTO_INCREMENT=3 DEFAULT CHARSET=latin1;

--
-- Dumping data for table `notation`.`entreprise`
--

INSERT INTO `entreprise` (`IdEntreprise`,`RaisonSociale`,`NombreEmploye`,`Nombreclients`,`TVA`,`NIU`,`NumeroEnregistrement`,`DateCreation`,`DateCloture`,`Monnaie`,`NomEntrepriseMere`,`PaysEntrepriseMere`,`Adresse1`,`Adresse2`,`Adresse3`,`Ville`,`Departement`,`Region`,`Pays`,`CodePostal`,`FormeJuridique`,`Telephone1`,`Telephone2`,`Fax`,`SiteWeb`,`Email`,`AdresseEmailAnnonces`,`AdresseEmailRenseignements`,`AdresseEmailSecurite`,`NomOrganismeAcrreditation`,`NumeroAccreditation`,`DateAccreditation`,`DateEcheance`,`PaysOrganismeAccreditation`,`TypeEntreprise`,`Resume`,`NombreManager`,`NombreManagerFemme`,`NombrePersonnelPermanent`,`NombrePersonnelPermanentFemme`,`NombrePersonnelTemporaire`,`NombrePersonnelTemporaireFemme`,`NomGestionnaire`,`PrenomGestionnaire`,`TitreGestionnaire`,`CodePostaleGestionnaire`,`TelephoneGestionnaire`,`FaxGestionnaire`,`EmailGestionnaire`,`IdSecteur`,`IdSousSecteur`,`IdBranche`,`RegimeFiscale`,`CodeDepartement`,`ListeIdDocument`,`LienRapport`,`DateRapport`,`ActivitePrincipale`) VALUES 
 (1,'Skytech',12,14,'oui','452147856332','45825874','2021-12-01 00:00:00','2021-12-21 00:00:00','FCFA','sktech','Benin','Essomba','','','Yaounde','','centre','','1242','SA','+237697906014','+237697906014','','','tchanacool@gmail.com','tchanacool@gmail.com','tchanacool@gmail.com','tchanacool@gmail.com','APICAM','142575852','2021-12-31 00:00:00','2021-12-31 00:00:00','Cameroun','TPE',NULL,45,7,45,1,45,7,'tchana cedric','cedric','MAster','1242','697906014','','cedrictchana@gmail.com',1,3,3,'Impöt liberatoire','BAMB','55,1','rapport_1_1643962501.pdf','2022-02-04 09:15:01',27);
INSERT INTO `entreprise` (`IdEntreprise`,`RaisonSociale`,`NombreEmploye`,`Nombreclients`,`TVA`,`NIU`,`NumeroEnregistrement`,`DateCreation`,`DateCloture`,`Monnaie`,`NomEntrepriseMere`,`PaysEntrepriseMere`,`Adresse1`,`Adresse2`,`Adresse3`,`Ville`,`Departement`,`Region`,`Pays`,`CodePostal`,`FormeJuridique`,`Telephone1`,`Telephone2`,`Fax`,`SiteWeb`,`Email`,`AdresseEmailAnnonces`,`AdresseEmailRenseignements`,`AdresseEmailSecurite`,`NomOrganismeAcrreditation`,`NumeroAccreditation`,`DateAccreditation`,`DateEcheance`,`PaysOrganismeAccreditation`,`TypeEntreprise`,`Resume`,`NombreManager`,`NombreManagerFemme`,`NombrePersonnelPermanent`,`NombrePersonnelPermanentFemme`,`NombrePersonnelTemporaire`,`NombrePersonnelTemporaireFemme`,`NomGestionnaire`,`PrenomGestionnaire`,`TitreGestionnaire`,`CodePostaleGestionnaire`,`TelephoneGestionnaire`,`FaxGestionnaire`,`EmailGestionnaire`,`IdSecteur`,`IdSousSecteur`,`IdBranche`,`RegimeFiscale`,`CodeDepartement`,`ListeIdDocument`,`LienRapport`,`DateRapport`,`ActivitePrincipale`) VALUES 
 (2,'test',NULL,NULL,NULL,NULL,NULL,NULL,NULL,NULL,NULL,NULL,NULL,NULL,NULL,'Yaounde',NULL,NULL,NULL,NULL,NULL,NULL,NULL,NULL,NULL,NULL,NULL,NULL,NULL,NULL,NULL,NULL,NULL,NULL,NULL,NULL,NULL,NULL,NULL,NULL,NULL,NULL,NULL,NULL,NULL,NULL,NULL,NULL,NULL,NULL,NULL,NULL,NULL,NULL,NULL,NULL,NULL,NULL);


--
-- Table structure for table `notation`.`entreprise_activite`
--

CREATE TABLE `entreprise_activite` (
  `IdEntreprise` int(10) unsigned NOT NULL AUTO_INCREMENT,
  `IdActivite` varchar(45) NOT NULL DEFAULT '',
  PRIMARY KEY (`IdEntreprise`,`IdActivite`)
) ENGINE=InnoDB AUTO_INCREMENT=6 DEFAULT CHARSET=latin1;

--
-- Dumping data for table `notation`.`entreprise_activite`
--

INSERT INTO `entreprise_activite` (`IdEntreprise`,`IdActivite`) VALUES 
 (1,'1'),
 (1,'18'),
 (1,'55'),
 (2,'15'),
 (3,'18'),
 (4,'4'),
 (5,'60');


--
-- Table structure for table `notation`.`entreprise_assurance`
--

CREATE TABLE `entreprise_assurance` (
  `IdAssurance` int(10) unsigned NOT NULL AUTO_INCREMENT,
  `Assureur` varchar(45) NOT NULL DEFAULT '',
  `NumeroAssurance` varchar(45) NOT NULL DEFAULT '',
  `DateDebut` datetime DEFAULT NULL,
  `DateFin` datetime DEFAULT NULL,
  `TypeProduits` varchar(45) NOT NULL DEFAULT '',
  `IdEntreprise` int(10) unsigned NOT NULL DEFAULT '0',
  PRIMARY KEY (`IdAssurance`)
) ENGINE=InnoDB DEFAULT CHARSET=latin1;

--
-- Dumping data for table `notation`.`entreprise_assurance`
--



--
-- Table structure for table `notation`.`entreprise_banque`
--

CREATE TABLE `entreprise_banque` (
  `IdBanque` int(10) unsigned NOT NULL AUTO_INCREMENT,
  `NomBanque` varchar(100) DEFAULT NULL,
  `BoitePostaleBanque` varchar(45) DEFAULT NULL,
  `NomAgence` varchar(100) DEFAULT NULL,
  `NomCompte` varchar(100) DEFAULT NULL,
  `NumeroCompte` varchar(45) DEFAULT NULL,
  `IBAN` varchar(100) DEFAULT NULL,
  `CodeBanque` varchar(45) DEFAULT NULL,
  `Commentaires` varchar(255) DEFAULT NULL,
  `IdEntreprise` int(10) unsigned DEFAULT NULL,
  PRIMARY KEY (`IdBanque`)
) ENGINE=InnoDB AUTO_INCREMENT=2 DEFAULT CHARSET=latin1;

--
-- Dumping data for table `notation`.`entreprise_banque`
--

INSERT INTO `entreprise_banque` (`IdBanque`,`NomBanque`,`BoitePostaleBanque`,`NomAgence`,`NomCompte`,`NumeroCompte`,`IBAN`,`CodeBanque`,`Commentaires`,`IdEntreprise`) VALUES 
 (1,'cedric tchana wandji','1242','cedric','cedric','1245768796','CM457854213658743','ECO','                                                                \r\n\r\n                                                            ',1);


--
-- Table structure for table `notation`.`entreprise_document`
--

CREATE TABLE `entreprise_document` (
  `IdDocument` int(10) unsigned NOT NULL AUTO_INCREMENT,
  `IntituleDocument` varchar(50) NOT NULL DEFAULT '',
  `Lien` varchar(150) NOT NULL DEFAULT '',
  `TypeDocument` varchar(45) DEFAULT NULL,
  `IdEntreprise` int(10) unsigned NOT NULL DEFAULT '0',
  `CodeExercice` varchar(4) NOT NULL DEFAULT '',
  PRIMARY KEY (`IdDocument`)
) ENGINE=InnoDB DEFAULT CHARSET=latin1;

--
-- Dumping data for table `notation`.`entreprise_document`
--



--
-- Table structure for table `notation`.`entreprise_document_justif_activite`
--

CREATE TABLE `entreprise_document_justif_activite` (
  `id_document` int(10) unsigned NOT NULL AUTO_INCREMENT,
  `Intitulle` varchar(1000) NOT NULL DEFAULT '',
  `idactivite` int(10) unsigned DEFAULT NULL,
  `codeexercice` varchar(5) DEFAULT NULL,
  PRIMARY KEY (`id_document`)
) ENGINE=InnoDB AUTO_INCREMENT=83 DEFAULT CHARSET=latin1;

--
-- Dumping data for table `notation`.`entreprise_document_justif_activite`
--

INSERT INTO `entreprise_document_justif_activite` (`id_document`,`Intitulle`,`idactivite`,`codeexercice`) VALUES 
 (1,'Certificat d\'exercice de l\'activité semencière',1,NULL),
 (2,'Certificat d\'exercice de l\'activité semencière (Production)',2,NULL),
 (3,'Certificat de fabrication, formulation et conditionnement des produits sanitaires homologués',3,NULL),
 (4,'Certificat de commercialisation des semences',4,NULL),
 (5,'Agrément d\'importation de produits phytosanitaires',5,NULL),
 (6,'Agrément pour la distribution des pesticides',6,NULL),
 (7,'Agrément de traitement phytosanitaire',7,NULL),
 (8,'Renouvellement d\'agrément',8,NULL),
 (9,'Agrément des produits phytosanitaires',9,NULL),
 (10,'Agrément d\'homologation de produits phytosanitaires',10,NULL),
 (11,'Arrêté d\'homologation signé par le MINADER',11,NULL),
 (12,'Attribution d\'une forêt',12,NULL),
 (13,'Lettre d\'attribution de la vente de coupe',13,NULL),
 (14,'Agrément d\'inventaire',14,NULL),
 (15,'Permis de chasse',15,NULL),
 (16,'Autorisation de création',16,NULL);
INSERT INTO `entreprise_document_justif_activite` (`id_document`,`Intitulle`,`idactivite`,`codeexercice`) VALUES 
 (17,'Autorisation d\'ouverture',17,NULL),
 (18,'Autorisation d\'exercer le commerce d\'animaux',18,NULL),
 (19,'Agrément d\'exportation de bétails',19,NULL),
 (20,'Certificat de conformité',20,NULL),
 (21,'Autorisation de création d\'établissement',21,NULL),
 (22,'Autorisation d\'exploitation',22,NULL),
 (23,'Obtention de la Norme Camerounaise (NC)',23,NULL),
 (24,'Dépôt de Brevet',24,NULL),
 (26,'Carte individuelle de prospecteur',26,NULL),
 (27,'Autorisation d\'ouverture du bureau de commercialisation',27,NULL),
 (28,'Permis de reconnaissance',28,NULL),
 (29,'Permis de recherche',29,NULL),
 (30,'Permis d\'exploitation',30,NULL),
 (31,'Autorisation d\'embouteillage',31,NULL),
 (32,'Autorisation licence, concession',32,NULL),
 (33,'Récépissé de Déclaration de parution d\'un organe de presse',33,NULL),
 (34,'Licence de radio, Télévision, câblodistribution, production',34,NULL),
 (35,'Agrément d\'exercice d\'une profession publicitaire',35,NULL);
INSERT INTO `entreprise_document_justif_activite` (`id_document`,`Intitulle`,`idactivite`,`codeexercice`) VALUES 
 (36,'Autorisation d\'installation et d\'exploitation des réseaux et services postaux',36,NULL),
 (37,'Licence d\'exploitation et de fourniture',37,NULL),
 (38,'Autorisation d\'ouverture, autorisation d\'exploitation et autorisation de gestion',38,NULL),
 (39,'Autorisation d\'ouverture d\'une formation sanitaire',39,NULL),
 (40,'Autorisation d\'ouverture des professions d\'infirmier, sage-femme et de technicien Médicosanitaire',40,NULL),
 (41,'Inscription à l\'ordre des pharmaciens',41,NULL),
 (42,'Agrément être topographe de formation',42,NULL),
 (43,'Autorisation de transport interurbain Licence de deuxième catégorie',43,NULL),
 (44,'Autorisation d\'accès à la profession',44,NULL),
 (45,'Agrément de Contrôle technique des véhicules',45,NULL),
 (46,'Licence d\'exploitation de Transport aérien',46,NULL),
 (47,'Certificat de transporteur',47,NULL),
 (48,'Certificat d\'inscription au registre des GIC',48,NULL),
 (49,'Certificat d\'inscription au registre des GIC',49,NULL);
INSERT INTO `entreprise_document_justif_activite` (`id_document`,`Intitulle`,`idactivite`,`codeexercice`) VALUES 
 (50,'Certificat d\'inscription au registre des GIC',50,NULL),
 (51,'Certificat d\'inscription au registre des coopératives',51,NULL),
 (52,'Existence légale',52,NULL),
 (53,'Agrément import',53,NULL),
 (54,'Agrément export',54,NULL),
 (55,'Déclaration d\'existence',55,NULL),
 (56,'Agrément d\'Exercice de la profession d\'exportation de café ou cacao',56,NULL),
 (57,'Autorisation de construction d\'un d\'hôtel',57,NULL),
 (58,'Autorisation d\'ouverture d\'hôtel, de restaurant, et d\'établissements de loisirs',58,NULL),
 (59,'Autorisation d\'ouverture d\'une agence de tourisme',59,NULL),
 (60,'Autorisation d\'exploitation d\'un site touristique',60,NULL),
 (61,'Licence de vente des boissons',61,NULL),
 (62,'Agrément d\'Exercice de la profession de guide touristique',62,NULL),
 (63,'Autorisation Création d\'un centre privé multifonctionnel de promotion des jeunes',63,NULL),
 (64,'Autorisation de création d\'école primaire et maternelle',64,NULL);
INSERT INTO `entreprise_document_justif_activite` (`id_document`,`Intitulle`,`idactivite`,`codeexercice`) VALUES 
 (65,'Autorisation d\'ouverture d\'école primaire et maternelle',65,NULL),
 (66,'Autorisation de création d\'un collège privé',66,NULL),
 (67,'Autorisation d\'ouverture d\'un collège privé',67,NULL),
 (68,'Autorisation de création d\'un Etablissement Privé d\'Enseignement Supérieur (EPES)',68,NULL),
 (69,'Autorisation d\'ouverture d\'un Etablissement Privé d\'Enseignement Supérieur (EPES)',69,NULL),
 (70,'Agrément de Fonctionnement d\'un Etablissement Privé d\'Enseignement Supérieur après une année entière',70,NULL),
 (71,'Homologation d\'un Etablissement Privé d\'Enseignement Supérieur',71,NULL),
 (72,'Agrément de création d\'une EMF de 1ère Catégorie',72,NULL),
 (73,'Agrément de création d\'une EMF de 2ère Catégorie',73,NULL),
 (74,'Agrément de création d\'une EMF de 3ère Catégorie',74,NULL),
 (75,'Agrément de Profession de Promoteur Immobilier',75,NULL),
 (76,'Carte professionnelle d\'agent immobilier',76,NULL);
INSERT INTO `entreprise_document_justif_activite` (`id_document`,`Intitulle`,`idactivite`,`codeexercice`) VALUES 
 (77,'Agrément de création d\'un établissement ou d\'une société privée de gardiennage',77,NULL),
 (78,'Accord de principe',78,NULL),
 (79,'Autorisation définitive d\'ouverture',79,NULL),
 (80,'Reconnaissance d\'utilité publique',80,NULL),
 (81,'Agrément de Création des centres de formation professionnelle ou d\'apprentissage',81,NULL),
 (82,'Agrément de Création d\'un bureau de placement ou de travail temporaire',82,NULL);


--
-- Table structure for table `notation`.`entreprise_financiere`
--

CREATE TABLE `entreprise_financiere` (
  `IdFinanciere` int(10) unsigned NOT NULL AUTO_INCREMENT,
  `ChiffreAffaire` varchar(140) DEFAULT NULL,
  `RentabiliteExploitation` varchar(140) DEFAULT NULL,
  `ResultatNet` varchar(140) DEFAULT NULL,
  `FondsPropres` varchar(140) DEFAULT NULL,
  `ExedentBrutExploitation` varchar(140) DEFAULT NULL,
  `InvestissementCorporel` varchar(140) DEFAULT NULL,
  `DotationAmortissement` varchar(140) DEFAULT NULL,
  `FondRoulement` varchar(140) DEFAULT NULL,
  `TresorerieNet` varchar(140) DEFAULT NULL,
  `ActifCirculants` varchar(140) DEFAULT NULL,
  `EndettementNet` varchar(140) DEFAULT NULL,
  `CapaciteAutofinancement` varchar(140) DEFAULT NULL,
  `DetteFinanciere` varchar(140) DEFAULT NULL,
  `CapitauxPropres` varchar(140) DEFAULT NULL,
  `TotalDette` varchar(140) DEFAULT NULL,
  `Capitaux` varchar(140) DEFAULT NULL,
  `CodeExercice` varchar(4) NOT NULL DEFAULT '',
  `IdEntreprise` int(10) unsigned NOT NULL DEFAULT '0',
  `PassifCirculant` varchar(140) DEFAULT NULL,
  `qualite_produtcion` varchar(140) DEFAULT NULL,
  `qualite_installation_production` varchar(140) DEFAULT NULL,
  `qualite_installation_stockage` varchar(140) DEFAULT NULL,
  `assurances` varchar(140) DEFAULT NULL,
  `usage_equipement_informatique` varchar(140) DEFAULT NULL,
  `qualite_circuit_distribution` varchar(140) DEFAULT NULL,
  `suivi_controle_qualite` varchar(140) DEFAULT NULL,
  `securisation_stock` varchar(140) DEFAULT NULL,
  `conformite_produit_normes` varchar(140) DEFAULT NULL,
  `assurances_possede` varchar(140) CHARACTER SET latin1 COLLATE latin1_bin DEFAULT NULL,
  `autorisation_implantation` varchar(140) DEFAULT NULL,
  `moyenne_ca` varchar(140) DEFAULT NULL,
  `annee_existence` varchar(140) DEFAULT NULL,
  `nature_juridique` varchar(140) DEFAULT NULL,
  `location_implantation` varchar(140) DEFAULT NULL,
  `notoriete` varchar(140) DEFAULT NULL,
  `regulation_administrative` varchar(140) DEFAULT NULL,
  `qualification_dirigeant_pme` varchar(140) DEFAULT NULL,
  `annee_experience_dirigeant` varchar(140) DEFAULT NULL,
  `zone_activite` varchar(140) DEFAULT NULL,
  `effectif_permanent` varchar(140) DEFAULT NULL,
  `qualification_autre_personnel_pme` varchar(140) DEFAULT NULL,
  `structure_actionnariale` varchar(140) DEFAULT NULL,
  `plan_succession` varchar(140) DEFAULT NULL,
  `tenue_ag` varchar(140) DEFAULT NULL,
  `diversification_activite` varchar(140) DEFAULT NULL,
  `integration_activite` varchar(140) DEFAULT NULL,
  `concentration_clientele` varchar(140) DEFAULT NULL,
  `dependance_fournisseurs` varchar(140) DEFAULT NULL,
  `qualite_recouvrement` varchar(140) DEFAULT NULL,
  `flux_recette` varchar(140) DEFAULT NULL,
  `maitrise_production` varchar(140) DEFAULT NULL,
  `maitrise_distribution` varchar(140) DEFAULT NULL,
  `statut_matrimonial_dirigeant` varchar(140) DEFAULT NULL,
  `experience_dirigeant` varchar(140) DEFAULT NULL,
  `age_dirigeant` varchar(140) DEFAULT NULL,
  `tenue_engagement` varchar(140) DEFAULT NULL,
  `encour_engagement` varchar(140) DEFAULT NULL,
  `dettes` varchar(140) DEFAULT NULL,
  `solde_courant` varchar(140) DEFAULT NULL,
  `stock` varchar(140) DEFAULT NULL,
  `contrainte_reglementaire` varchar(140) DEFAULT NULL,
  `taille_marche` varchar(140) DEFAULT NULL,
  `niveau_concurence` varchar(140) DEFAULT NULL,
  `disponibilite_perenite` varchar(140) DEFAULT NULL,
  `avantage_comparatif` varchar(140) DEFAULT NULL,
  `DotationProvision` varchar(140) DEFAULT NULL,
  `AmortissemenstCorporels` varchar(140) DEFAULT NULL,
  `AmortissemenstIncorporels` varchar(140) DEFAULT NULL,
  `ImmobilisationsCorporellesBrut` varchar(140) DEFAULT NULL,
  `ImmobilisationsIncorporellesBrut` varchar(140) DEFAULT NULL,
  `RessourcesStables` varchar(140) DEFAULT NULL,
  `ActifsImmobilises` varchar(140) DEFAULT NULL,
  `TresoreriePassive` varchar(140) DEFAULT NULL,
  `TresorerieActive` varchar(140) DEFAULT NULL,
  `trend_prod` varchar(45) DEFAULT NULL,
  `prix_entrant` varchar(45) DEFAULT NULL,
  PRIMARY KEY (`IdFinanciere`)
) ENGINE=InnoDB AUTO_INCREMENT=4 DEFAULT CHARSET=latin1;

--
-- Dumping data for table `notation`.`entreprise_financiere`
--

INSERT INTO `entreprise_financiere` (`IdFinanciere`,`ChiffreAffaire`,`RentabiliteExploitation`,`ResultatNet`,`FondsPropres`,`ExedentBrutExploitation`,`InvestissementCorporel`,`DotationAmortissement`,`FondRoulement`,`TresorerieNet`,`ActifCirculants`,`EndettementNet`,`CapaciteAutofinancement`,`DetteFinanciere`,`CapitauxPropres`,`TotalDette`,`Capitaux`,`CodeExercice`,`IdEntreprise`,`PassifCirculant`,`qualite_produtcion`,`qualite_installation_production`,`qualite_installation_stockage`,`assurances`,`usage_equipement_informatique`,`qualite_circuit_distribution`,`suivi_controle_qualite`,`securisation_stock`,`conformite_produit_normes`,`assurances_possede`,`autorisation_implantation`,`moyenne_ca`,`annee_existence`,`nature_juridique`,`location_implantation`,`notoriete`,`regulation_administrative`,`qualification_dirigeant_pme`,`annee_experience_dirigeant`,`zone_activite`,`effectif_permanent`,`qualification_autre_personnel_pme`,`structure_actionnariale`,`plan_succession`,`tenue_ag`,`diversification_activite`,`integration_activite`,`concentration_clientele`,`dependance_fournisseurs`,`qualite_recouvrement`,`flux_recette`,`maitrise_production`,`maitrise_distribution`,`statut_matrimonial_dirigeant`,`experience_dirigeant`,`age_dirigeant`,`tenue_engagement`,`encour_engagement`,`dettes`,`solde_courant`,`stock`,`contrainte_reglementaire`,`taille_marche`,`niveau_concurence`,`disponibilite_perenite`,`avantage_comparatif`,`DotationProvision`,`AmortissemenstCorporels`,`AmortissemenstIncorporels`,`ImmobilisationsCorporellesBrut`,`ImmobilisationsIncorporellesBrut`,`RessourcesStables`,`ActifsImmobilises`,`TresoreriePassive`,`TresorerieActive`,`trend_prod`,`prix_entrant`) VALUES 
 (1,'1455/1477/85525','45875/1477/1477','1222/1477/1477','1222/1477/1477','1222/1477/1477','1455','1222/1477/1477','-255','2444','1222/1477/1477','1222','3666','1222/1477/1477','1222/1477/1477','3666','1222/1477/1477','2022',1,'1222/1477/1477','504','45','3','OUI','OUI','15','Système de suivi électronique des certificats d\'origine des stocks et suivi électronique des dates de péremption','existence d\'un système de suivi électronique des stocks et rapport d\'inventaire des stocks','NON','NON','NON','29485.666666667','2','SA','centre','Bonne réputation','NON','Diplôme supérieur dans le domaine','15','Nationale','15','Diplôme supérieur dans le domaine','Diversifiée','successeur connu et impliqué','3','15','3','Pas encore de clientèle','15','50','Par mobile money dans le compte de l\'entreprise','Les productions sont décroissantes d\'une année à l\'autre','Les productions sont décroissantes d\'une année à l\'autre','Marié(e)','15','45','concours remboursés avec incidents','0.83986254295533','1222','0','1222/1477/1477','2','50','12','15','17.136720209189','1222/1477/1477','1222/1477/1477','1222/1477/1477','1455/1477/85525','1222/1477/1477','1222/1477/85525','1477/1477/1477','1222/1477/1477','1222/1477/1477','14/14/14','14/14/14');
INSERT INTO `entreprise_financiere` (`IdFinanciere`,`ChiffreAffaire`,`RentabiliteExploitation`,`ResultatNet`,`FondsPropres`,`ExedentBrutExploitation`,`InvestissementCorporel`,`DotationAmortissement`,`FondRoulement`,`TresorerieNet`,`ActifCirculants`,`EndettementNet`,`CapaciteAutofinancement`,`DetteFinanciere`,`CapitauxPropres`,`TotalDette`,`Capitaux`,`CodeExercice`,`IdEntreprise`,`PassifCirculant`,`qualite_produtcion`,`qualite_installation_production`,`qualite_installation_stockage`,`assurances`,`usage_equipement_informatique`,`qualite_circuit_distribution`,`suivi_controle_qualite`,`securisation_stock`,`conformite_produit_normes`,`assurances_possede`,`autorisation_implantation`,`moyenne_ca`,`annee_existence`,`nature_juridique`,`location_implantation`,`notoriete`,`regulation_administrative`,`qualification_dirigeant_pme`,`annee_experience_dirigeant`,`zone_activite`,`effectif_permanent`,`qualification_autre_personnel_pme`,`structure_actionnariale`,`plan_succession`,`tenue_ag`,`diversification_activite`,`integration_activite`,`concentration_clientele`,`dependance_fournisseurs`,`qualite_recouvrement`,`flux_recette`,`maitrise_production`,`maitrise_distribution`,`statut_matrimonial_dirigeant`,`experience_dirigeant`,`age_dirigeant`,`tenue_engagement`,`encour_engagement`,`dettes`,`solde_courant`,`stock`,`contrainte_reglementaire`,`taille_marche`,`niveau_concurence`,`disponibilite_perenite`,`avantage_comparatif`,`DotationProvision`,`AmortissemenstCorporels`,`AmortissemenstIncorporels`,`ImmobilisationsCorporellesBrut`,`ImmobilisationsIncorporellesBrut`,`RessourcesStables`,`ActifsImmobilises`,`TresoreriePassive`,`TresorerieActive`,`trend_prod`,`prix_entrant`) VALUES 
 (2,'1455/1477/85525','45875/1477/1477','1222/1477/1477','1222/1477/1477','1222/1477/1477','1455','1222/1477/1477','-255','2444','1222/1477/1477','1222','3666','1222/1477/1477','1222/1477/1477','3666','1222/1477/1477','2022',1,'1222/1477/1477','504','45','3','OUI','OUI','15','Système de suivi électronique des certificats d\'origine des stocks et suivi électronique des dates de péremption','existence d\'un système de suivi électronique des stocks et rapport d\'inventaire des stocks','NON','NON','NON','29485.666666667','2','SA','centre','Bonne réputation','NON','Diplôme supérieur dans le domaine','15','Nationale','15','Diplôme supérieur dans le domaine','Diversifiée','successeur connu et impliqué','3','15','3','Pas encore de clientèle','15','50','Par mobile money dans le compte de l\'entreprise','Les productions sont décroissantes d\'une année à l\'autre','Les productions sont décroissantes d\'une année à l\'autre','Marié(e)','15','45','concours remboursés avec incidents','0.83986254295533','1222','0','1222/1477/1477','2','50','12','15','17.136720209189','1222/1477/1477','1222/1477/1477','1222/1477/1477','1455/1477/85525','1222/1477/1477','1222/1477/85525','1477/1477/1477','1222/1477/1477','1222/1477/1477','14/14/14','14/14/14');
INSERT INTO `entreprise_financiere` (`IdFinanciere`,`ChiffreAffaire`,`RentabiliteExploitation`,`ResultatNet`,`FondsPropres`,`ExedentBrutExploitation`,`InvestissementCorporel`,`DotationAmortissement`,`FondRoulement`,`TresorerieNet`,`ActifCirculants`,`EndettementNet`,`CapaciteAutofinancement`,`DetteFinanciere`,`CapitauxPropres`,`TotalDette`,`Capitaux`,`CodeExercice`,`IdEntreprise`,`PassifCirculant`,`qualite_produtcion`,`qualite_installation_production`,`qualite_installation_stockage`,`assurances`,`usage_equipement_informatique`,`qualite_circuit_distribution`,`suivi_controle_qualite`,`securisation_stock`,`conformite_produit_normes`,`assurances_possede`,`autorisation_implantation`,`moyenne_ca`,`annee_existence`,`nature_juridique`,`location_implantation`,`notoriete`,`regulation_administrative`,`qualification_dirigeant_pme`,`annee_experience_dirigeant`,`zone_activite`,`effectif_permanent`,`qualification_autre_personnel_pme`,`structure_actionnariale`,`plan_succession`,`tenue_ag`,`diversification_activite`,`integration_activite`,`concentration_clientele`,`dependance_fournisseurs`,`qualite_recouvrement`,`flux_recette`,`maitrise_production`,`maitrise_distribution`,`statut_matrimonial_dirigeant`,`experience_dirigeant`,`age_dirigeant`,`tenue_engagement`,`encour_engagement`,`dettes`,`solde_courant`,`stock`,`contrainte_reglementaire`,`taille_marche`,`niveau_concurence`,`disponibilite_perenite`,`avantage_comparatif`,`DotationProvision`,`AmortissemenstCorporels`,`AmortissemenstIncorporels`,`ImmobilisationsCorporellesBrut`,`ImmobilisationsIncorporellesBrut`,`RessourcesStables`,`ActifsImmobilises`,`TresoreriePassive`,`TresorerieActive`,`trend_prod`,`prix_entrant`) VALUES 
 (3,'1455/1477/85525','45875/1477/1477','1222/1477/1477','1222/1477/1477','1222/1477/1477','1455','1222/1477/1477','-255','2444','1222/1477/1477','1222','3666','1222/1477/1477','1222/1477/1477','3666','1222/1477/1477','2022',1,'1222/1477/1477','504','45','3','OUI','OUI','15','Système de suivi électronique des certificats d\'origine des stocks et suivi électronique des dates de péremption','existence d\'un système de suivi électronique des stocks et rapport d\'inventaire des stocks','NON','NON','NON','29485.666666667','2','SA','centre','Bonne réputation','NON','Diplôme supérieur dans le domaine','15','Nationale','15','Diplôme supérieur dans le domaine','Diversifiée','successeur connu et impliqué','3','15','3','Pas encore de clientèle','15','50','Par mobile money dans le compte de l\'entreprise','Les productions sont décroissantes d\'une année à l\'autre','Les productions sont décroissantes d\'une année à l\'autre','Marié(e)','15','45','concours remboursés avec incidents','0.83986254295533','1222','0','1222/1477/1477','2','50','12','15','17.136720209189','1222/1477/1477','1222/1477/1477','1222/1477/1477','1455/1477/85525','1222/1477/1477','1222/1477/85525','1477/1477/1477','1222/1477/1477','1222/1477/1477','14/14/14','14/14/14');


--
-- Table structure for table `notation`.`entreprise_financiere_analyste`
--

CREATE TABLE `entreprise_financiere_analyste` (
  `IdEntrepriseFinanciereAnalyste` int(10) unsigned NOT NULL AUTO_INCREMENT,
  `trend_secteur_activite` varchar(45) DEFAULT NULL,
  `place_secteur_activite` varchar(45) DEFAULT NULL,
  `degree_maturite_secteur` varchar(45) DEFAULT NULL,
  `intensite_capitalisation_secteur` varchar(45) DEFAULT NULL,
  `organisation_filiere` varchar(45) DEFAULT NULL,
  `qualite_information_financiere` varchar(45) DEFAULT NULL,
  `presence_garanties` varchar(45) DEFAULT NULL,
  `liquidite_garanties` varchar(45) DEFAULT NULL,
  `moralite_promoteur` varchar(45) DEFAULT NULL,
  `CodeExercice` varchar(5) NOT NULL DEFAULT '',
  `IdEntreprise` int(10) unsigned NOT NULL DEFAULT '0',
  `IdAnalyste` int(10) unsigned DEFAULT NULL,
  `Commentaire` varchar(10000) DEFAULT NULL,
  PRIMARY KEY (`IdEntrepriseFinanciereAnalyste`)
) ENGINE=InnoDB AUTO_INCREMENT=2 DEFAULT CHARSET=latin1;

--
-- Dumping data for table `notation`.`entreprise_financiere_analyste`
--

INSERT INTO `entreprise_financiere_analyste` (`IdEntrepriseFinanciereAnalyste`,`trend_secteur_activite`,`place_secteur_activite`,`degree_maturite_secteur`,`intensite_capitalisation_secteur`,`organisation_filiere`,`qualite_information_financiere`,`presence_garanties`,`liquidite_garanties`,`moralite_promoteur`,`CodeExercice`,`IdEntreprise`,`IdAnalyste`,`Commentaire`) VALUES 
 (1,NULL,NULL,NULL,NULL,NULL,NULL,NULL,NULL,NULL,'2022',1,3,'test');


--
-- Table structure for table `notation`.`exercice`
--

CREATE TABLE `exercice` (
  `CodeExercice` varchar(5) NOT NULL DEFAULT '',
  `LibelleExercice` varchar(45) NOT NULL DEFAULT '',
  `EtatExercice` varchar(1) NOT NULL DEFAULT '0',
  PRIMARY KEY (`CodeExercice`)
) ENGINE=InnoDB DEFAULT CHARSET=latin1;

--
-- Dumping data for table `notation`.`exercice`
--

INSERT INTO `exercice` (`CodeExercice`,`LibelleExercice`,`EtatExercice`) VALUES 
 ('2022','Exercice 2022','1');


--
-- Table structure for table `notation`.`famille`
--

CREATE TABLE `famille` (
  `IdFamille` int(10) unsigned NOT NULL AUTO_INCREMENT,
  `LibelleFamille` varchar(150) NOT NULL DEFAULT '',
  `IdGrandeFamille` int(10) unsigned NOT NULL DEFAULT '0',
  PRIMARY KEY (`IdFamille`)
) ENGINE=InnoDB AUTO_INCREMENT=10 DEFAULT CHARSET=latin1;

--
-- Dumping data for table `notation`.`famille`
--

INSERT INTO `famille` (`IdFamille`,`LibelleFamille`,`IdGrandeFamille`) VALUES 
 (4,'Capacité à générer des flux de trésorerie',2),
 (5,'Flexibilité financière',2),
 (6,'Secteur d\'activité',1),
 (7,'Marché et positionnement concurrentiel ',1),
 (8,'Stratégie et management de l\'entreprise',1),
 (9,'Critères comportementaux',3);


--
-- Table structure for table `notation`.`grand_famille`
--

CREATE TABLE `grand_famille` (
  `IdGrandeFamille` int(10) unsigned NOT NULL AUTO_INCREMENT,
  `LibelleGrandeFamille` varchar(100) NOT NULL DEFAULT '',
  PRIMARY KEY (`IdGrandeFamille`)
) ENGINE=InnoDB AUTO_INCREMENT=4 DEFAULT CHARSET=latin1;

--
-- Dumping data for table `notation`.`grand_famille`
--

INSERT INTO `grand_famille` (`IdGrandeFamille`,`LibelleGrandeFamille`) VALUES 
 (1,'Critére qualitatif'),
 (2,'Critère quantitatif'),
 (3,'Critères comportementaux');


--
-- Table structure for table `notation`.`note_entreprise`
--

CREATE TABLE `note_entreprise` (
  `IdNoteEntreprise` int(10) unsigned NOT NULL AUTO_INCREMENT,
  `IdExercice` varchar(4) NOT NULL DEFAULT '',
  `IdEntreprise` int(10) unsigned NOT NULL DEFAULT '0',
  `IdCritere` int(10) unsigned NOT NULL DEFAULT '0',
  `Commentaire` varchar(150) DEFAULT NULL,
  `Standard` varchar(45) DEFAULT NULL,
  `Modalite` varchar(45) DEFAULT NULL,
  `Valeur` varchar(45) DEFAULT NULL,
  `NoteEntrepriseSurCent` varchar(45) DEFAULT NULL,
  `NoteEntrepriseFinale` float DEFAULT NULL,
  `CodeCritere` varchar(45) DEFAULT NULL,
  PRIMARY KEY (`IdNoteEntreprise`)
) ENGINE=InnoDB AUTO_INCREMENT=120 DEFAULT CHARSET=latin1;

--
-- Dumping data for table `notation`.`note_entreprise`
--

INSERT INTO `note_entreprise` (`IdNoteEntreprise`,`IdExercice`,`IdEntreprise`,`IdCritere`,`Commentaire`,`Standard`,`Modalite`,`Valeur`,`NoteEntrepriseSurCent`,`NoteEntrepriseFinale`,`CodeCritere`) VALUES 
 (1,'2022',1,1,'Le chiffre d\'affaire de la derniere année est très faible',NULL,NULL,'85525','0.57016666666667',0.0114033,'CHA'),
 (2,'2022',1,2,'Le chiffre d\'affaire de l\'entreprise est en croissance',NULL,NULL,'85525','100',2,'TCA'),
 (3,'2022',1,3,'la marge net de l\'entreprise est très elevé',NULL,NULL,'0.83986254295533','100',2,'MAN'),
 (4,'2022',1,4,'La rentabilité des fonds propres est très elevée',NULL,NULL,'1','100',2,'RFP'),
 (5,'2022',1,5,'La marge brute d\'exploitation est très elevée',NULL,NULL,'0.83986254295533','100',2,'MBE'),
 (6,'2022',1,6,'La taux de renouvellement de l’outil de production est elevée',NULL,NULL,'1.0082181546507','67.214543643382',0.672145,'ROP'),
 (7,'2022',1,7,'Le fonds de roulement est bon',NULL,NULL,'2444','100',2,'FOR'),
 (8,'2022',1,8,'Le trésorerie nette est bonne',NULL,NULL,'-255','100',2,'TRN');
INSERT INTO `note_entreprise` (`IdNoteEntreprise`,`IdExercice`,`IdEntreprise`,`IdCritere`,`Commentaire`,`Standard`,`Modalite`,`Valeur`,`NoteEntrepriseSurCent`,`NoteEntrepriseFinale`,`CodeCritere`) VALUES 
 (9,'2022',1,9,'la Ratio de liquidité générale est moderé',NULL,NULL,'1','50',2,'RLG'),
 (10,'2022',1,10,'la Ratio de liquidité immédiate est très faible',NULL,NULL,'0','0',0,'RLI'),
 (11,'2022',1,11,'la Capacité de remboursement est très faible',NULL,NULL,'0.33333333333333','1',0.05,'CRB'),
 (12,'2022',1,12,'la Ratio d’endettement financier est très faible',NULL,NULL,'1','1',0.02,'REF'),
 (13,'2022',1,13,'la Ratio d’endettement général est très faible',NULL,NULL,'3','1',0.02,'REG'),
 (14,'2022',1,14,'Le secteur d\'activité a de perspectives moyennes',NULL,NULL,'0.0016203866385729','0.32407732771458',0.00324077,'PSA'),
 (15,'2022',1,19,'Les Contraintes réglementaires sont Très elevée',NULL,NULL,'66.666666666667','100',1,'CRG'),
 (16,'2022',1,21,'Le marché est Petit',NULL,NULL,'50','60',0,'TMR');
INSERT INTO `note_entreprise` (`IdNoteEntreprise`,`IdExercice`,`IdEntreprise`,`IdCritere`,`Commentaire`,`Standard`,`Modalite`,`Valeur`,`NoteEntrepriseSurCent`,`NoteEntrepriseFinale`,`CodeCritere`) VALUES 
 (17,'2022',1,22,'Le Niveau de concurrence est Très elevée',NULL,NULL,'12','100',0,'NCO'),
 (18,'2022',1,23,'les Avantages comparatifs sont Très elevées',NULL,NULL,'17.136720209189','100',2,'DPA'),
 (19,'2022',1,26,'Le prix des intrants est en fluctuation',NULL,NULL,'14/14/14','75',2.25,'TPI'),
 (20,'2022',1,27,'Le trend de production est en fluctuation',NULL,NULL,'14/14/14','75',1.5,'TPR'),
 (21,'2022',1,25,'La Qualité de la signature des clients de l’entreprise est Très elevée',NULL,NULL,'Agence onusinne','100',3,'QSC'),
 (22,'2022',1,28,'La Qualité de la production est Très faible',NULL,NULL,'504','20',0.4,'QUP'),
 (23,'2022',1,29,'La Qualité des installations de production est Modérée',NULL,NULL,'45','60',0,'QIP'),
 (24,'2022',1,30,'La Qualité des installations de stockage est Très elevée',NULL,NULL,'3','100',0,'QIS'),
 (25,'2022',1,31,'Les Assurances (perte d\'exploitation, transport, vol et stocks) sont Existantes',NULL,NULL,'OUI','100',0,'AST');
INSERT INTO `note_entreprise` (`IdNoteEntreprise`,`IdExercice`,`IdEntreprise`,`IdCritere`,`Commentaire`,`Standard`,`Modalite`,`Valeur`,`NoteEntrepriseSurCent`,`NoteEntrepriseFinale`,`CodeCritere`) VALUES 
 (26,'2022',1,32,'L\'usage des équipements informatiques pour le traitement comptable des opérations est effectif',NULL,NULL,'OUI','100',1,'UEI'),
 (27,'2022',1,33,'La qualité du circuit de distribution est très faible',NULL,NULL,'15','20',0,'QCD'),
 (28,'2022',1,38,'Les produits aux normes et règlements techniques sont Non conformes',NULL,NULL,'NON','50',0,'CPT'),
 (29,'2022',1,36,'Les Assurances (dommage, responsabilité civile et maladie) sont Non conforme',NULL,NULL,'NON','50',0,'ADR'),
 (30,'2022',1,37,'L\'autorisation d\'implantation industrielle est non existante',NULL,NULL,'NON','50',0,'AII'),
 (31,'2022',1,39,'L\'entreprise est de très petite taille',NULL,NULL,'29485.666666667','25',0.25,'TYE'),
 (32,'2022',1,40,'L\'entreprise est nouvelle',NULL,NULL,'2','50',1,'APM'),
 (33,'2022',1,41,'L\'entreprise est une société anonyme',NULL,NULL,'SA','100',0,'NJP');
INSERT INTO `note_entreprise` (`IdNoteEntreprise`,`IdExercice`,`IdEntreprise`,`IdCritere`,`Commentaire`,`Standard`,`Modalite`,`Valeur`,`NoteEntrepriseSurCent`,`NoteEntrepriseFinale`,`CodeCritere`) VALUES 
 (34,'2022',1,42,'La localisation géographique de l\'entreprise est très bonne',NULL,NULL,'centre','100',1,'LGO'),
 (35,'2022',1,43,'L\'entreprise a une bonne réputation',NULL,NULL,'Bonne réputation','100',0,'NIP'),
 (36,'2022',1,44,'La régularité administrative de la PME est non conforme',NULL,NULL,'NON','50',0.5,'RAP'),
 (37,'2022',1,45,'Le dirigeant a un diplôme supérieur dans le domaine',NULL,NULL,'Diplôme supérieur dans le domaine','100',2,'QDP'),
 (38,'2022',1,46,'Le dirigeant a une très bonne experience dans le domaine',NULL,NULL,'15','100',2,'EXD'),
 (39,'2022',1,47,'La zone d’activité de l\'entreprise est moyenne',NULL,NULL,'Nationale','100',0,'ZAC'),
 (40,'2022',1,48,'L\'effectif des employés permanents de l\'entreprise est important',NULL,NULL,'15','100',0,'EFF'),
 (41,'2022',1,49,'Une grande partie de l\'effectif de l\'entreprise a un diplôme supérieur dans le domaine',NULL,NULL,'Diplôme supérieur dans le domaine','100',0,'QEF');
INSERT INTO `note_entreprise` (`IdNoteEntreprise`,`IdExercice`,`IdEntreprise`,`IdCritere`,`Commentaire`,`Standard`,`Modalite`,`Valeur`,`NoteEntrepriseSurCent`,`NoteEntrepriseFinale`,`CodeCritere`) VALUES 
 (42,'2022',1,50,'L\'actionnariat de l\'entreprise est diversifiée',NULL,NULL,'Diversifiée','100',1,'STA'),
 (43,'2022',1,51,'Le successeur de l\'entrepreneur connu et impliqué',NULL,NULL,'successeur connu et impliqué','100',1,'PSU'),
 (44,'2022',1,52,'La tenue des assemblées généralesou conseils est reguliere',NULL,NULL,'3','100',0,'TAG'),
 (45,'2022',1,53,'La diversification des activités de l\'entreprise est très elevée',NULL,NULL,'15','100',1,'DAE'),
 (46,'2022',1,54,'L\'intégration des activités de l\'entreprise est très elevée',NULL,NULL,'3','100',0,'IDA'),
 (47,'2022',1,55,'La concentration de la clientèle de l\'entreprise est très bonne',NULL,NULL,'Pas encore de clientèle','100',0,'CDC'),
 (48,'2022',1,56,'La dépendance de l\'entreprise vis-à-vis des fournisseurs est très faible',NULL,NULL,'15','20',0.2,'DVF'),
 (49,'2022',1,57,'La qualité de recouvrement de l\'entreprise est elevée',NULL,NULL,'50','40',0,'QRC');
INSERT INTO `note_entreprise` (`IdNoteEntreprise`,`IdExercice`,`IdEntreprise`,`IdCritere`,`Commentaire`,`Standard`,`Modalite`,`Valeur`,`NoteEntrepriseSurCent`,`NoteEntrepriseFinale`,`CodeCritere`) VALUES 
 (50,'2022',1,64,'Le promoteur de l\'entreprise est Marié(e)',NULL,NULL,'Marié(e)','100',0,'SMP'),
 (51,'2022',1,65,'L\'expérience du promoteur dans le secteur est très bonne',NULL,NULL,'15','100',1,'EPS'),
 (52,'2022',1,66,'Le promoteur est d\'âge mûre',NULL,NULL,'45','100',0,'APO'),
 (53,'2022',1,67,'L\'entreprise a effectuée ses remboursements avec incidents',NULL,NULL,'concours remboursés avec incidents','75',11.25,'TEA'),
 (54,'2022',1,68,'L\'entreprise a effectuée ses remboursements avec incidents',NULL,NULL,'concours remboursés avec incidents','100',2,'EEB'),
 (55,'2022',1,15,'Le secteur d\'activité est en fluctuation',NULL,NULL,'fluctuation','54',0.54,'TSA'),
 (56,'2022',1,16,'L\'entreprise est une place non significative dans son secteur',NULL,NULL,'Non significative','14',0.14,'PSC'),
 (57,'2022',1,17,'',NULL,NULL,NULL,'14',0,'DMS');
INSERT INTO `note_entreprise` (`IdNoteEntreprise`,`IdExercice`,`IdEntreprise`,`IdCritere`,`Commentaire`,`Standard`,`Modalite`,`Valeur`,`NoteEntrepriseSurCent`,`NoteEntrepriseFinale`,`CodeCritere`) VALUES 
 (58,'2022',1,20,'',NULL,NULL,'OUI','40',0.4,'ORF'),
 (59,'2022',1,60,'',NULL,NULL,'Etats financiers pas certifiés mais fiables','50',0.5,'QIF'),
 (60,'2022',1,61,'',NULL,NULL,'OUI','100',1,'PRG'),
 (61,'2022',1,62,'',NULL,NULL,'Moyennement','75',0.75,'LQG'),
 (62,'2022',1,63,'',NULL,NULL,'Bonne','100',5,'MPO'),
 (63,'2022',2,1,'Le chiffre d\'affaire de l\'entreprise est très faible',NULL,NULL,'144141','0.0048047',0.000096094,'CHA'),
 (64,'2022',2,2,'Le chiffre d\'affaire de l\'entreprise est en fluctuation',NULL,NULL,'144141','50',1,'TCA'),
 (65,'2022',2,3,'la marge net de l\'entreprise est très elevé',NULL,NULL,'1.3098244317757','100',2,'MAN'),
 (66,'2022',2,4,'',NULL,NULL,'1.1986776917944','100',2,'RFP'),
 (67,'2022',2,5,'',NULL,NULL,'1.3097568219519','100',2,'MBE'),
 (68,'2022',2,6,'',NULL,NULL,'0.0083425178541887','0.55616785694591',0.00556168,'ROP'),
 (69,'2022',2,7,'',NULL,NULL,'5424254','100',2,'FOR');
INSERT INTO `note_entreprise` (`IdNoteEntreprise`,`IdExercice`,`IdEntreprise`,`IdCritere`,`Commentaire`,`Standard`,`Modalite`,`Valeur`,`NoteEntrepriseSurCent`,`NoteEntrepriseFinale`,`CodeCritere`) VALUES 
 (70,'2022',2,8,'',NULL,NULL,'5245425','100',2,'TRN'),
 (71,'2022',2,9,'',NULL,NULL,'9.6700090703951','100',4,'RLG'),
 (72,'2022',2,10,'',NULL,NULL,'1.8301236670944','100',2,'RLI'),
 (73,'2022',2,11,'',NULL,NULL,'0.099973916264314','39.989566505726',1.99948,'CRB'),
 (74,'2022',2,12,'',NULL,NULL,'0.011988753762216','3.996251254072',0.079925,'REF'),
 (75,'2022',2,13,'',NULL,NULL,'0.99996018053905','1',0.02,'REG'),
 (76,'2022',2,14,'',NULL,NULL,'0.99996018053905','1',0.01,'PSA'),
 (77,'2022',2,19,'Elevée',NULL,NULL,'56','80',0.8,'CRG'),
 (78,'2022',2,21,'Petite',NULL,NULL,'45','60',0,'TMR'),
 (79,'2022',2,22,'Modérée',NULL,NULL,'5','60',0,'NCO'),
 (80,'2022',2,23,'Très elevée',NULL,NULL,'45','100',2,'DPA'),
 (81,'2022',2,26,'Le prix des intrants est en fluctuation',NULL,NULL,'45455/4556/46565','75',2.25,'TPI'),
 (82,'2022',2,27,'Le trend de production est en fluctuation',NULL,NULL,'54654/546546/546456','75',1.5,'TPR');
INSERT INTO `note_entreprise` (`IdNoteEntreprise`,`IdExercice`,`IdEntreprise`,`IdCritere`,`Commentaire`,`Standard`,`Modalite`,`Valeur`,`NoteEntrepriseSurCent`,`NoteEntrepriseFinale`,`CodeCritere`) VALUES 
 (83,'2022',2,25,'Très elevée',NULL,NULL,'Agence onusinne','100',3,'QSC'),
 (84,'2022',2,28,'Très elevée',NULL,NULL,'0','100',2,'QUP'),
 (85,'2022',2,29,'Très elevée',NULL,NULL,'0','100',0,'QIP'),
 (86,'2022',2,30,'Très elevée',NULL,NULL,'0','100',0,'QIS'),
 (87,'2022',2,31,'Existante',NULL,NULL,'OUI','100',0,'AST'),
 (88,'2022',2,32,'Effectif',NULL,NULL,'OUI','100',1,'UEI'),
 (89,'2022',2,33,'Modérée',NULL,NULL,'55','60',0,'QCD'),
 (90,'2022',2,38,'Conforme',NULL,NULL,'OUI','100',0,'CPT'),
 (91,'2022',2,36,'Conforme',NULL,NULL,'OUI','100',0,'ADR'),
 (92,'2022',2,37,'Existante',NULL,NULL,'OUI','100',0,'AII'),
 (93,'2022',2,39,'L\'entreprise est de très petite taille',NULL,NULL,'199764','25',0.25,'TYE'),
 (94,'2022',2,40,'L\'entreprise est anciènne',NULL,NULL,'16','100',2,'APM'),
 (95,'2022',2,41,'',NULL,NULL,'SA','100',0,'NJP');
INSERT INTO `note_entreprise` (`IdNoteEntreprise`,`IdExercice`,`IdEntreprise`,`IdCritere`,`Commentaire`,`Standard`,`Modalite`,`Valeur`,`NoteEntrepriseSurCent`,`NoteEntrepriseFinale`,`CodeCritere`) VALUES 
 (96,'2022',2,42,'',NULL,NULL,'CENTRE','100',1,'LGO'),
 (97,'2022',2,43,'Bonne réputation',NULL,NULL,'Bonne réputation','100',0,'NIP'),
 (98,'2022',2,44,'Conforme',NULL,NULL,'OUI','100',1,'RAP'),
 (99,'2022',2,45,'Diplôme supérieur dans le domaine',NULL,NULL,'Diplôme supérieur dans le domaine','100',2,'QDP'),
 (100,'2022',2,46,'',NULL,NULL,'45','100',2,'EXD'),
 (101,'2022',2,47,'',NULL,NULL,'Nationale','100',0,'ZAC'),
 (102,'2022',2,48,'',NULL,NULL,'45','100',0,'EFF'),
 (103,'2022',2,49,'Diplôme supérieur dans le domaine',NULL,NULL,'Diplôme supérieur dans le domaine','100',0,'QEF'),
 (104,'2022',2,50,'Diversifiée',NULL,NULL,'Diversifiée','100',1,'STA'),
 (105,'2022',2,51,'successeur connu et impliqué',NULL,NULL,'successeur connu et impliqué','100',1,'PSU'),
 (106,'2022',2,52,'Reguliere',NULL,NULL,'4','100',0,'TAG');
INSERT INTO `note_entreprise` (`IdNoteEntreprise`,`IdExercice`,`IdEntreprise`,`IdCritere`,`Commentaire`,`Standard`,`Modalite`,`Valeur`,`NoteEntrepriseSurCent`,`NoteEntrepriseFinale`,`CodeCritere`) VALUES 
 (107,'2022',2,53,'Modérée',NULL,NULL,'4','60',0.6,'DAE'),
 (108,'2022',2,54,'Très elevée',NULL,NULL,'4','100',0,'IDA'),
 (109,'2022',2,55,'Très bonne',NULL,NULL,'Région','100',0,'CDC'),
 (110,'2022',2,56,'Très faible',NULL,NULL,'44','20',0.2,'DVF'),
 (111,'2022',2,57,'Modérée',NULL,NULL,'12','60',0,'QRC'),
 (112,'2022',2,58,'Acceptable',NULL,NULL,'Par virement ou par chèque','60',0,'CFC'),
 (113,'2022',2,64,'Marié(e)',NULL,NULL,'Marié(e)','100',0,'SMP'),
 (114,'2022',2,65,'',NULL,NULL,'45','100',1,'EPS'),
 (115,'2022',2,66,'',NULL,NULL,'47','100',0,'APO'),
 (116,'2022',2,67,'concours remboursés sans incidents',NULL,NULL,'concours remboursés sans incidents','100',15,'TEA'),
 (117,'2022',2,68,'concours remboursés sans incidents',NULL,NULL,'1.3097568219519','16.666666666667',0.333333,'EEB'),
 (118,'2022',1,60,'',NULL,NULL,'Etats financiers pas certifiés mais fiables','50',0.5,'QIF');
INSERT INTO `note_entreprise` (`IdNoteEntreprise`,`IdExercice`,`IdEntreprise`,`IdCritere`,`Commentaire`,`Standard`,`Modalite`,`Valeur`,`NoteEntrepriseSurCent`,`NoteEntrepriseFinale`,`CodeCritere`) VALUES 
 (119,'2022',1,18,'',NULL,NULL,NULL,'40',0,'ICS');


--
-- Table structure for table `notation`.`note_projet`
--

CREATE TABLE `note_projet` (
  `idNoteProjet` int(10) unsigned NOT NULL AUTO_INCREMENT,
  `IdExercice` varchar(45) NOT NULL DEFAULT '',
  `IdEntreprise` varchar(45) NOT NULL DEFAULT '',
  `IdCritere` varchar(45) NOT NULL DEFAULT '',
  `NoteProjet` float NOT NULL DEFAULT '0',
  PRIMARY KEY (`idNoteProjet`)
) ENGINE=InnoDB DEFAULT CHARSET=latin1;

--
-- Dumping data for table `notation`.`note_projet`
--



--
-- Table structure for table `notation`.`paiement`
--

CREATE TABLE `paiement` (
  `idpaiement` int(10) unsigned NOT NULL AUTO_INCREMENT,
  `code_produit` varchar(45) NOT NULL DEFAULT '',
  `montant` varchar(45) NOT NULL DEFAULT '',
  `identreprise` int(10) unsigned DEFAULT NULL,
  `pack` varchar(45) NOT NULL DEFAULT '',
  `souspack` varchar(5) NOT NULL DEFAULT '',
  `etat` int(10) unsigned NOT NULL DEFAULT '0',
  `datepaiement` datetime DEFAULT NULL,
  `consulter` varchar(5) NOT NULL DEFAULT '0',
  `idutilisateur` int(10) unsigned DEFAULT NULL,
  PRIMARY KEY (`idpaiement`)
) ENGINE=InnoDB AUTO_INCREMENT=30 DEFAULT CHARSET=latin1;

--
-- Dumping data for table `notation`.`paiement`
--

INSERT INTO `paiement` (`idpaiement`,`code_produit`,`montant`,`identreprise`,`pack`,`souspack`,`etat`,`datepaiement`,`consulter`,`idutilisateur`) VALUES 
 (1,'t_cpt','50000',1,'trust','cpt',0,'2022-01-11 10:30:26','0',NULL),
 (2,'i_pe','150000',1,'intermediaire','pe',0,'2022-01-11 14:05:32','0',NULL),
 (3,'i_pe','150000',1,'intermediaire','pe',0,'2022-01-11 14:24:50','0',NULL),
 (4,'i_pe','150000',1,'intermediaire','pe',0,'2022-01-11 14:24:52','0',NULL),
 (5,'i_pe','150000',1,'intermediaire','pe',0,'2022-01-11 14:25:46','0',NULL),
 (6,'i_tpe','75000',1,'intermediaire','tpe',0,'2022-01-11 14:36:53','0',NULL),
 (7,'i_tpe','75000',1,'intermediaire','tpe',0,'2022-01-11 14:37:53','0',NULL),
 (8,'i_tpe','75000',1,'intermediaire','tpe',0,'2022-01-11 14:39:07','0',NULL),
 (9,'i_tpe','75000',1,'intermediaire','tpe',0,'2022-01-11 14:39:21','0',NULL),
 (10,'i_tpe','75000',1,'intermediaire','tpe',0,'2022-01-11 14:40:34','0',NULL),
 (11,'t_cpt','50000',1,'trust','cpt',0,'2022-01-11 14:48:26','0',NULL),
 (12,'c_psy','10000',5,'consult','psy',0,'2022-01-16 13:53:23','0',NULL);
INSERT INTO `paiement` (`idpaiement`,`code_produit`,`montant`,`identreprise`,`pack`,`souspack`,`etat`,`datepaiement`,`consulter`,`idutilisateur`) VALUES 
 (13,'c_psy','10000',5,'consult','psy',0,'2022-01-16 13:53:25','0',NULL),
 (14,'c_psy','10000',5,'consult','psy',0,'2022-01-16 13:53:26','0',NULL),
 (15,'c_psy','10000',5,'consult','psy',0,'2022-01-16 13:53:27','0',NULL),
 (16,'c_psy','10000',5,'consult','psy',0,'2022-01-16 13:53:28','0',NULL),
 (17,'c_psy','10000',5,'consult','psy',0,'2022-01-16 13:53:29','0',NULL),
 (18,'co_psy','10000',5,'consultation','psy',0,'2022-01-16 13:54:00','0',NULL),
 (19,'co_psy','10000',5,'consultation','psy',0,'2022-01-16 13:54:01','0',NULL),
 (20,'co_psy','10000',5,'consultation','psy',0,'2022-01-16 13:54:02','0',NULL),
 (21,'co_psy','10000',5,'consultation','psy',0,'2022-01-16 13:54:03','0',NULL),
 (22,'co_psy','10000',5,'consultation','psy',0,'2022-01-16 13:54:04','0',NULL),
 (23,'co_psy','10000',5,'consultation','psy',0,'2022-01-16 13:54:52','0',NULL),
 (24,'co_psy','10000',5,'consultation','psy',0,'2022-01-16 13:54:53','0',NULL);
INSERT INTO `paiement` (`idpaiement`,`code_produit`,`montant`,`identreprise`,`pack`,`souspack`,`etat`,`datepaiement`,`consulter`,`idutilisateur`) VALUES 
 (25,'co_psy','10000',5,'consultation','psy',0,'2022-01-16 13:54:54','0',NULL),
 (26,'co_psy','10000',5,'consultation','psy',0,'2022-01-16 13:54:55','0',NULL),
 (27,'co_psy','10000',5,'consultation','psy',0,'2022-01-16 13:54:55','0',NULL),
 (28,'co_psy','10000',5,'consultation','psy',0,'2022-01-16 13:54:56','1',NULL),
 (29,'c_tpe','150000',1,'complet','tpe',1,'2022-02-03 10:27:12','0',NULL);


--
-- Table structure for table `notation`.`paiement_consultation`
--

CREATE TABLE `paiement_consultation` (
  `idpaiement` int(10) unsigned NOT NULL AUTO_INCREMENT,
  `code_produit` varchar(45) NOT NULL DEFAULT '',
  `montant` varchar(45) NOT NULL DEFAULT '',
  `identreprise` int(10) unsigned NOT NULL DEFAULT '0',
  `pack` varchar(45) NOT NULL DEFAULT '',
  `souspack` varchar(5) NOT NULL DEFAULT '',
  `etat` int(10) unsigned NOT NULL DEFAULT '0',
  `datepaiement` datetime DEFAULT NULL,
  `consulter` varchar(5) NOT NULL DEFAULT '0',
  PRIMARY KEY (`idpaiement`)
) ENGINE=InnoDB DEFAULT CHARSET=latin1;

--
-- Dumping data for table `notation`.`paiement_consultation`
--



--
-- Table structure for table `notation`.`ponderation_critere`
--

CREATE TABLE `ponderation_critere` (
  `CodeExercice` varchar(5) NOT NULL DEFAULT '',
  `IdCritere` int(10) unsigned NOT NULL DEFAULT '0',
  `Ponderation` float NOT NULL DEFAULT '0',
  `IdSecteur` int(10) unsigned DEFAULT NULL,
  `IdPonderation` int(10) unsigned NOT NULL AUTO_INCREMENT,
  PRIMARY KEY (`IdPonderation`)
) ENGINE=InnoDB AUTO_INCREMENT=74 DEFAULT CHARSET=latin1;

--
-- Dumping data for table `notation`.`ponderation_critere`
--

INSERT INTO `ponderation_critere` (`CodeExercice`,`IdCritere`,`Ponderation`,`IdSecteur`,`IdPonderation`) VALUES 
 ('2022',1,2,1,1),
 ('2022',2,2,1,2),
 ('2022',3,2,1,3),
 ('2022',4,2,1,4),
 ('2022',5,2,1,5),
 ('2022',6,1,1,6),
 ('2022',7,2,1,7),
 ('2022',8,2,1,8),
 ('2022',9,4,1,9),
 ('2022',10,2,1,10),
 ('2022',11,5,1,11),
 ('2022',12,2,1,12),
 ('2022',13,2,1,13),
 ('2022',14,1,1,14),
 ('2022',15,1,1,15),
 ('2022',16,1,1,16),
 ('2022',17,0,1,17),
 ('2022',18,0,1,18),
 ('2022',19,1,1,19),
 ('2022',20,1,1,20),
 ('2022',21,0,1,21),
 ('2022',22,0,1,22),
 ('2022',23,2,1,23),
 ('2022',24,1,1,24),
 ('2022',25,3,1,25),
 ('2022',26,3,1,26),
 ('2022',27,2,1,27),
 ('2022',28,2,1,28),
 ('2022',29,0,1,29),
 ('2022',30,0,1,30),
 ('2022',31,0,1,31),
 ('2022',32,1,1,32),
 ('2022',33,0,1,33),
 ('2022',34,0,1,34),
 ('2022',35,1,1,35),
 ('2022',36,0,1,36),
 ('2022',37,0,1,37),
 ('2022',38,0,1,38),
 ('2022',39,1,1,39),
 ('2022',40,2,1,40),
 ('2022',41,0,1,41),
 ('2022',42,1,1,42),
 ('2022',43,0,1,43),
 ('2022',44,1,1,44),
 ('2022',45,2,1,45);
INSERT INTO `ponderation_critere` (`CodeExercice`,`IdCritere`,`Ponderation`,`IdSecteur`,`IdPonderation`) VALUES 
 ('2022',46,2,1,46),
 ('2022',47,0,1,47),
 ('2022',48,0,1,48),
 ('2022',49,0,1,49),
 ('2022',50,1,1,50),
 ('2022',51,1,1,51),
 ('2022',52,0,1,52),
 ('2022',53,1,1,53),
 ('2022',54,0,1,54),
 ('2022',55,0,1,55),
 ('2022',56,1,1,56),
 ('2022',57,0,1,57),
 ('2022',58,0,1,58),
 ('2022',59,0,1,59),
 ('2022',60,1,1,60),
 ('2022',61,1,1,61),
 ('2022',62,1,1,62),
 ('2022',63,5,1,63),
 ('2022',64,0,1,64),
 ('2022',65,1,1,65),
 ('2022',66,0,1,66),
 ('2022',67,15,1,67),
 ('2022',68,2,1,68),
 ('2022',69,5,1,69),
 ('2022',70,2,1,70),
 ('2022',71,2,1,71),
 ('2022',72,2,1,72),
 ('2022',73,0,1,73);


--
-- Table structure for table `notation`.`ponderation_famille`
--

CREATE TABLE `ponderation_famille` (
  `IdExercice` varchar(4) NOT NULL DEFAULT '',
  `IdFamille` int(10) unsigned NOT NULL DEFAULT '0',
  `Ponderation` float NOT NULL DEFAULT '0',
  PRIMARY KEY (`IdExercice`,`IdFamille`)
) ENGINE=InnoDB DEFAULT CHARSET=latin1;

--
-- Dumping data for table `notation`.`ponderation_famille`
--

INSERT INTO `ponderation_famille` (`IdExercice`,`IdFamille`,`Ponderation`) VALUES 
 ('2022',3,16),
 ('2022',4,16);


--
-- Table structure for table `notation`.`ponderation_grande_famille`
--

CREATE TABLE `ponderation_grande_famille` (
  `IdExercice` varchar(4) NOT NULL DEFAULT '',
  `IdGrandeFamille` int(10) unsigned NOT NULL DEFAULT '0',
  `Ponderation` float NOT NULL DEFAULT '0',
  PRIMARY KEY (`IdExercice`,`IdGrandeFamille`)
) ENGINE=InnoDB DEFAULT CHARSET=latin1;

--
-- Dumping data for table `notation`.`ponderation_grande_famille`
--

INSERT INTO `ponderation_grande_famille` (`IdExercice`,`IdGrandeFamille`,`Ponderation`) VALUES 
 ('2022',2,28),
 ('2022',3,28),
 ('2022',4,28),
 ('2022',5,28),
 ('2022',6,28),
 ('2022',10,28),
 ('2022',11,34);


--
-- Table structure for table `notation`.`ponderation_sous_categorie`
--

CREATE TABLE `ponderation_sous_categorie` (
  `IdExercice` varchar(4) NOT NULL DEFAULT '',
  `IdSousCategorie` int(10) unsigned NOT NULL DEFAULT '0',
  `Ponderation` float NOT NULL DEFAULT '0',
  PRIMARY KEY (`IdExercice`,`IdSousCategorie`)
) ENGINE=InnoDB DEFAULT CHARSET=latin1;

--
-- Dumping data for table `notation`.`ponderation_sous_categorie`
--

INSERT INTO `ponderation_sous_categorie` (`IdExercice`,`IdSousCategorie`,`Ponderation`) VALUES 
 ('2022',3,19);


--
-- Table structure for table `notation`.`projet`
--

CREATE TABLE `projet` (
  `IdProjet` int(10) unsigned NOT NULL AUTO_INCREMENT,
  PRIMARY KEY (`IdProjet`)
) ENGINE=InnoDB DEFAULT CHARSET=latin1;

--
-- Dumping data for table `notation`.`projet`
--



--
-- Table structure for table `notation`.`region`
--

CREATE TABLE `region` (
  `CodeRegion` varchar(10) NOT NULL DEFAULT '',
  `LibRegion` varchar(45) NOT NULL DEFAULT '',
  PRIMARY KEY (`CodeRegion`)
) ENGINE=InnoDB DEFAULT CHARSET=latin1 COMMENT='InnoDB free: 6144 kB';

--
-- Dumping data for table `notation`.`region`
--

INSERT INTO `region` (`CodeRegion`,`LibRegion`) VALUES 
 ('AD','ADAMAOUA'),
 ('CE','CENTRE'),
 ('EN','EXTREME NORD'),
 ('ES','EST'),
 ('LT','LITTORAL'),
 ('NO','NORD'),
 ('NW','NORD OUEST'),
 ('OU','OUEST'),
 ('SU','SUD'),
 ('SW','SUD OUEST');


--
-- Table structure for table `notation`.`repartition`
--

CREATE TABLE `repartition` (
  `IdUtilisateur` int(10) unsigned NOT NULL DEFAULT '0',
  `IdSecteur` varchar(10) NOT NULL DEFAULT '',
  `IdSousSecteur` varchar(10) NOT NULL DEFAULT '',
  `IdBranche` varchar(10) NOT NULL DEFAULT '',
  `IdActivite` varchar(10) NOT NULL DEFAULT '',
  PRIMARY KEY (`IdUtilisateur`)
) ENGINE=InnoDB DEFAULT CHARSET=latin1;

--
-- Dumping data for table `notation`.`repartition`
--

INSERT INTO `repartition` (`IdUtilisateur`,`IdSecteur`,`IdSousSecteur`,`IdBranche`,`IdActivite`) VALUES 
 (3,'-','-','-','-');


--
-- Table structure for table `notation`.`secteur`
--

CREATE TABLE `secteur` (
  `IdSecteur` int(10) unsigned NOT NULL AUTO_INCREMENT,
  `LibelleSecteur` varchar(100) NOT NULL DEFAULT '',
  PRIMARY KEY (`IdSecteur`)
) ENGINE=InnoDB AUTO_INCREMENT=5 DEFAULT CHARSET=latin1;

--
-- Dumping data for table `notation`.`secteur`
--

INSERT INTO `secteur` (`IdSecteur`,`LibelleSecteur`) VALUES 
 (1,'Secteur primaire'),
 (3,'Secteur secondaire'),
 (4,'Secteur tertiaire');


--
-- Table structure for table `notation`.`sous_categorie`
--

CREATE TABLE `sous_categorie` (
  `IdSousCategorie` int(10) unsigned NOT NULL AUTO_INCREMENT,
  `LibelleSousCategorie` varchar(100) NOT NULL DEFAULT '',
  `IdFamille` int(10) unsigned NOT NULL DEFAULT '0',
  PRIMARY KEY (`IdSousCategorie`)
) ENGINE=InnoDB AUTO_INCREMENT=11 DEFAULT CHARSET=latin1;

--
-- Dumping data for table `notation`.`sous_categorie`
--

INSERT INTO `sous_categorie` (`IdSousCategorie`,`LibelleSousCategorie`,`IdFamille`) VALUES 
 (3,'Croissance et rentabilité de la PME',4),
 (4,'Flux financiers',4),
 (5,'Flexibilité de court terme',5),
 (6,'Flexibilité de long terme',5),
 (7,'Secteur d\'activité',6),
 (8,'Marché et positionnement concurrentiel ',7),
 (9,'Stratégie et management de l\'entreprise',8),
 (10,'Critères comportementaux',9);


--
-- Table structure for table `notation`.`sous_secteur`
--

CREATE TABLE `sous_secteur` (
  `IdSousSecteur` int(10) unsigned NOT NULL AUTO_INCREMENT,
  `LibelleSousSecteur` varchar(1000) NOT NULL DEFAULT '',
  `IdSecteur` int(10) unsigned NOT NULL DEFAULT '0',
  PRIMARY KEY (`IdSousSecteur`)
) ENGINE=InnoDB AUTO_INCREMENT=22 DEFAULT CHARSET=latin1;

--
-- Dumping data for table `notation`.`sous_secteur`
--

INSERT INTO `sous_secteur` (`IdSousSecteur`,`LibelleSousSecteur`,`IdSecteur`) VALUES 
 (1,'Agriculture vivrière',1),
 (2,'Agriculture chimique',1),
 (3,'Elevage et pêche',1),
 (4,'Forêt et faune',1),
 (5,'Industries',2),
 (6,'Mines',2),
 (7,'Eau et Energie',2),
 (8,'Communication',3),
 (9,'Postes et Télécommunications',3),
 (10,'Santé',3),
 (11,'Bâtiments',3),
 (12,'Transports',3),
 (13,'Regroupement à caractère économique',3),
 (14,'Commerce',3),
 (15,'Tourisme et loisirs',3),
 (16,'Education',3),
 (17,'Activités financières',3),
 (18,'Activités immobilières',3),
 (19,'Activités de sécurité',3),
 (20,'Activités sociales',3),
 (21,'EMPLOI ET FORMATION PROFESSIONNELLE',3);


--
-- Table structure for table `notation`.`type_document`
--

CREATE TABLE `type_document` (
  `IdTypeDocument` int(10) unsigned NOT NULL AUTO_INCREMENT,
  `LibelleTypeDocument` varchar(150) NOT NULL DEFAULT '',
  PRIMARY KEY (`IdTypeDocument`)
) ENGINE=InnoDB DEFAULT CHARSET=latin1;

--
-- Dumping data for table `notation`.`type_document`
--



--
-- Table structure for table `notation`.`utilisateur`
--

CREATE TABLE `utilisateur` (
  `IdUtilisateur` int(10) unsigned NOT NULL AUTO_INCREMENT,
  `EmailUtilisateur` varchar(45) NOT NULL DEFAULT '',
  `MotPasseUtilisateur` varchar(45) NOT NULL DEFAULT '',
  `NumeroUtilisateur` varchar(45) DEFAULT NULL,
  `AdresseUtilisateur` varchar(45) DEFAULT NULL,
  `RoleUtilisateur` varchar(1) NOT NULL DEFAULT '',
  `IdRole` int(10) unsigned DEFAULT NULL,
  `ActifUtilisateur` int(10) unsigned NOT NULL DEFAULT '1',
  `NomUtilisateur` varchar(105) DEFAULT NULL,
  `CredUtilisateur` varchar(45) DEFAULT NULL,
  PRIMARY KEY (`IdUtilisateur`)
) ENGINE=InnoDB AUTO_INCREMENT=7 DEFAULT CHARSET=latin1;

--
-- Dumping data for table `notation`.`utilisateur`
--

INSERT INTO `utilisateur` (`IdUtilisateur`,`EmailUtilisateur`,`MotPasseUtilisateur`,`NumeroUtilisateur`,`AdresseUtilisateur`,`RoleUtilisateur`,`IdRole`,`ActifUtilisateur`,`NomUtilisateur`,`CredUtilisateur`) VALUES 
 (1,'admin@apme.cm','21232f297a57a5a743894a0e4a801fc3',NULL,NULL,'4',NULL,1,NULL,NULL),
 (2,'entreprise@apme.cm','21232f297a57a5a743894a0e4a801fc3',NULL,NULL,'1',1,1,NULL,NULL),
 (3,'analyste@apme.cm','21232f297a57a5a743894a0e4a801fc3',NULL,NULL,'3',NULL,1,'Tchana wandji cedric',NULL),
 (4,'test@apme.cm','21232f297a57a5a743894a0e4a801fc3','+237697906014','','1',2,1,NULL,NULL),
 (5,'consultation@apme.cm','21232f297a57a5a743894a0e4a801fc3',NULL,NULL,'2',NULL,1,'Test',NULL),
 (6,'','',NULL,NULL,'',NULL,1,NULL,NULL);

