-- MySQL Administrator dump 1.4
--
-- ------------------------------------------------------





--
-- Create schema notation2
--

CREATE DATABASE /*!32312 IF NOT EXISTS*/ notation2;
USE notation2;

--
-- Table structure for table `notation2`.`activite`
--

CREATE TABLE `activite` (
  `IdActivite` int(10) unsigned NOT NULL AUTO_INCREMENT,
  `LibelleActivite` varchar(1000) NOT NULL DEFAULT '',
  `IdBranche` int(10) unsigned NOT NULL DEFAULT '0',
  PRIMARY KEY (`IdActivite`)
) ENGINE=InnoDB AUTO_INCREMENT=43000001 DEFAULT CHARSET=utf8;

--
-- Dumping data for table `notation2`.`activite`
--

INSERT INTO `activite` (`IdActivite`,`LibelleActivite`,`IdBranche`) VALUES 
 (1001001,'Blé',1001),
 (1001002,'Maïs sec',1001),
 (1001003,'Mil, sorgho et fonio',1001),
 (1001004,'Riz paddy',1001),
 (1001005,'Autres céréales (Orge, Seigle, Avoine, Autres céréales n.c.a.)',1001),
 (1002001,'Manioc frais',1002),
 (1002002,'Manioc séché ( y.c le manioc sous forme de cossette)',1002),
 (1002003,'Macabo et Taro',1002),
 (1002004,'pomme de terre',1002),
 (1002005,'Autres racines et tubercules (Igname, Patate douce, Autres racines et tubercules à amidon ou inuline.)',1002),
 (1003001,'Bananes plantains',1003),
 (1003002,'Bananes douces',1003),
 (1004000,'Noix de palme',1004),
 (1005001,'Arachides graines',1005),
 (1005002,'Soja',1005),
 (1005003,'Autres plantes oléagineuses (Colza, tournesol, Sésame et Graines de courges, Noix et amandes de karité, Coprah, Oléagineux non tropicaux, autres plantes oléagineuses)',1005),
 (1006000,'Coton brut',1006),
 (1007001,'Haricots doliques et niébé',1007),
 (1007002,'Autres légumineuses (Tomate, Haricots vert, Melon, aubergine, courgette, courge, citrouille, oseille, concombre, épinard, pastèque, etc.) et légumes secs (Lentilles, Luzerne voandzou (pois de bambara)',1007);
INSERT INTO `activite` (`IdActivite`,`LibelleActivite`,`IdBranche`) VALUES 
 (1007003,'Epices et condiments (Thym, Laurier, Gingembre, Ail, Poivre, Piment, Curry, Persil, Céleri, Basilic,\nPoivron, Poireau, clou de girofle, djansan, estragon, etc.)',1007),
 (1007004,'Légumes, feuilles et champignons',1007),
 (1007005,'Agrumes',1007),
 (1007006,'Ananas',1007),
 (1007007,'Autres fruits : Fruits tropicaux divers (dattes, noix de coco, baies et fruits à coque de la cueillette, noisette, mangues, mangoustans, goyaves, cassemangue (pomme de cyther), safous, avocats...), Fruits des climats tempérés divers (châtaigne, pomme, poire, Framboise, Fraise, Raisin de table, Raisin de cuve, cerise), Fruits à coque et olives.',1007),
 (1008000,'Plants, fleurs et autres produits de l’horticulture (Plants de pépinière, plantes vertes ou fleuries (plants fruitiers\net d’ornement), Fleurs coupées, semences florales ou fruitières, Plants et semences potagers, Boutures,\nFleurs séchées)',1008),
 (1009000,'Fèves de cacao séchées',1009);
INSERT INTO `activite` (`IdActivite`,`LibelleActivite`,`IdBranche`) VALUES 
 (1010001,'Grains de café arabica dépulpés et séchés',1010),
 (1010002,'Grains de café robusta séchés',1010),
 (1010003,'Thé',1010),
 (1011001,'Tabac brut y compris tabac séché',1011),
 (1011002,'Latex y compris caoutchouc brut',1011),
 (1011003,'Canne à sucre y compris betterave à sucre',1011),
 (1011004,'Plantes aromatiques ou médicinales (Menthe, vanille, camomille, verveine, et autres plantes aromatiques pour boisson, Plantes médicinales cultivées ou cueillies (moringa, jenseng, aloès vera))',1011),
 (1011005,'Noix de kola, bitter kola, autres stupéfiants n.c.a',1011),
 (1011006,'Produits végétaux cultivés n.c.a. (plantes fourragères, Pailles, Foin, Semences de gazon, plantes textiles à l\'exception du coton et du chanvre (dah, kenaf, punga, lin, …), semences de betteraves et de plantes fourragères, Cônes de houblon)',1011),
 (1012001,'Coton fibre (coton égrené)',1012),
 (1012002,'Graine de coton',1012),
 (1012003,'Autres services de soutien à l\'agriculture  (préparation des terres, les opérations de récolte, les semis et les plantations, le traitement des récoltes, la pulvérisation des récoltes, y compris par des véhicules aériens, la taille des arbres fruitiers et des vignes, la lutte contre les animaux nuisibles (y compris les lapins) en relation avec l\'agriculture, le maintien des terres agricoles en bon état sur les plans agricole et environnemental et l\'exploitation de systèmes d\'irrigation pour l\'agriculture, la mise à disposition de machines agricoles avec conducteur et personnel.',1012);
INSERT INTO `activite` (`IdActivite`,`LibelleActivite`,`IdBranche`) VALUES 
 (2001001,'Bovins sur pieds (élevage des veaux, des taurillons, des géniteurs (taureaux améliorés), des génices, les vaches, les vêles, des taureaux castrés.)',2001),
 (2001002,'Lait de vache brut',2001),
 (2002001,'Ovins sur pieds',2002),
 (2002002,'Caprins sur pieds',2002),
 (2002003,'Lait brut de brebis, lait brut de chèvres',2002),
 (2002004,'Laine et poils bruts d’ovins',2002),
 (2003000,'Porcins sur pieds',2003),
 (2004001,'Poulets',2004),
 (2004002,'Autres volailles (pigeons, dindes, oies, Pintades, canards, etc)',2004),
 (2004003,'Œufs de poule',2004),
 (2004004,'Œufs d’autres volailles',2004),
 (2005001,'Equins',2005),
 (2005002,'Asins et mulets',2005),
 (2006001,'Miel',2006),
 (2006002,'Cire d’abeilles et gelée royale',2006),
 (2007001,'Produits de l’élevage dit non conventionnel',2007),
 (2007002,'Animaux de compagnies',2007),
 (2007003,'Autres animaux et autres produits d’animaux n.c.a (autruches, oeufs d’autruches, animaux à fourrures autre que les ovins (cf 002002003), produit de l’élevage des gibiers, les animaux de laboratoires, camélidés, cocon de vers de soie, eau de reptiles, fourrure d’élevage, sécrétion\nanimale, etc.)',2007),
 (2008001,'Gibier frais, fumé ou séché',2008);
INSERT INTO `activite` (`IdActivite`,`LibelleActivite`,`IdBranche`) VALUES 
 (2008002,'Trophées d’animaux de la chasse (plumes, ivoire, peau, etc.)',2008),
 (2008003,'Services annexes à la chasse (Services d’entretien des réserves, service de repeuplement en gibier)',2008),
 (2009001,'service d’extraction et d’insémination artificielle de bovins',2009),
 (2009002,'services de gardiennage et de conduite de troupeaux',2009),
 (2009003,'Autres services de soutien à l\'élevage \n(les services visant à promouvoir le repeuplement, l’embauche, la croissance et le rendement d\'animaux ; les services de haras ; l’activité de tonte d\'ovins ; les services de paissance, de castration de volailles, de nettoyage de poulaillers, etc.  les activités des maréchaux-ferrants.)',2009),
 (3001001,'Produits de la sylviculture sur pied',3001),
 (3001002,'Pépinières forestières',3001),
 (3001003,'Produits de l\'exploitation forestière (bois bruts ; l’échalas fendus ; les piquets et bois de construction ; le bois de feux et charbon de bois.)',3001),
 (3001004,'Produits de la cueillette et produits forestiers poussant à l\'état sauvage (le liège ; le laque ; la gomme naturelle ; les fruits à coque ; les arbres de noël; d’autres produits forestiers poussant à l’état sauvage n.c.a.)',3001);
INSERT INTO `activite` (`IdActivite`,`LibelleActivite`,`IdBranche`) VALUES 
 (3002000,'Crédit carbone',3002),
 (3003001,'Services annexes à la sylviculture  (Service d’entretien et d’inventaire des forêts ; Service de conseil en gestion et administration des forêts ; Service d’évaluation du bois ;\nService de protection et lutte contre les feux de forêts ;\n Service de lutte contre les parasites forestiers)',3003),
 (3003002,'Services annexes à l\'exploitation forestière (la coupe ; le transport des grumes dans les forêts ; la gestion des patrimoines forestiers avec exploitation pour compte propre.)',3003),
 (4000001,'Poissons frais Poissons frais (Poissons vivants, poissons frais ou réfrigérés, Alevins,  Poissons de pisciculture',4000),
 (4000002,'Crustacés, mollusques et autres produits de la pêche et de l’aquaculture (Crustacées : crevettes, écrevisses, homards, langoustes, crabes, etc.; Huîtres; Autres invertébrés aquatiques; Coraux et coquillages; Éponges naturelle, brutes ou transformées;  Algues; Perles naturelles, Perles de culture)',4000),
 (4000003,'Services annexes à la pêche et à l’aquaculture',4000);
INSERT INTO `activite` (`IdActivite`,`LibelleActivite`,`IdBranche`) VALUES 
 (4002001,'Produits de la pêche en haute mer avec des outils et des techniques de pêche moderne. Les produits étant indifféremment du poisson, des crustacés ou les autres.',4002),
 (4003001,'Aquaculture',4003),
 (5001001,'Pétrole brut',5001),
 (5001002,'Gaz naturel',5001),
 (5001003,'Autres produits énergétiques (Charbon non aggloméré ;  Agglomérés de houille ;  Lignite ; Minerais d’uranium.)',5001),
 (5002000,'Services de soutien à l\'extraction d\'hydrocarbures (exploitation d\'oléoducs ou de gazoducs ; l’exploration de pétrole et de gaz, la récupération du gaz de pétrole liquéfié provenant du raffinage du pétrole)',5002),
 (5003000,'Services de soutien aux industries extractives \n(l\'extraction de pétrole et de gaz exécutés pour le compte de tiers : les activités d\'exploration liées à l\'extraction du pétrole et du gaz, forage et reforage dirigés, démarrage du forage, montage in situ, réparation et démontage de tours de forage, cimentation des revêtements (tubages) de puits de pétrole ou de gaz, pompage de puits, comblement et abandon de puits, la liquéfaction et la regazéification du gaz naturel en vue de son transport effectuées sur le site minier, les sondages d\'essai liés à l\'extraction du pétrole et du gaz.)',5003),
 (6001001,'Bauxite',6001);
INSERT INTO `activite` (`IdActivite`,`LibelleActivite`,`IdBranche`) VALUES 
 (6001002,'Minerais de fer',6001),
 (6001003,'Autres minerais métalliques (Minerais de métaux non ferreux ; Minerais de cuivre ; Minerais de métaux précieux (pépites d’or, argent, platine…); Minerais de manganèse ; Minerais d’étain ; Autres minerais métalliques n.c.a.)',6001),
 (6002001,'Gypse et pierre à ciment’ (n.c. clinkers)',6002),
 (6002002,'Sel (sel gemme, sel de mer, sel de table, saumure)',6002),
 (6002003,'Diamants industriels et abrasifs naturels',6002),
 (6002004,'Autres minéraux non métalliques (Marbres et autres pierres marbrières ; Granite, grès, et autres pierres pour la construction ; Craie et dolomie ; Ardoise en plaque ;\n• Sables (à l’exception des sables bitumineux) ; Tourbes ; Granulats ; Enrobés pour revêtements routiers ; Kaolin ; Argiles ; Engrais naturels ; Pyrites et soufre brut ; Autres minerais chimiques naturels ; Bitumes et asphaltes naturels ; Pierres gemmes ; Minéraux divers (graphite naturel, quartz, amiante, mica, etc.) ; Natron (est destiné à l\'alimentation animale) ; Autres pierres précieuses (saphirs, rubis, émeraudes, etc.) et pierres semi-précieuses.)',6002),
 (6003000,'Services de soutien aux industries minières\n (les services d\'exploration ; les observations géologiques sur les sites de prospection ; le drainage ou le pompage des mines pour le compte de tiers ; les sondages et forages d\'essai ; les opérations complémentaires)',6003);
INSERT INTO `activite` (`IdActivite`,`LibelleActivite`,`IdBranche`) VALUES 
 (7001001,'Viande de bovins',7001),
 (7001002,'Viande d\'ovins et de caprins',7001),
 (7001003,'Viande de porc',7001),
 (7001004,'Volailles abattues',7001),
 (7001005,'Autres viandes de boucherie et produits d\'abatage (Viandes d’équidés (cheval, âne, etc.), camélidés, de lapin ;  Abats comestibles (coeur, foie, rognon, tripes…); Graisses animales comestibles ; Sous produits de la boucherie animale non comestibles (corne, ivoire))',7001),
 (7001006,'Cuir et peaux brutes',7001),
 (7001007,'Conserves à base de viande',7001),
 (7002001,'Poissons frais congelés et surgelés',7002),
 (7002002,'Poissons séchés, salés, fumés',7002),
 (7002003,'coquillages, crustacés et mollusques congelés, surgelés ou en conserve.',7002),
 (7002004,'crustacés et mollusques salés, fumés, séchés',7002),
 (7002005,'farine de poisson',7002),
 (7002006,'Conserves à base de poisson',7002),
 (7002007,'Produits des préparations et conserves à base de viande (Viandes et abats salés, séchés, fumés ; Conserves et charcuteries à base de viandes ; Farines de viandes pour animaux, impropres à l\'alimentation humaine)',7001),
 (7003001,'Services d’abattage et d’éviscération des animaux de boucherie (bovins, ovins et caprins, porcins etc.)',7003);
INSERT INTO `activite` (`IdActivite`,`LibelleActivite`,`IdBranche`) VALUES 
 (7003002,'Services de lavage des animaux de viande de boucherie (bovins, ovins et caprins, porcins etc.)',7003),
 (7003003,'Service de mise en quartier des animaux de viande de boucherie (bovins, ovins et caprins, porcins etc.)',7003),
 (7003004,'Service d’abattage de la volaille',7003),
 (7003005,'Services de plumage et d’éviscération de la volaille',7003),
 (8001001,'Farine de blé (Froment)',8001),
 (8001002,'Farine de maïs',8001),
 (8001003,'Farine de tubercules, de légume et d\'autres céréales (Farine de mil, sorgho, riz, fonio… ; Farine de légume (igname, soja, pomme de terre…) ; Farine préparée.)',8001),
 (8001004,'Céréales autrement transformées (Semoule de maïs ; Semoule de froment ; Semoule d’autres céréales ; Son et résidus de meunerie)',8001),
 (8002001,'Riz décortiqué',8002),
 (8003001,'Farine de manioc',8003),
 (8003002,'Tapioca',8003),
 (8003003,'Bâton de manioc',8003),
 (8003004,'Produits de l\'hydrolyse de l\'amidon (Amidon et fécules ; Résidus d’amidonnerie ; Autres produits de l’amidonnerie.)',8003);
INSERT INTO `activite` (`IdActivite`,`LibelleActivite`,`IdBranche`) VALUES 
 (8003005,'Autres produits à base de manioc',8003),
 (9001001,'Cacao en masse',9001),
 (9001002,'Beurre de cacao',9001),
 (9001003,'Poudre ou tourteaux de cacao, sucrés ou non',9001),
 (9001004,'chocolats et préparation à base de chocolats',9001),
 (9001005,'Confiseries diverses',9001),
 (9001006,'Cacao en masse',9001),
 (9001007,'Beurre de cacao',9001),
 (9001008,'Poudre ou tourteaux de cacao, sucrés ou non',9001),
 (9001009,'chocolats et préparation à base de chocolats',9001),
 (9001010,'Confiseries diverses Confiseries diverses (Fruits confits ; Bonbons ; Sucreries ; Gommes à mâcher.)',9001),
 (9002001,'Café décortiqué arabica',9002),
 (9002002,'Café décortiqué robusta',9002),
 (9002003,'Café torréfié',9002),
 (9002004,'Café conditionné',9002),
 (9003000,'Thé conditionné',9003),
 (9004001,'Sucre',9004),
 (9004002,'Mélasses',9004),
 (10001001,'Huile brute de palme',10001),
 (10001002,'Noix de palmiste',10001),
 (10001003,'Huile brute de coton',10001);
INSERT INTO `activite` (`IdActivite`,`LibelleActivite`,`IdBranche`) VALUES 
 (10001004,'Huile brute de maïs et autres huiles brutes (Huile de tournesol ;  Huile d’olive ; Huile de soja ; Huile d’arachide ; Huile de coco ; Huile d’amande de palmiste ; Huile de poissons ; Huile d’amande de karité)',10001),
 (10001005,'Tourteaux (Tourteaux de coton, tourteaux de coprah, tourteaux d’arachide ; Linters de coton ; Caséine végétale (protéine de tourteau) ; Graisses de poissons, farines oléagineuses ; Farines oléagineuses.)',10001),
 (10002001,'Huile raffinée de palme',10002),
 (10002003,'Huile raffinée de coton',10002),
 (10002004,'Huile raffinée d\'arachide',10002),
 (10002005,'Huile raffinée de maïs',10002),
 (10002006,'Autres huiles raffinées végétales et animales (Soja ; Coco ; Tournesol ; Olive ; Foie de morue ; Navette ; Moutarde ; Lin ; etc.)',10002),
 (10002007,'Margarine et matières grasses diverses',10002),
 (10003001,'Provende et autres aliments pour animaux (Provende ; Aliments composés pour animaux de ferme ; Fourrages déshydratés ; Aliments pour animaux de campagne ; Aliments pour animaux de compagnie ; Foins et paille ; Farines de poisson ; Farine de viande ; Résidus de brasseries et de distilleries.)',10003),
 (10003002,'fourrages déshydratés',10003);
INSERT INTO `activite` (`IdActivite`,`LibelleActivite`,`IdBranche`) VALUES 
 (11001001,'Pain et pâtisserie fraiche',11001),
 (11001002,'Biscuits et biscottes',11001),
 (11001003,'Beignets de tout genre',11001),
 (11002000,'Pâtes alimentaires (Pâtes alimentaires non préparés ; Pâtes alimentaires préparées ; Couscous divers.)',11002),
 (12001001,'Lait',12001),
 (12001002,'Crème de lait, lait fermenté, yaourts et desserts lactés frais',12001),
 (12001003,'Beurre et fromage',12001),
 (12001004,'Glaces, sucettes et autres produits laitiers',12001),
 (12002001,'Jus de fruits et légumes',12002),
 (12002002,'Produits des préparations et conserves des fruits et légumes (Frites de pommes de terre (chips) ; Autres produits à base de pommes de terre ; Légumes congelés ou surgelés ; Légumes provisoirement conservés ; Légumes déshydratés ; Légumes appertisés ; Légumes conservés dans le vinaigre ; Préparations et conserves de fruits ; Fruits congelés ou surgelés ; Confitures et compotes (marmelade, gelées) ; Fruits à coque grillés ou salés ; Fruits conservés provisoirement ; Conserves de fruits ; Noix d’amande ; Fruits de climats tempérés ; Déchets de fruits et façons de préparations de légumes et fruits.)',12002),
 (12002003,'Condiments et assaisonnements (Assaisonnements (cubes, etc.) ; Vinaigres ; Sauces et moutardes ; Mayonnaise et Ketchup ; Epices préparées (e.g. curry).)',12002);
INSERT INTO `activite` (`IdActivite`,`LibelleActivite`,`IdBranche`) VALUES 
 (12002004,'Produits alimentaires divers (Aliments adaptés à l’enfant et aliments diététiques ; Soupes et potages ; Œufs en conserves ; Levures, additifs et épaississants alimentaires ; Produits alimentaires non compris ailleurs.)',12002),
 (13001001,'Bière',13001),
 (13001002,'Malt',13001),
 (13002001,'Vins et champagnes (Champagnes ; Vins ; Tartre et lie de vin.)',13002),
 (13002002,'Autres boissons alcoolisées modernes (Spiritueux et liqueurs ; Cidres ; Vermouths ; Alcool éthylique dénaturé ou non.)',13002),
 (13002003,'Boissons alcoolisées artisanales (Vin de palme ou de raphia ; Vin de palme distillé (Odonthol), alcool de maïs distillé (Arki) ; Bière de mil : bilbil ; Bière de maïs : kwata ; Autres alcools traditionnels non compris ailleurs.)',13002),
 (13003001,'Eaux minérales',13003),
 (13003002,'Boissons non alcoolisées diverses (Sirops et boissons non alcoolisées gazeuses ;  Limonades ; Colas ; Tonics ; boissons aux fruits ; laits aromatisés ; etc)',13003),
 (14000001,'Cigares et cigarettes',14000);
INSERT INTO `activite` (`IdActivite`,`LibelleActivite`,`IdBranche`) VALUES 
 (14000002,'Autres produits à base de tabac',14000),
 (15000000,'Opérations sous-traitées intervenant dans la fabrication de produits textiles',15000),
 (15001001,'Fibres de coton préparé',15001),
 (15001002,'Fils de coton',15001),
 (15001003,'Fibres et fils d\'autres textiles',15001),
 (15002001,'Tissus de coton',15002),
 (15002002,'Tissus d\'autres textiles',15002),
 (15002003,'Services d’ennoblissement textile',15002),
 (15003001,'Linge de maison, articles d\'ameublement et de literie',15003),
 (15003002,'Tapis et moquettes',15003),
 (15003003,'Ficelles, filets et cordages',15003),
 (15003004,'Autres articles confectionnés en textiles',15003),
 (15004001,'Vêtements en textiles',15004),
 (15004002,'Vêtements en cuir et fourrures',15004),
 (16000000,'Opérations sous-traitées intervenant dans la fabrication de produits textiles de cuir, articles de voyages et de chaussures',16000),
 (16001001,'Cuirs et peaux travaillés',16001),
 (16001002,'Articles de voyages et de maroquinerie',16001);
INSERT INTO `activite` (`IdActivite`,`LibelleActivite`,`IdBranche`) VALUES 
 (16002000,'Chaussures et articles chaussants',16002),
 (17000000,'Opérations sous-traitées intervenant dans le travail dubois et la fabrication d\'articles en bois',17000),
 (17001001,'Bois sciés',17001),
 (17001002,'Bois profilés, traités et autres sous-produits du bois',17001),
 (17002000,'Placages, contre-plaqués et panneaux à base de bois',17002),
 (17003001,'Charpentes et menuiseries de bâtiment en bois',17003),
 (17003002,'Emballages et objets divers en bois',17003),
 (17003003,'Ouvrages en liège, vannerie ou sparterie',17003),
 (18001001,'Pâte à papier',18001),
 (18001002,'Papiers à usage graphique et articles de papeterie',18001),
 (18001003,'Papiers kraft et domestiques, articles à usage sanitaire ou domestique',18001),
 (18001004,'Papiers et cartons élaborés; Autres papiers et cartons',18001),
 (18001005,'Emballages en papier ou en carton et autres articles en papier ou en carton',18001),
 (18002001,'Livres, journaux et revues périodiques',18002);
INSERT INTO `activite` (`IdActivite`,`LibelleActivite`,`IdBranche`) VALUES 
 (18002002,'Autres produits imprimés',18002),
 (18002003,'Papeterie scolaire et commerciale',18002),
 (18002004,'Travaux d\'impression de la presse et autres produits de l\'imprimerie',18002),
 (18002005,'Travaux de façonnage, de finition, de reliure travaux de composition et de photogravures',18002),
 (18002006,'Travaux de reproduction des supports électroniques, d\'enregistrements audio vidéo et informatique',18002),
 (19000001,'Essences',19000),
 (19000002,'Kérosène (pétrole lampant)',19000),
 (19000003,'Carburéacteurs (Jet A1)',19000),
 (19000004,'Gazoles',19000),
 (19000005,'Fuel lourd',19000),
 (19000006,'Fuel léger',19000),
 (19000007,'Autres produits pétroliers raffinés liquides',19000),
 (19000008,'Produits pétroliers raffinés gazeux',19000),
 (19000009,'Graisses lubrifiantes, coke de pétrole et bitumes',19000),
 (19000010,'Cokes et goudrons ; produits des industries nucléaires',19000),
 (20001001,'Gaz industriels',20001);
INSERT INTO `activite` (`IdActivite`,`LibelleActivite`,`IdBranche`) VALUES 
 (20001002,'Produits chimiques inorganiques de base',20001),
 (20001003,'Produits chimiques organiques de base',20001),
 (20001004,'Produits azotés et engrais',20001),
 (20001005,'Matières plastiques et caoutchouc synthétique',20001),
 (20002001,'Savons et détergents',20002),
 (20002002,'Glycérine, agents tensioactifs et produits d\'entretien ménager',20002),
 (20002003,'Parfums et produits de toilette',20002),
 (20003001,'Produits de l’industrie pharmaceutique',20003),
 (20003002,'Médicaments traditionnels',20003),
 (20004001,'Produits agrochimiques',20004),
 (20004002,'Peintures, vernis, adjuvants, encres d\'imprimerie',20004),
 (20004003,'Allumettes, articles pyrotechniques, produits pour la photographie et autres produits',20004),
 (20004004,'Fibres artificielles ou synthétiques',20004),
 (21001000,'Caoutchouc sec',21001),
 (21002000,'Pneumatiques et ouvrages en caoutchouc',21002),
 (21003001,'Tubes, profilés, plaques et autres éléments en matière plastique pour la construction',21003),
 (21003002,'Emballages et articles divers en matière plastique',21003);
INSERT INTO `activite` (`IdActivite`,`LibelleActivite`,`IdBranche`) VALUES 
 (22001000,'Ciment',22001),
 (22002001,'Chaux et plâtre',22002),
 (22002002,'Verre et articles en verres',22002),
 (22002003,'Produits céramiques',22002),
 (22002004,'Matériaux et ouvrages en ciment, en béton en plâtre ou en pierre',22002),
 (22002005,'Produits minéraux non métalliques n.c.a',22002),
 (23000000,'Opérations sous-traités intervenant dans la fabrication de produits métallurgiques de base et d’ouvrages en métaux',23000),
 (23000001,'Produits sidérurgiques et de première transformation',23000),
 (23000002,'Tubes et tuyaux en fonte ou en acier',23000),
 (23000003,'Produits de la transformation de l\'acier',23000),
 (23000004,'Métaux précieux',23000),
 (23000005,'Alumine',23000),
 (23000006,'Aluminium et demi-produits en aluminium',23000),
 (23000007,'Autres métaux non ferreux',23000),
 (23000008,'Ouvrages en métaux n.c.a.',23000),
 (24000000,'Opérations sous-traitées intervenant dans la fabrication d’appareils électriques et de matériels n.c.a.',24000),
 (24000001,'Equipements mécaniques et machines d’usage général',24000);
INSERT INTO `activite` (`IdActivite`,`LibelleActivite`,`IdBranche`) VALUES 
 (24000002,'Machines agricoles et machines outils',24000),
 (24000003,'Autres machines d’usage spécifique ; armes et munitions',24000),
 (24000004,'Appareils domestiques',24000),
 (24000005,'Machines de bureau et matériel informatique',24000),
 (24000006,'Accumulateurs et piles électriques',24000),
 (24000007,'Autres machines et matériels électriques n.c.a',24000),
 (25000000,'Opérations sous-traitées intervenant dans la fabrication d’équipements et d’appareils audiovisuels et de communication, instruments médicaux, de précision, d\'optique et d\'horlogerie',25000),
 (25000001,'Equipements, appareils audiovisuels et de communication',25000),
 (25000002,'Instruments médicaux, de précision, d’optique et d’horlogerie',25000),
 (26000000,'Opérations sous-traitées intervenant dans la fabrication de matériels de transport',26000),
 (26001001,'Véhicules automobiles',26001),
 (26001002,'Carrosseries et remorques, pièces et accessoires pour véhicules automobiles (et leurs moteurs)',26001),
 (26001003,'Motocycles, cycles et équipements pour cycles',26001);
INSERT INTO `activite` (`IdActivite`,`LibelleActivite`,`IdBranche`) VALUES 
 (26001004,'Autres véhicules routiers',26001),
 (26002001,'Matériel de transport naval, entretien et réparation naval',26002),
 (26002002,'Matériel ferroviaire roulant',26002),
 (26002003,'Matériels aéronautique et spatial, Travaux d’entretien et réparation des aéronefs',26002),
 (26002004,'Matériels de transport n.c.a.',26002),
 (27001001,'Meubles en bois',27001),
 (27001002,'Autres meubles et prestations connexes à l\'ameublement, sommiers et matelas',27001),
 (27002001,'Pièces de monnaies et bijoux',27002),
 (27002002,'Instruments de musique',27002),
 (27002003,'Articles de sport; jeux et jouets',27002),
 (27002004,'0 Articles manufacturés n.c.a',27002),
 (28001001,'Travaux de réparation d’ouvrage en métaux',28001),
 (28001002,'Travaux de réparation des machines et équipements mécaniques',28001),
 (28001003,'Travaux de réparation de matériels électroniques et optiques',28001),
 (28001004,'Travaux de réparation de matériel électriques',28001),
 (28001005,'Travaux de réparation et la maintenance navale, aéronautique et ferroviaire',28001);
INSERT INTO `activite` (`IdActivite`,`LibelleActivite`,`IdBranche`) VALUES 
 (28002000,'Travaux d\'Installation des machines et équipements industriels',28002),
 (29001000,'Electricité',29001),
 (29002001,'Gaz raffiné distribué, Biogaz et biocarburants et autres agrocarburants',29002),
 (29002002,'Glace hydrique et autres supports énergétiques d’origine non fossile',29002),
 (30001001,'Eau captée et traitée',30001),
 (30001002,'Eau distribuée',30001),
 (30002000,'Eau usées collectées et traitées',30002),
 (30003001,'Déchets collectés',30003),
 (30003002,'Déchets traités et éliminés',30003),
 (30003003,'Matériaux récupérés',30003),
 (30004000,'Service de dépollution (services d\'assainissement et de nettoyage en cas de contamination de bâtiments, de sites, de sols, d\'eaux de surface ou d\'eaux souterraines. Elle vise la dépollution c\'est-à-dire le traitement des effets d\'une contamination due à l\'exploitation d\'installations ou à des accidents.)',30004),
 (31001001,'Travaux de Préparation des sites',31001);
INSERT INTO `activite` (`IdActivite`,`LibelleActivite`,`IdBranche`) VALUES 
 (31001002,'Travaux de construction de logements',31001),
 (31001003,'Travaux de construction des Bâtiments non résidentiels',31001),
 (31001004,'Autres travaux de construction',31001),
 (31002001,'Travaux d\'installation électrique',31002),
 (31002002,'Travaux d’installation de plomberie',31002),
 (31002003,'Autres travaux d’installation',31002),
 (31003001,'Travaux de finition et revêtement de sol',31003),
 (31003002,'Travaux de finition vitrerie, plâtrerie',31003),
 (31003003,'Autres travaux de finition n.c.a.',31003),
 (32001001,'Vente de véhicule automobile',32001),
 (32001002,'Vente de motocycle',32001),
 (32002001,'Services d\'entretien et réparation de véhicule automobile',32002),
 (32002002,'Services d\'entretien et réparation de motocycles',32002),
 (32003001,'Vente de pièces détachées et d’accessoires pour automobile,',32003),
 (32003002,'Vente de pièces détachées et d’accessoires pour motocycles',32003),
 (32004000,'Vente en gros de produits agricoles bruts et d\'animaux vivants',32004);
INSERT INTO `activite` (`IdActivite`,`LibelleActivite`,`IdBranche`) VALUES 
 (32005000,'Vente en gros de produits alimentaires, boissons et tabacs manufacturés',32005),
 (32006000,'Vente en gros de matériaux de construction, quincaillerie et fournitures pour plomberie',32006),
 (32007001,'Service des intermédiaires du commerce de gros ;',32007),
 (32007002,'Vente en gros de produits ou de biens de consommation non alimentaires n.c.a.;',32007),
 (32008000,'Autres vente en détail en magasin spécialisé',32008),
 (32009000,'Vente en détail de produits alimentaires, boissons et tabacs manufacturés',32009),
 (32010000,'Vente en détail de matériaux de construction, quincaillerie et fournitures pour plomberie',32010),
 (32011000,'Autres vente en détail en magasin spécialisé',32011),
 (32012000,'Vente en détail de biens d’occasion',32012),
 (32013000,'Vente en détail hors magasin',32013),
 (32014000,'Autres vente en détail hors magasin (Commerce de détail en magasin spécialisé de produits pharmaceutiques et médicaux, de parfumerie et de produits de beauté de textiles, habillement, chaussures et articles en cuir ; d\'articles et appareils d\'équipement domestique ; de livres, journaux et articles de papeterie ; de matériels de bureau, d\'ordinateurs, d\'articles optiques et\nphotographiques et de matériels de télécommunication ; de carburants automobiles en magasin spécialisé ; de cycles et autres produits n.c.a.',32014),
 (33001000,'Services d’hébergement',33001);
INSERT INTO `activite` (`IdActivite`,`LibelleActivite`,`IdBranche`) VALUES 
 (33002001,'Services de restaurants',33002),
 (33002002,'Services des débits de boissons et cafés',33002),
 (34001001,'Services de transport ferroviaire passagers',34001),
 (34001002,'Services de transport ferroviaire marchandises',34001),
 (34002001,'Services de transport de voyageurs par taxis',34002),
 (34003001,'Services de transports routiers urbains de voyageurs',34003),
 (34003002,'Services de transports routiers interurbains de voyageurs',34003),
 (34003003,'Autres services de transports routiers n.c.a',34003),
 (34004000,'Services de transports routiers de marchandises',34004),
 (34005001,'Services de transports par eau',34005),
 (34005002,'Services de transports aériens',34005),
 (34005003,'Service de transports par conduit',34005),
 (34006001,'Services de manutention, d\'entreposage et des infrastructures de transports',34006),
 (34006002,'Services d’organisation du transport de fret',34006),
 (34007000,'Services de postes et de courrier',34007),
 (35001002,'Services d\'édition de logiciels',35001);
INSERT INTO `activite` (`IdActivite`,`LibelleActivite`,`IdBranche`) VALUES 
 (35002001,'Produits des activités cinématographiques et de programmation télévisuelle',35002),
 (35002002,'Enregistrements sonores et produits musicaux édités',35002),
 (35003001,'Services de radiodiffusion',35003),
 (35003002,'Services de programmation de télévision et télédiffusion',35003),
 (35004000,'Services de Télécommunication',35004),
 (35005001,'Produits et services informatiques : conseil, programmation informatique',35005),
 (35005002,'Services de conseil et autres Services informatiques',35005),
 (35006001,'Services de traitement de données, hébergement et activités connexes ; services de portails Internet',35006),
 (35006002,'Autres services de fourniture d\'information',35006),
 (36001001,'Services d\'intermédiation monétaire et financière',36001),
 (36001002,'Service de fonds de placements, holdings et services financiers Similaires',36001),
 (36001003,'Services de crédit et autres intermédiations non monétaires',36001),
 (36002001,'Services d’assurance-vie et caisses de retraite',36002);
INSERT INTO `activite` (`IdActivite`,`LibelleActivite`,`IdBranche`) VALUES 
 (36002002,'Services d’assurance-dommages et réassurance',36002),
 (36003001,'Services d’auxiliaires financiers, hors assurance et caisses de retraite',36003),
 (36003002,'Service de gestion de fonds pour tiers',36003),
 (36004000,'Services de Micro-finance.',36004),
 (37001000,'Services de location immobilière',37001),
 (37002000,'Autres services immobiliers',37002),
 (38001000,'Services administratifs et d’appui aux entreprises',38001),
 (38002000,'Services de recherche développement en sciences physiques et naturelles',38002),
 (38003000,'Services de recherche développement en sciences humaines et sociales',38003),
 (38004000,'Services juridiques et comptables',38004),
 (38005000,'Services vétérinaires',38005),
 (38006001,'Services d\'architecture,  d\'ingénierie et techniques',38006),
 (38006002,'Services de contrôles et d’analyses techniques',38006),
 (38006003,'Services photographiques',38006),
 (38006004,'Services des Sièges Sociaux ; Conseil En Gestion',38006);
INSERT INTO `activite` (`IdActivite`,`LibelleActivite`,`IdBranche`) VALUES 
 (38006005,'Services de publicité, études de marché et sondage',38006),
 (38006006,'Services spécialisés de design',38006),
 (38006007,'Autres services spécialisées, scientifiques et techniques n.c.a.',38006),
 (39001002,'Services de prérogative publique',39001),
 (39002001,'Service des prestations maladie, maternité et invalidité',39002),
 (39002002,'Autres services de sécurité sociale obligatoire',39002),
 (39010001,'Administration publique générale, économique et sociale',39010),
 (40000001,'Services d’enseignement préprimaire et primaire',40000),
 (40000002,'Services d’enseignement secondaire',40000),
 (40000003,'Services d’enseignement supérieur et post-secondaire non supérieur',40000),
 (40000004,'Autres services d’enseignement',40000),
 (41001001,'Services hospitaliers',41001),
 (41001002,'Services des médecins et des dentistes',41001),
 (41001003,'Services paramédicaux et de soutien',41001),
 (41001004,'Autres services pour la santé humaine',41001);
INSERT INTO `activite` (`IdActivite`,`LibelleActivite`,`IdBranche`) VALUES 
 (41002000,'Services d’hébergement médicosocial et social',41002),
 (42001000,'Services des organisations associatives',42001),
 (42002000,'Services récréatifs, culturels et sportifs',42002),
 (42003000,'Services personnels',42003),
 (42004000,'Services domestiques (cuisinière, jardiniers, répétiteurs, chauffeurs, femme de ménage)',42004),
 (42005000,'Réparation des ordinateurs et des équipements de communication',42005),
 (42006000,'Réparation de biens personnels et domestiques',42006),
 (43000000,'Services des organisations et organismes extraterritoriaux',43000);


--
-- Table structure for table `notation2`.`branche`
--

CREATE TABLE `branche` (
  `IdBranche` int(10) unsigned NOT NULL AUTO_INCREMENT,
  `LibelleBranche` varchar(1000) NOT NULL DEFAULT '',
  `IdSousSecteur` int(10) unsigned NOT NULL DEFAULT '0',
  PRIMARY KEY (`IdBranche`)
) ENGINE=InnoDB AUTO_INCREMENT=43001 DEFAULT CHARSET=utf8;

--
-- Dumping data for table `notation2`.`branche`
--

INSERT INTO `branche` (`IdBranche`,`LibelleBranche`,`IdSousSecteur`) VALUES 
 (1001,'Culture de céréales',1),
 (1002,'Culture des racines et tubercules',1),
 (1003,'Culture des bananes',1),
 (1004,'Culture du palmier à huile',1),
 (1005,'Culture d’autres oléagineux',1),
 (1006,'Culture du coton',1),
 (1007,'Culture des fruits et légumes (n.c les fruits sauvages et la banane)',1),
 (1008,'Horticulture et reproduction des plantes',1),
 (1009,'Culture du cacao',1),
 (1010,'Culture du café et du thé',1),
 (1011,'Culture d\'autres produits agricoles non classés ailleurs (n.c coton)',1),
 (1012,'Egrenage de coton et autres activités de soutien à l’agriculture',1),
 (2001,'Elevage de bovins',2),
 (2002,'Elevage des petits ruminants',2),
 (2003,'Elevage de porcins',2),
 (2004,'Elevage de volaille',2),
 (2005,'Elevage des équins et asins',2),
 (2006,'Apiculture',2),
 (2007,'Elevage d’autres animaux non classés ailleurs',2),
 (2008,'Chasse et piégeage',2),
 (2009,'Activités de soutien à l’élevage',2),
 (3001,'Sylviculture et exploitation forestière',3);
INSERT INTO `branche` (`IdBranche`,`LibelleBranche`,`IdSousSecteur`) VALUES 
 (3002,'Activités liées à la Réduction du Déboisement et de la Dégradation des Forêts et à la valorisation des Services Environnementaux des forêts tropicales (REDDES) Activités de soutien à la sylviculture et à l’exploitation',3),
 (3003,'Activités de soutien à la sylviculture et à l’exploitation forestière',3),
 (4001,'Pêche artisanale',4),
 (4002,'Pêche industrielle',4),
 (4003,'Aquaculture',4),
 (5001,'Extraction des hydrocarbures',5),
 (5002,'Activités de soutien à l\'extraction d\'hydrocarbures',5),
 (5003,'Activités de soutien aux industries extractives',5),
 (6001,'Extraction de minerais métalliques',6),
 (6002,'Extraction de minéraux non métalliques (n.c clinkers)',6),
 (6003,'Activités de soutien aux industries d’extraction de minerais',6),
 (7001,'Production, transformation et conservation de viande et des produits dérivés',7),
 (7002,'Transformation et conservation de poisson et des produits de la pêche',7),
 (7003,'Activités de soutien à l’industrie de la viande',7);
INSERT INTO `branche` (`IdBranche`,`LibelleBranche`,`IdSousSecteur`) VALUES 
 (8001,'Fabrication de farine de céréales',8),
 (8002,'Préparation du riz',8),
 (8003,'Fabrication de produits à base de manioc',8),
 (9001,'Fabrication de produit de cacao',9),
 (9002,'Décorticage et transformation du café',9),
 (9003,'Préparation et conservation du thé',9),
 (9004,'Fabrication du sucre',9),
 (10001,'Fabrication des huiles brutes et tourteaux',10),
 (10002,'Fabrication des huiles raffinées, margarines et de matières grasses',10),
 (10003,'Production d\'aliments pour animaux',10),
 (11001,'Fabrication du pain, biscuits et pâtisserie',11),
 (11002,'Fabrication de pâtes alimentaires',11),
 (12001,'Fabrication de produits laitiers',12),
 (12002,'Transformation et conservation des fruits, légumes et autres produits alimentaires',12),
 (13001,'Fabrication de bière et du malt',13),
 (13002,'Autres boissons alcoolisées',13),
 (13003,'Boissons non alcoolisées et eaux minérales',13),
 (14000,'Produits à base de tabac',14),
 (15001,'Fibres et fils textiles',15);
INSERT INTO `branche` (`IdBranche`,`LibelleBranche`,`IdSousSecteur`) VALUES 
 (15002,'Tissus et services d’ennoblissement',15),
 (15003,'Confection d’autres produits textiles non vestimentaires',15),
 (15004,'Fabrication d\'articles d\'habillement (sauf chaussures)',15),
 (16001,'Produits du cuir et articles en cuir',16),
 (16002,'Fabrication chaussures, y compris chaussures en caoutchouc et en plastique',16),
 (17001,'Sciage et traitement du bois: séchage, imprégnation, traitement chimique',17),
 (17002,'Fabrication de feuilles de placages, contre-plaqués et panneaux',17),
 (17003,'Fabrication de Produits en bois assemblés, articles en bois, liège, vannerie et sparterie',17),
 (18001,'Papier, carton et articles en papier ou en carton',18),
 (18002,'Produits imprimés ou reproduits',18),
 (19000,'Produits du raffinage du pétrole et de la Cokéfaction',19),
 (20001,'Produits chimiques de base',20),
 (20002,'Savons, parfums, détergents et produits d\'entretien',20),
 (20003,'Produits pharmaceutiques',20),
 (20004,'Autres produits chimiques',20);
INSERT INTO `branche` (`IdBranche`,`LibelleBranche`,`IdSousSecteur`) VALUES 
 (21001,'Caoutchouc sec',21),
 (21002,'Articles en caoutchouc',21),
 (21003,'Articles en matières plastiques (sauf chaussures)',21),
 (22001,'Ciment',22),
 (22002,'Autres produits minéraux non métalliques',22),
 (23000,'Produits métallurgiques de base et ouvrages en métaux',23),
 (24000,'Machines, appareils électriques et matériels n.c.a.',24),
 (25000,'Equipements et appareils audiovisuels et de communication, instruments médicaux, de précision, d\'optique et d\'horlogerie',25),
 (26001,'Véhicules routiers',26),
 (26002,'Autres matériels de transport',26),
 (27001,'Meubles',27),
 (27002,'Produits des industries manufacturières n.c.a.',27),
 (28001,'Travaux de réparation des machines et équipements professionnels',28),
 (28002,'Travaux d\'Installation des machines et équipements industriels',28),
 (29001,'Electricité et supports énergétiques',29),
 (30001,'Service de Captage,traitement et distribution d’eau',30),
 (30002,'Service de collecte et traitement des eaux usées',30);
INSERT INTO `branche` (`IdBranche`,`LibelleBranche`,`IdSousSecteur`) VALUES 
 (30003,'Service de collecte,traitement et élimination des déchets solide; Service de récupération',30),
 (30004,'Service de dépollution',30),
 (31001,'Travaux de  préparation de sites et de construction d\'ouvrages de génie civil et bâtiments',31),
 (31002,'Travaux d\'installation',31),
 (31003,'Travaux de finition',31),
 (32001,'Vente de véhicules automobiles et de\nmotocycles',32),
 (32002,'Services d\'entretien et réparation de véhicule automobile et de motocycles',32),
 (32003,'Vente de pièces détachées et d’accessoires pour automobile/motocycle',32),
 (32004,'Vente en gros de produits agricoles bruts et d\'animaux vivants',32),
 (32005,'Vente en gros de produits alimentaires, boissons et tabacs manufacturés',32),
 (32006,'Vente en gros de matériaux de construction, quincaillerie et fournitures pour plomberie',32),
 (32007,'Autres vente en gros',32),
 (32008,'Vente en détail en magasin non spécialisé',32),
 (32009,'Vente en détail de produits alimentaires, boissons et tabacs manufacturés',32);
INSERT INTO `branche` (`IdBranche`,`LibelleBranche`,`IdSousSecteur`) VALUES 
 (32010,'Vente en détail de matériaux de construction, quincaillerie et fournitures pour plomberie',32),
 (32011,'Autres ventes en détail en magasin spécialisé',32),
 (32012,'Vente en détail de biens',32),
 (32013,'Vente en détail hors d’occasion magasin',32),
 (32014,'Autres ventes en détail hors magasin',32),
 (33001,'Hébergement',33),
 (33002,'Services de restaurants et des débits de boissons et cafés',33),
 (34001,'Services de transport ferroviaire passagers',34),
 (34002,'Service de transport par taxis et motos',34),
 (34003,'Autres Services de  transports routiers urbains de voyageurs',34),
 (34004,'Services de transports routiers de marchandises',34),
 (34005,'Autres Services de transports',34),
 (34006,'Service d’entreposage, services auxiliaires des transports',34),
 (34007,'Services de postes et courrier',34),
 (35001,'Services d\'édition',35),
 (35002,'Produit des activités audio et vidéo',35),
 (35003,'Service de programmation télévisuelle et de radiodiffusion',35);
INSERT INTO `branche` (`IdBranche`,`LibelleBranche`,`IdSousSecteur`) VALUES 
 (35004,'Services de Télécommunication',35),
 (35005,'Produits et services informatiques : conseil, programmation informatique',35),
 (35006,'Service de fourniture d’informations',35),
 (36001,'Services d’intermédiation monétaire et financière (sauf micro finances)',36),
 (36002,'Services d\'assurance (sauf sécurité sociale)',36),
 (36003,'Services d\'auxiliaires financiers et d\'assurance',36),
 (36004,'Services de Micro-finances',36),
 (37001,'Services de location immobilière',37),
 (37002,'Autres services immobiliers',37),
 (38001,'Services administratifs et d’appui aux entreprises',38),
 (38002,'Services de recherche développement en sciences physiques et naturelles',38),
 (38003,'Services de recherche développement en sciences humaines et sociales',38),
 (38004,'Services juridiques et comptables',38),
 (38005,'Services vétérinaires',38),
 (38006,'Autres services spécialisées, scientifiques et techniques',38),
 (39001,'Services d\'administration publique générale et services fournis à l\'ensemble de la collectivité',39);
INSERT INTO `branche` (`IdBranche`,`LibelleBranche`,`IdSousSecteur`) VALUES 
 (39002,'Service de sécurité sociale obligatoire',39),
 (40000,'Service d’enseignement',40),
 (41001,'Services pour la santé humaine',41),
 (41002,'Services  d’hébergement médico-social et social',41),
 (42001,'Services fournis par les organisations associatives',42),
 (42002,'Services récréatifs, culturels et sportifs',42),
 (42003,'Services personnels',42),
 (42004,'Services domestiques',42),
 (42005,'Services de réparation des ordinateurs, des équipements de communication et réseautage',42),
 (42006,'Réparation de biens personnels et domestiques',42),
 (43000,'Services des organisations et organismes extraterritoriaux',43);


--
-- Table structure for table `notation2`.`critere`
--

CREATE TABLE `critere` (
  `IdCritere` int(10) unsigned NOT NULL AUTO_INCREMENT,
  `LibelleCritere` varchar(100) NOT NULL DEFAULT '',
  `IdSousCategorie` int(10) unsigned NOT NULL DEFAULT '0',
  `CodeCritere` varchar(5) DEFAULT NULL,
  PRIMARY KEY (`IdCritere`),
  UNIQUE KEY `Index_2` (`CodeCritere`)
) ENGINE=InnoDB AUTO_INCREMENT=74 DEFAULT CHARSET=utf8;

--
-- Dumping data for table `notation2`.`critere`
--

INSERT INTO `critere` (`IdCritere`,`LibelleCritere`,`IdSousCategorie`,`CodeCritere`) VALUES 
 (1,'Chiffre d\'affaires',3,'CHA'),
 (2,'Trend du chiffre d’affaires',3,'TCA'),
 (3,'Marge nette ',3,'MAN'),
 (4,'Rentabilité des fonds propres ',3,'RFP'),
 (5,'Marge brute d’exploitation  ',4,'MBE'),
 (6,'Renouvellement de l’outil de production  ',4,'ROP'),
 (7,'Fonds de roulement',4,'FOR'),
 (8,'Trésorerie nette',4,'TRN'),
 (9,'Ratio de liquidité générale ',5,'RLG'),
 (10,'Ratio de liquidité immédiate ',5,'RLI'),
 (11,'Capacité de remboursement  ',6,'CRB'),
 (12,'Ratio d’endettement financier  ',6,'REF'),
 (13,'Ratio d’endettement général ',6,'REG'),
 (14,'Perspectives du secteur d’activité',7,'PSA'),
 (15,'Trend du secteur d’activité',7,'TSA'),
 (16,'Place dans le secteur d’activité',7,'PSC'),
 (17,'Degré de maturité du secteur ',7,'DMS'),
 (18,'Intensité capitalistique du secteur ',7,'ICS'),
 (19,'Contraintes réglementaires',7,'CRG'),
 (20,'Organisation de la filière ',7,'ORF'),
 (21,'Taille du marché ',8,'TMR');
INSERT INTO `critere` (`IdCritere`,`LibelleCritere`,`IdSousCategorie`,`CodeCritere`) VALUES 
 (22,'Niveau de concurrence ',8,'NCO'),
 (23,'Disponibilité et pérennité des approvisionnements ',8,'DPA'),
 (24,'Avantages comparatifs',8,'AVC'),
 (25,'Qualité de la signature des clients de l’entreprise ',8,'QSC'),
 (26,'Trend des prix des intrants',8,'TPI'),
 (27,'Trend de la production',8,'TPR'),
 (28,'Qualité de la production ',8,'QUP'),
 (29,'Qualité des installations de production',8,'QIP'),
 (30,'Qualité des installations de stockage',8,'QIS'),
 (31,'Assurances (perte d\'exploitation, transport, vol et stocks) ',8,'AST'),
 (32,'Usage des équipements informatiques pour le traitement comptable des opérations',8,'UEI'),
 (33,'Qualité du circuit de distribution ',8,'QCD'),
 (34,'Système de contrôle de la qualité des marchandises',8,'SCQ'),
 (35,'Sécurisation des stocks ',8,'SDT'),
 (36,'Assurances (dommage, responsabilité civile et maladie)',8,'ADR'),
 (37,'Autorisation d\'implantation industrielle',8,'AII'),
 (38,'Conformité des produits aux normes et règlements techniques',8,'CPT');
INSERT INTO `critere` (`IdCritere`,`LibelleCritere`,`IdSousCategorie`,`CodeCritere`) VALUES 
 (39,'Type d\'entreprise',9,'TYE'),
 (40,'Âge de la PME',9,'APM'),
 (41,'Nature juridique de la PME ',9,'NJP'),
 (42,'Localisation géographique ',9,'LGO'),
 (43,'Notoriété ou image de la PME ',9,'NIP'),
 (44,'Régularité administrative de la PME   ',9,'RAP'),
 (45,'Qualification des dirigeants ',9,'QDP'),
 (46,'Expérience des dirigeants ',9,'EXD'),
 (47,'Zone d’activité ',9,'ZAC'),
 (48,'Effectifs ',9,'EFF'),
 (49,'Qualité des effectifs ',9,'QEF'),
 (50,'Structure de l’actionnariat',9,'STA'),
 (51,'Plan de succession ',9,'PSU'),
 (52,'Tenue des assemblées générales ou conseils ',9,'TAG'),
 (53,'Diversification des activités de l\'entreprise ',9,'DAE'),
 (54,'Intégration des activités ',9,'IDA'),
 (55,'Concentration de la clientèle ',9,'CDC'),
 (56,'Dépendance vis-à-vis des fournisseurs',9,'DVF'),
 (57,'Qualité de recouvrement',9,'QRC'),
 (58,'Contrôle des flux de recettes',9,'CFC'),
 (59,'Maitrise de la production',9,'MPD');
INSERT INTO `critere` (`IdCritere`,`LibelleCritere`,`IdSousCategorie`,`CodeCritere`) VALUES 
 (60,'Qualité de l\'information financière',9,'QIF'),
 (61,'Présence des garanties',9,'PRG'),
 (62,'Liquidité des garanties',9,'LQG'),
 (63,'Moralité promoteur',9,'MPO'),
 (64,'Statut matrimonial du promoteur',9,'SMP'),
 (65,'Expérience du promoteur dans le secteur',9,'EPS'),
 (66,'Âge du promoteur ',9,'APO'),
 (67,'Tenue des engagements antérieurs ',10,'TEA'),
 (68,'Encours des engagements bancaires et financiers',10,'EEB'),
 (69,'Évolution des mouvements confiés',10,'EMC'),
 (70,'Ancienneté dans le système bancaire',10,'ASB'),
 (71,'Fréquence des engagements bancaires et financiers',10,'FEB'),
 (72,'Incident de paiements de l\'entreprise et des dirigeants',10,'IED'),
 (73,'Maitrise de la distribution',9,'MDD');


--
-- Table structure for table `notation2`.`departement`
--

CREATE TABLE `departement` (
  `CodeDepartement` varchar(10) NOT NULL DEFAULT '',
  `CodeRegion` varchar(10) NOT NULL DEFAULT '',
  `LibDepartement` varchar(45) NOT NULL DEFAULT '',
  PRIMARY KEY (`CodeDepartement`,`CodeRegion`)
) ENGINE=InnoDB DEFAULT CHARSET=utf8 COMMENT='InnoDB free: 75776 kB';

--
-- Dumping data for table `notation2`.`departement`
--

INSERT INTO `departement` (`CodeDepartement`,`CodeRegion`,`LibDepartement`) VALUES 
 ('BAMB','OU','BAMBOUTOS'),
 ('BEN','NO','BENOUE'),
 ('BOUM','EST','BOUMBA & GOKO'),
 ('BOY','EN','BOYO'),
 ('BUI','NOU','BUI'),
 ('DIAM','NO','DIAMARE'),
 ('DJA','SUD','DJA ET LOBO'),
 ('DJE','ADM','DJEREM'),
 ('DONG','NO','DONGA MANTUNG'),
 ('FAKO','SU','FAKO'),
 ('FAR','EN','FARO'),
 ('FARD','EN','FARO ET DEO'),
 ('HANY','EST','HAUT NYONG'),
 ('HAUSAN','CEN','HAUTE-SANAGA'),
 ('HAUTKAM','OU','HAUT-NKAM'),
 ('HAUTPLA','OU','HAUTS-PLATEAUX'),
 ('KAD','EN','KADEI'),
 ('KKHI','OU','KOUNG-KHI'),
 ('KOUPM','LT','KOUPE MANENGOUBA'),
 ('LEBIA','SU','LEBIALEM'),
 ('LEKIE','CE','LEKIE'),
 ('LOCH','EN','LOGONE ET CHARI'),
 ('LODJ','NO','LOM ET DJEREM'),
 ('MADAN','AD','MAYO DANAY'),
 ('MANYU','SU','MANYU'),
 ('MASA','EN','MAYO SAVA'),
 ('MAYK','NO','MAYO-KANI'),
 ('MAYLO','NO','MAYO-LOUTI'),
 ('MAYR','NO','MAYO-REY'),
 ('MAYT','EN','MAYO TSANAGA'),
 ('MBAMIN','CE','MBAM ET INOUBOU'),
 ('MBAMKEM','CE','MBAM ET KIM'),
 ('MBAN','AD','MAYO BANYO');
INSERT INTO `departement` (`CodeDepartement`,`CodeRegion`,`LibDepartement`) VALUES 
 ('MBE','AD','MBERE'),
 ('MEA','CE','MEFOU A KONO'),
 ('MEM','NO','MEME'),
 ('MEN','NO','MENTCHUM'),
 ('MENOUA','OU','MENOUA'),
 ('MEZ','NO','MEZAM'),
 ('MFA','CE','MEFOU ET  A FAMBA'),
 ('MFOUN','CE','MFOUNDI'),
 ('MIFI','OU','MIFI'),
 ('MOM','NO','MOMO'),
 ('MOUNG','LT','MOUNGO'),
 ('MVI','SU','MVILA'),
 ('NDE','OU','NDE'),
 ('NDIAN','NO','NDIAN'),
 ('NGOK','SUD','NGO-KETUNJIA'),
 ('NKAM','LT','NKAM'),
 ('NOUN','OU','NOUN'),
 ('NYOFOU','CE','NYONG ET FOUMOU'),
 ('NYOKE','CE','NYONG ET KELE'),
 ('NYOSO','CE','NYONG ET SOO'),
 ('OCE','SUD','OCEAN'),
 ('SANAGA','LT','SANAGA MARITIME'),
 ('VIN','AD','VINA'),
 ('VNTEM','SUD','VALLEE DU NTEM'),
 ('WOURI','LT','WOURI');


--
-- Table structure for table `notation2`.`donnee_sectorielle`
--

CREATE TABLE `donnee_sectorielle` (
  `IdDonnee` int(10) unsigned NOT NULL AUTO_INCREMENT,
  `DateChargement` datetime DEFAULT NULL,
  `CA1` varchar(45) DEFAULT NULL,
  `CA2` varchar(45) DEFAULT NULL,
  `CA3` varchar(45) DEFAULT NULL,
  `VA1` varchar(45) DEFAULT NULL,
  `VA2` varchar(45) DEFAULT NULL,
  `VA3` varchar(45) DEFAULT NULL,
  `Rang` varchar(45) DEFAULT NULL,
  `ProfitSecteur` varchar(45) DEFAULT NULL,
  `Structuration` varchar(45) DEFAULT NULL,
  `CodeExercice` varchar(5) DEFAULT NULL,
  `Actif` varchar(45) DEFAULT NULL,
  `IdSecteur` int(10) unsigned DEFAULT NULL,
  `Lien` varchar(45) DEFAULT NULL,
  `DegreMaturite` varchar(45) DEFAULT NULL,
  `Capitalisation` varchar(45) DEFAULT NULL,
  PRIMARY KEY (`IdDonnee`)
) ENGINE=InnoDB AUTO_INCREMENT=3 DEFAULT CHARSET=utf8;

--
-- Dumping data for table `notation2`.`donnee_sectorielle`
--

INSERT INTO `donnee_sectorielle` (`IdDonnee`,`DateChargement`,`CA1`,`CA2`,`CA3`,`VA1`,`VA2`,`VA3`,`Rang`,`ProfitSecteur`,`Structuration`,`CodeExercice`,`Actif`,`IdSecteur`,`Lien`,`DegreMaturite`,`Capitalisation`) VALUES 
 (1,'2021-12-18 00:00:00','754141','754141','754141','754141','754141','754141','2','154275245','OUI','2022','1',1,'fichier.xlsx',NULL,NULL),
 (2,'2021-12-18 00:00:00','1542752','1542752','15427','1542752','1542','754141','1','154275245','OUI','2022','1',3,'fichier.xlsx',NULL,NULL);


--
-- Table structure for table `notation2`.`entreprise`
--

CREATE TABLE `entreprise` (
  `IdEntreprise` int(10) unsigned NOT NULL AUTO_INCREMENT,
  `RaisonSociale` varchar(155) NOT NULL DEFAULT '',
  `NombreEmploye` int(10) unsigned DEFAULT NULL,
  `Nombreclients` int(10) unsigned DEFAULT NULL,
  `TVA` varchar(3) DEFAULT NULL,
  `NIU` varchar(150) DEFAULT NULL,
  `NumeroEnregistrement` varchar(150) DEFAULT NULL,
  `DateCreation` datetime DEFAULT NULL,
  `DateCloture` datetime DEFAULT NULL,
  `Monnaie` varchar(45) DEFAULT NULL,
  `NomEntrepriseMere` varchar(45) DEFAULT NULL,
  `PaysEntrepriseMere` varchar(45) DEFAULT NULL,
  `Adresse1` varchar(255) DEFAULT NULL,
  `Adresse2` varchar(100) DEFAULT NULL,
  `Adresse3` varchar(100) DEFAULT NULL,
  `Ville` varchar(100) DEFAULT NULL,
  `Departement` varchar(100) DEFAULT NULL,
  `Region` varchar(100) DEFAULT NULL,
  `Pays` varchar(100) DEFAULT NULL,
  `CodePostal` varchar(100) DEFAULT NULL,
  `FormeJuridique` varchar(100) DEFAULT NULL,
  `Telephone1` varchar(100) DEFAULT NULL,
  `Telephone2` varchar(100) DEFAULT NULL,
  `Fax` varchar(100) DEFAULT NULL,
  `SiteWeb` varchar(100) DEFAULT NULL,
  `Email` varchar(100) DEFAULT NULL,
  `AdresseEmailAnnonces` varchar(100) DEFAULT NULL,
  `AdresseEmailRenseignements` varchar(100) DEFAULT NULL,
  `AdresseEmailSecurite` varchar(100) DEFAULT NULL,
  `NomOrganismeAcrreditation` varchar(45) DEFAULT NULL,
  `NumeroAccreditation` varchar(45) DEFAULT NULL,
  `DateAccreditation` datetime DEFAULT NULL,
  `DateEcheance` datetime DEFAULT NULL,
  `PaysOrganismeAccreditation` varchar(45) DEFAULT NULL,
  `TypeEntreprise` varchar(45) DEFAULT NULL,
  `Resume` varchar(255) DEFAULT NULL,
  `NombreManager` int(10) unsigned DEFAULT NULL,
  `NombreManagerFemme` int(10) unsigned DEFAULT NULL,
  `NombrePersonnelPermanent` int(10) unsigned DEFAULT NULL,
  `NombrePersonnelPermanentFemme` int(10) unsigned DEFAULT NULL,
  `NombrePersonnelTemporaire` int(10) unsigned DEFAULT NULL,
  `NombrePersonnelTemporaireFemme` int(10) unsigned DEFAULT NULL,
  `NomGestionnaire` varchar(45) DEFAULT NULL,
  `PrenomGestionnaire` varchar(45) DEFAULT NULL,
  `TitreGestionnaire` varchar(45) DEFAULT NULL,
  `CodePostaleGestionnaire` varchar(45) DEFAULT NULL,
  `TelephoneGestionnaire` varchar(45) DEFAULT NULL,
  `FaxGestionnaire` varchar(45) DEFAULT NULL,
  `EmailGestionnaire` varchar(45) DEFAULT NULL,
  `IdSecteur` int(10) unsigned DEFAULT NULL,
  `IdSousSecteur` int(10) unsigned DEFAULT NULL,
  `IdBranche` int(10) unsigned DEFAULT NULL,
  `RegimeFiscale` varchar(45) DEFAULT NULL,
  `CodeDepartement` varchar(45) DEFAULT NULL,
  `ListeIdDocument` varchar(45) DEFAULT NULL,
  `LienRapport` varchar(450) DEFAULT NULL,
  `DateRapport` datetime DEFAULT NULL,
  `ActivitePrincipale` int(10) unsigned DEFAULT NULL,
  PRIMARY KEY (`IdEntreprise`)
) ENGINE=InnoDB AUTO_INCREMENT=5 DEFAULT CHARSET=utf8;

--
-- Dumping data for table `notation2`.`entreprise`
--

INSERT INTO `entreprise` (`IdEntreprise`,`RaisonSociale`,`NombreEmploye`,`Nombreclients`,`TVA`,`NIU`,`NumeroEnregistrement`,`DateCreation`,`DateCloture`,`Monnaie`,`NomEntrepriseMere`,`PaysEntrepriseMere`,`Adresse1`,`Adresse2`,`Adresse3`,`Ville`,`Departement`,`Region`,`Pays`,`CodePostal`,`FormeJuridique`,`Telephone1`,`Telephone2`,`Fax`,`SiteWeb`,`Email`,`AdresseEmailAnnonces`,`AdresseEmailRenseignements`,`AdresseEmailSecurite`,`NomOrganismeAcrreditation`,`NumeroAccreditation`,`DateAccreditation`,`DateEcheance`,`PaysOrganismeAccreditation`,`TypeEntreprise`,`Resume`,`NombreManager`,`NombreManagerFemme`,`NombrePersonnelPermanent`,`NombrePersonnelPermanentFemme`,`NombrePersonnelTemporaire`,`NombrePersonnelTemporaireFemme`,`NomGestionnaire`,`PrenomGestionnaire`,`TitreGestionnaire`,`CodePostaleGestionnaire`,`TelephoneGestionnaire`,`FaxGestionnaire`,`EmailGestionnaire`,`IdSecteur`,`IdSousSecteur`,`IdBranche`,`RegimeFiscale`,`CodeDepartement`,`ListeIdDocument`,`LienRapport`,`DateRapport`,`ActivitePrincipale`) VALUES 
 (1,'MARAKA',12,14,'oui','452147856332','000000','2018-02-01 00:00:00','2021-12-21 00:00:00','FCFA','sktech','Benin','MELN','','','Yaounde','','centre','','1242','Etablissement','+237697906014','+237697906014','','','seraphinatango@gmail.com','seraphinatango@gmail.com','tchanacool@gmail.com','tchanacool@gmail.com','APICAM','142575852','2021-12-31 00:00:00','2021-12-31 00:00:00','Cameroun','TPE',NULL,45,7,45,1,45,7,'tchana cedric','cedric','MAster','1242','697906014','','cedrictchana@gmail.com',1,3,3,'Impöt liberatoire','LEKIE',NULL,'rapport_1_1643977104.pdf','2022-02-04 12:18:25',1002004);
INSERT INTO `entreprise` (`IdEntreprise`,`RaisonSociale`,`NombreEmploye`,`Nombreclients`,`TVA`,`NIU`,`NumeroEnregistrement`,`DateCreation`,`DateCloture`,`Monnaie`,`NomEntrepriseMere`,`PaysEntrepriseMere`,`Adresse1`,`Adresse2`,`Adresse3`,`Ville`,`Departement`,`Region`,`Pays`,`CodePostal`,`FormeJuridique`,`Telephone1`,`Telephone2`,`Fax`,`SiteWeb`,`Email`,`AdresseEmailAnnonces`,`AdresseEmailRenseignements`,`AdresseEmailSecurite`,`NomOrganismeAcrreditation`,`NumeroAccreditation`,`DateAccreditation`,`DateEcheance`,`PaysOrganismeAccreditation`,`TypeEntreprise`,`Resume`,`NombreManager`,`NombreManagerFemme`,`NombrePersonnelPermanent`,`NombrePersonnelPermanentFemme`,`NombrePersonnelTemporaire`,`NombrePersonnelTemporaireFemme`,`NomGestionnaire`,`PrenomGestionnaire`,`TitreGestionnaire`,`CodePostaleGestionnaire`,`TelephoneGestionnaire`,`FaxGestionnaire`,`EmailGestionnaire`,`IdSecteur`,`IdSousSecteur`,`IdBranche`,`RegimeFiscale`,`CodeDepartement`,`ListeIdDocument`,`LienRapport`,`DateRapport`,`ActivitePrincipale`) VALUES 
 (2,'test',NULL,NULL,NULL,NULL,NULL,NULL,NULL,NULL,NULL,NULL,NULL,NULL,NULL,'Yaounde',NULL,NULL,NULL,NULL,NULL,NULL,NULL,NULL,NULL,NULL,NULL,NULL,NULL,NULL,NULL,NULL,NULL,NULL,NULL,NULL,NULL,NULL,NULL,NULL,NULL,NULL,NULL,NULL,NULL,NULL,NULL,NULL,NULL,NULL,NULL,NULL,NULL,NULL,NULL,NULL,NULL,NULL);
INSERT INTO `entreprise` (`IdEntreprise`,`RaisonSociale`,`NombreEmploye`,`Nombreclients`,`TVA`,`NIU`,`NumeroEnregistrement`,`DateCreation`,`DateCloture`,`Monnaie`,`NomEntrepriseMere`,`PaysEntrepriseMere`,`Adresse1`,`Adresse2`,`Adresse3`,`Ville`,`Departement`,`Region`,`Pays`,`CodePostal`,`FormeJuridique`,`Telephone1`,`Telephone2`,`Fax`,`SiteWeb`,`Email`,`AdresseEmailAnnonces`,`AdresseEmailRenseignements`,`AdresseEmailSecurite`,`NomOrganismeAcrreditation`,`NumeroAccreditation`,`DateAccreditation`,`DateEcheance`,`PaysOrganismeAccreditation`,`TypeEntreprise`,`Resume`,`NombreManager`,`NombreManagerFemme`,`NombrePersonnelPermanent`,`NombrePersonnelPermanentFemme`,`NombrePersonnelTemporaire`,`NombrePersonnelTemporaireFemme`,`NomGestionnaire`,`PrenomGestionnaire`,`TitreGestionnaire`,`CodePostaleGestionnaire`,`TelephoneGestionnaire`,`FaxGestionnaire`,`EmailGestionnaire`,`IdSecteur`,`IdSousSecteur`,`IdBranche`,`RegimeFiscale`,`CodeDepartement`,`ListeIdDocument`,`LienRapport`,`DateRapport`,`ActivitePrincipale`) VALUES 
 (3,'test',NULL,NULL,NULL,NULL,NULL,NULL,NULL,NULL,NULL,NULL,NULL,NULL,NULL,NULL,NULL,NULL,NULL,NULL,NULL,NULL,NULL,NULL,NULL,NULL,NULL,NULL,NULL,NULL,NULL,NULL,NULL,NULL,NULL,NULL,NULL,NULL,NULL,NULL,NULL,NULL,NULL,NULL,NULL,NULL,NULL,NULL,NULL,NULL,NULL,NULL,NULL,NULL,NULL,NULL,NULL,NULL);
INSERT INTO `entreprise` (`IdEntreprise`,`RaisonSociale`,`NombreEmploye`,`Nombreclients`,`TVA`,`NIU`,`NumeroEnregistrement`,`DateCreation`,`DateCloture`,`Monnaie`,`NomEntrepriseMere`,`PaysEntrepriseMere`,`Adresse1`,`Adresse2`,`Adresse3`,`Ville`,`Departement`,`Region`,`Pays`,`CodePostal`,`FormeJuridique`,`Telephone1`,`Telephone2`,`Fax`,`SiteWeb`,`Email`,`AdresseEmailAnnonces`,`AdresseEmailRenseignements`,`AdresseEmailSecurite`,`NomOrganismeAcrreditation`,`NumeroAccreditation`,`DateAccreditation`,`DateEcheance`,`PaysOrganismeAccreditation`,`TypeEntreprise`,`Resume`,`NombreManager`,`NombreManagerFemme`,`NombrePersonnelPermanent`,`NombrePersonnelPermanentFemme`,`NombrePersonnelTemporaire`,`NombrePersonnelTemporaireFemme`,`NomGestionnaire`,`PrenomGestionnaire`,`TitreGestionnaire`,`CodePostaleGestionnaire`,`TelephoneGestionnaire`,`FaxGestionnaire`,`EmailGestionnaire`,`IdSecteur`,`IdSousSecteur`,`IdBranche`,`RegimeFiscale`,`CodeDepartement`,`ListeIdDocument`,`LienRapport`,`DateRapport`,`ActivitePrincipale`) VALUES 
 (4,'test',NULL,NULL,NULL,NULL,NULL,NULL,NULL,NULL,NULL,NULL,NULL,NULL,NULL,NULL,NULL,NULL,NULL,NULL,NULL,NULL,NULL,NULL,NULL,NULL,NULL,NULL,NULL,NULL,NULL,NULL,NULL,NULL,NULL,NULL,NULL,NULL,NULL,NULL,NULL,NULL,NULL,NULL,NULL,NULL,NULL,NULL,NULL,NULL,NULL,NULL,NULL,NULL,NULL,NULL,NULL,NULL);


--
-- Table structure for table `notation2`.`entreprise_activite`
--

CREATE TABLE `entreprise_activite` (
  `IdEntreprise` int(10) unsigned NOT NULL AUTO_INCREMENT,
  `IdActivite` varchar(45) NOT NULL DEFAULT '',
  PRIMARY KEY (`IdEntreprise`,`IdActivite`)
) ENGINE=InnoDB AUTO_INCREMENT=2 DEFAULT CHARSET=utf8;

--
-- Dumping data for table `notation2`.`entreprise_activite`
--

INSERT INTO `entreprise_activite` (`IdEntreprise`,`IdActivite`) VALUES 
 (1,'1001001');


--
-- Table structure for table `notation2`.`entreprise_assurance`
--

CREATE TABLE `entreprise_assurance` (
  `IdAssurance` int(10) unsigned NOT NULL AUTO_INCREMENT,
  `Assureur` varchar(45) NOT NULL DEFAULT '',
  `NumeroAssurance` varchar(45) NOT NULL DEFAULT '',
  `DateDebut` datetime DEFAULT NULL,
  `DateFin` datetime DEFAULT NULL,
  `TypeProduits` varchar(45) NOT NULL DEFAULT '',
  `IdEntreprise` int(10) unsigned NOT NULL DEFAULT '0',
  PRIMARY KEY (`IdAssurance`)
) ENGINE=InnoDB DEFAULT CHARSET=utf8;

--
-- Dumping data for table `notation2`.`entreprise_assurance`
--



--
-- Table structure for table `notation2`.`entreprise_banque`
--

CREATE TABLE `entreprise_banque` (
  `IdBanque` int(10) unsigned NOT NULL AUTO_INCREMENT,
  `NomBanque` varchar(100) DEFAULT NULL,
  `BoitePostaleBanque` varchar(45) DEFAULT NULL,
  `NomAgence` varchar(100) DEFAULT NULL,
  `NomCompte` varchar(100) DEFAULT NULL,
  `NumeroCompte` varchar(45) DEFAULT NULL,
  `IBAN` varchar(100) DEFAULT NULL,
  `CodeBanque` varchar(45) DEFAULT NULL,
  `Commentaires` varchar(255) DEFAULT NULL,
  `IdEntreprise` int(10) unsigned DEFAULT NULL,
  PRIMARY KEY (`IdBanque`)
) ENGINE=InnoDB AUTO_INCREMENT=2 DEFAULT CHARSET=utf8;

--
-- Dumping data for table `notation2`.`entreprise_banque`
--

INSERT INTO `entreprise_banque` (`IdBanque`,`NomBanque`,`BoitePostaleBanque`,`NomAgence`,`NomCompte`,`NumeroCompte`,`IBAN`,`CodeBanque`,`Commentaires`,`IdEntreprise`) VALUES 
 (1,'cedric tchana wandji','1242','cedric','cedric','1245768796','CM457854213658743','ECO','                                                                \r\n\r\n                                                            ',1);


--
-- Table structure for table `notation2`.`entreprise_document`
--

CREATE TABLE `entreprise_document` (
  `IdDocument` int(10) unsigned NOT NULL AUTO_INCREMENT,
  `IntituleDocument` varchar(50) NOT NULL DEFAULT '',
  `Lien` varchar(150) NOT NULL DEFAULT '',
  `TypeDocument` varchar(45) DEFAULT NULL,
  `IdEntreprise` int(10) unsigned NOT NULL DEFAULT '0',
  `CodeExercice` varchar(4) NOT NULL DEFAULT '',
  PRIMARY KEY (`IdDocument`)
) ENGINE=InnoDB DEFAULT CHARSET=utf8;

--
-- Dumping data for table `notation2`.`entreprise_document`
--



--
-- Table structure for table `notation2`.`entreprise_document_justif_activite`
--

CREATE TABLE `entreprise_document_justif_activite` (
  `id_document` int(10) unsigned NOT NULL AUTO_INCREMENT,
  `Intitulle` varchar(1000) NOT NULL DEFAULT '',
  `idactivite` int(10) unsigned DEFAULT NULL,
  `codeexercice` varchar(5) DEFAULT NULL,
  PRIMARY KEY (`id_document`)
) ENGINE=InnoDB AUTO_INCREMENT=83 DEFAULT CHARSET=utf8;

--
-- Dumping data for table `notation2`.`entreprise_document_justif_activite`
--

INSERT INTO `entreprise_document_justif_activite` (`id_document`,`Intitulle`,`idactivite`,`codeexercice`) VALUES 
 (1,'Certificat d\'exercice de l\'activité semencière',1,NULL),
 (2,'Certificat d\'exercice de l\'activité semencière (Production)',2,NULL),
 (3,'Certificat de fabrication, formulation et conditionnement des produits sanitaires homologués',3,NULL),
 (4,'Certificat de commercialisation des semences',4,NULL),
 (5,'Agrément d\'importation de produits phytosanitaires',5,NULL),
 (6,'Agrément pour la distribution des pesticides',6,NULL),
 (7,'Agrément de traitement phytosanitaire',7,NULL),
 (8,'Renouvellement d\'agrément',8,NULL),
 (9,'Agrément des produits phytosanitaires',9,NULL),
 (10,'Agrément d\'homologation de produits phytosanitaires',10,NULL),
 (11,'Arrêté d\'homologation signé par le MINADER',11,NULL),
 (12,'Attribution d\'une forêt',12,NULL),
 (13,'Lettre d\'attribution de la vente de coupe',13,NULL),
 (14,'Agrément d\'inventaire',14,NULL),
 (15,'Permis de chasse',15,NULL),
 (16,'Autorisation de création',16,NULL);
INSERT INTO `entreprise_document_justif_activite` (`id_document`,`Intitulle`,`idactivite`,`codeexercice`) VALUES 
 (17,'Autorisation d\'ouverture',17,NULL),
 (18,'Autorisation d\'exercer le commerce d\'animaux',18,NULL),
 (19,'Agrément d\'exportation de bétails',19,NULL),
 (20,'Certificat de conformité',20,NULL),
 (21,'Autorisation de création d\'établissement',21,NULL),
 (22,'Autorisation d\'exploitation',22,NULL),
 (23,'Obtention de la Norme Camerounaise (NC)',23,NULL),
 (24,'Dépôt de Brevet',24,NULL),
 (26,'Carte individuelle de prospecteur',26,NULL),
 (27,'Autorisation d\'ouverture du bureau de commercialisation',27,NULL),
 (28,'Permis de reconnaissance',28,NULL),
 (29,'Permis de recherche',29,NULL),
 (30,'Permis d\'exploitation',30,NULL),
 (31,'Autorisation d\'embouteillage',31,NULL),
 (32,'Autorisation licence, concession',32,NULL),
 (33,'Récépissé de Déclaration de parution d\'un organe de presse',33,NULL),
 (34,'Licence de radio, Télévision, câblodistribution, production',34,NULL),
 (35,'Agrément d\'exercice d\'une profession publicitaire',35,NULL);
INSERT INTO `entreprise_document_justif_activite` (`id_document`,`Intitulle`,`idactivite`,`codeexercice`) VALUES 
 (36,'Autorisation d\'installation et d\'exploitation des réseaux et services postaux',36,NULL),
 (37,'Licence d\'exploitation et de fourniture',37,NULL),
 (38,'Autorisation d\'ouverture, autorisation d\'exploitation et autorisation de gestion',38,NULL),
 (39,'Autorisation d\'ouverture d\'une formation sanitaire',39,NULL),
 (40,'Autorisation d\'ouverture des professions d\'infirmier, sage-femme et de technicien Médicosanitaire',40,NULL),
 (41,'Inscription à l\'ordre des pharmaciens',41,NULL),
 (42,'Agrément être topographe de formation',42,NULL),
 (43,'Autorisation de transport interurbain Licence de deuxième catégorie',43,NULL),
 (44,'Autorisation d\'accès à la profession',44,NULL),
 (45,'Agrément de Contrôle technique des véhicules',45,NULL),
 (46,'Licence d\'exploitation de Transport aérien',46,NULL),
 (47,'Certificat de transporteur',47,NULL),
 (48,'Certificat d\'inscription au registre des GIC',48,NULL),
 (49,'Certificat d\'inscription au registre des GIC',49,NULL);
INSERT INTO `entreprise_document_justif_activite` (`id_document`,`Intitulle`,`idactivite`,`codeexercice`) VALUES 
 (50,'Certificat d\'inscription au registre des GIC',50,NULL),
 (51,'Certificat d\'inscription au registre des coopératives',51,NULL),
 (52,'Existence légale',52,NULL),
 (53,'Agrément import',53,NULL),
 (54,'Agrément export',54,NULL),
 (55,'Déclaration d\'existence',55,NULL),
 (56,'Agrément d\'Exercice de la profession d\'exportation de café ou cacao',56,NULL),
 (57,'Autorisation de construction d\'un d\'hôtel',57,NULL),
 (58,'Autorisation d\'ouverture d\'hôtel, de restaurant, et d\'établissements de loisirs',58,NULL),
 (59,'Autorisation d\'ouverture d\'une agence de tourisme',59,NULL),
 (60,'Autorisation d\'exploitation d\'un site touristique',60,NULL),
 (61,'Licence de vente des boissons',61,NULL),
 (62,'Agrément d\'Exercice de la profession de guide touristique',62,NULL),
 (63,'Autorisation Création d\'un centre privé multifonctionnel de promotion des jeunes',63,NULL),
 (64,'Autorisation de création d\'école primaire et maternelle',64,NULL);
INSERT INTO `entreprise_document_justif_activite` (`id_document`,`Intitulle`,`idactivite`,`codeexercice`) VALUES 
 (65,'Autorisation d\'ouverture d\'école primaire et maternelle',65,NULL),
 (66,'Autorisation de création d\'un collège privé',66,NULL),
 (67,'Autorisation d\'ouverture d\'un collège privé',67,NULL),
 (68,'Autorisation de création d\'un Etablissement Privé d\'Enseignement Supérieur (EPES)',68,NULL),
 (69,'Autorisation d\'ouverture d\'un Etablissement Privé d\'Enseignement Supérieur (EPES)',69,NULL),
 (70,'Agrément de Fonctionnement d\'un Etablissement Privé d\'Enseignement Supérieur après une année entière',70,NULL),
 (71,'Homologation d\'un Etablissement Privé d\'Enseignement Supérieur',71,NULL),
 (72,'Agrément de création d\'une EMF de 1ère Catégorie',72,NULL),
 (73,'Agrément de création d\'une EMF de 2ère Catégorie',73,NULL),
 (74,'Agrément de création d\'une EMF de 3ère Catégorie',74,NULL),
 (75,'Agrément de Profession de Promoteur Immobilier',75,NULL),
 (76,'Carte professionnelle d\'agent immobilier',76,NULL);
INSERT INTO `entreprise_document_justif_activite` (`id_document`,`Intitulle`,`idactivite`,`codeexercice`) VALUES 
 (77,'Agrément de création d\'un établissement ou d\'une société privée de gardiennage',77,NULL),
 (78,'Accord de principe',78,NULL),
 (79,'Autorisation définitive d\'ouverture',79,NULL),
 (80,'Reconnaissance d\'utilité publique',80,NULL),
 (81,'Agrément de Création des centres de formation professionnelle ou d\'apprentissage',81,NULL),
 (82,'Agrément de Création d\'un bureau de placement ou de travail temporaire',82,NULL);


--
-- Table structure for table `notation2`.`entreprise_financiere`
--

CREATE TABLE `entreprise_financiere` (
  `IdFinanciere` int(10) unsigned NOT NULL AUTO_INCREMENT,
  `ChiffreAffaire` varchar(140) DEFAULT NULL,
  `RentabiliteExploitation` varchar(140) DEFAULT NULL,
  `ResultatNet` varchar(140) DEFAULT NULL,
  `FondsPropres` varchar(140) DEFAULT NULL,
  `ExedentBrutExploitation` varchar(140) DEFAULT NULL,
  `InvestissementCorporel` varchar(140) DEFAULT NULL,
  `DotationAmortissement` varchar(140) DEFAULT NULL,
  `FondRoulement` varchar(140) DEFAULT NULL,
  `TresorerieNet` varchar(140) DEFAULT NULL,
  `ActifCirculants` varchar(140) DEFAULT NULL,
  `EndettementNet` varchar(140) DEFAULT NULL,
  `CapaciteAutofinancement` varchar(140) DEFAULT NULL,
  `DetteFinanciere` varchar(140) DEFAULT NULL,
  `CapitauxPropres` varchar(140) DEFAULT NULL,
  `TotalDette` varchar(140) DEFAULT NULL,
  `Capitaux` varchar(140) DEFAULT NULL,
  `CodeExercice` varchar(4) NOT NULL DEFAULT '',
  `IdEntreprise` int(10) unsigned NOT NULL DEFAULT '0',
  `PassifCirculant` varchar(140) DEFAULT NULL,
  `qualite_produtcion` varchar(140) DEFAULT NULL,
  `qualite_installation_production` varchar(140) DEFAULT NULL,
  `qualite_installation_stockage` varchar(140) DEFAULT NULL,
  `assurances` varchar(140) DEFAULT NULL,
  `usage_equipement_informatique` varchar(140) DEFAULT NULL,
  `qualite_circuit_distribution` varchar(140) DEFAULT NULL,
  `suivi_controle_qualite` varchar(140) DEFAULT NULL,
  `securisation_stock` varchar(140) DEFAULT NULL,
  `conformite_produit_normes` varchar(140) DEFAULT NULL,
  `assurances_possede` varchar(140) DEFAULT NULL,
  `autorisation_implantation` varchar(140) DEFAULT NULL,
  `moyenne_ca` varchar(140) DEFAULT NULL,
  `annee_existence` varchar(140) DEFAULT NULL,
  `nature_juridique` varchar(140) DEFAULT NULL,
  `location_implantation` varchar(140) DEFAULT NULL,
  `notoriete` varchar(140) DEFAULT NULL,
  `regulation_administrative` varchar(140) DEFAULT NULL,
  `qualification_dirigeant_pme` varchar(140) DEFAULT NULL,
  `annee_experience_dirigeant` varchar(140) DEFAULT NULL,
  `zone_activite` varchar(140) DEFAULT NULL,
  `effectif_permanent` varchar(140) DEFAULT NULL,
  `qualification_autre_personnel_pme` varchar(140) DEFAULT NULL,
  `structure_actionnariale` varchar(140) DEFAULT NULL,
  `plan_succession` varchar(140) DEFAULT NULL,
  `tenue_ag` varchar(140) DEFAULT NULL,
  `diversification_activite` varchar(140) DEFAULT NULL,
  `integration_activite` varchar(140) DEFAULT NULL,
  `concentration_clientele` varchar(140) DEFAULT NULL,
  `dependance_fournisseurs` varchar(140) DEFAULT NULL,
  `qualite_recouvrement` varchar(140) DEFAULT NULL,
  `flux_recette` varchar(140) DEFAULT NULL,
  `maitrise_production` varchar(140) DEFAULT NULL,
  `maitrise_distribution` varchar(140) DEFAULT NULL,
  `statut_matrimonial_dirigeant` varchar(140) DEFAULT NULL,
  `experience_dirigeant` varchar(140) DEFAULT NULL,
  `age_dirigeant` varchar(140) DEFAULT NULL,
  `tenue_engagement` varchar(140) DEFAULT NULL,
  `encour_engagement` varchar(140) DEFAULT NULL,
  `dettes` varchar(140) DEFAULT NULL,
  `solde_courant` varchar(140) DEFAULT NULL,
  `stock` varchar(140) DEFAULT NULL,
  `contrainte_reglementaire` varchar(140) DEFAULT NULL,
  `taille_marche` varchar(140) DEFAULT NULL,
  `niveau_concurence` varchar(140) DEFAULT NULL,
  `disponibilite_perenite` varchar(140) DEFAULT NULL,
  `avantage_comparatif` varchar(140) DEFAULT NULL,
  `DotationProvision` varchar(140) DEFAULT NULL,
  `AmortissemenstCorporels` varchar(140) DEFAULT NULL,
  `AmortissemenstIncorporels` varchar(140) DEFAULT NULL,
  `ImmobilisationsCorporellesBrut` varchar(140) DEFAULT NULL,
  `ImmobilisationsIncorporellesBrut` varchar(140) DEFAULT NULL,
  `RessourcesStables` varchar(140) DEFAULT NULL,
  `ActifsImmobilises` varchar(140) DEFAULT NULL,
  `TresoreriePassive` varchar(140) DEFAULT NULL,
  `TresorerieActive` varchar(140) DEFAULT NULL,
  `trend_prod` varchar(45) DEFAULT NULL,
  `prix_entrant` varchar(45) DEFAULT NULL,
  PRIMARY KEY (`IdFinanciere`)
) ENGINE=InnoDB AUTO_INCREMENT=5 DEFAULT CHARSET=utf8;

--
-- Dumping data for table `notation2`.`entreprise_financiere`
--

INSERT INTO `entreprise_financiere` (`IdFinanciere`,`ChiffreAffaire`,`RentabiliteExploitation`,`ResultatNet`,`FondsPropres`,`ExedentBrutExploitation`,`InvestissementCorporel`,`DotationAmortissement`,`FondRoulement`,`TresorerieNet`,`ActifCirculants`,`EndettementNet`,`CapaciteAutofinancement`,`DetteFinanciere`,`CapitauxPropres`,`TotalDette`,`Capitaux`,`CodeExercice`,`IdEntreprise`,`PassifCirculant`,`qualite_produtcion`,`qualite_installation_production`,`qualite_installation_stockage`,`assurances`,`usage_equipement_informatique`,`qualite_circuit_distribution`,`suivi_controle_qualite`,`securisation_stock`,`conformite_produit_normes`,`assurances_possede`,`autorisation_implantation`,`moyenne_ca`,`annee_existence`,`nature_juridique`,`location_implantation`,`notoriete`,`regulation_administrative`,`qualification_dirigeant_pme`,`annee_experience_dirigeant`,`zone_activite`,`effectif_permanent`,`qualification_autre_personnel_pme`,`structure_actionnariale`,`plan_succession`,`tenue_ag`,`diversification_activite`,`integration_activite`,`concentration_clientele`,`dependance_fournisseurs`,`qualite_recouvrement`,`flux_recette`,`maitrise_production`,`maitrise_distribution`,`statut_matrimonial_dirigeant`,`experience_dirigeant`,`age_dirigeant`,`tenue_engagement`,`encour_engagement`,`dettes`,`solde_courant`,`stock`,`contrainte_reglementaire`,`taille_marche`,`niveau_concurence`,`disponibilite_perenite`,`avantage_comparatif`,`DotationProvision`,`AmortissemenstCorporels`,`AmortissemenstIncorporels`,`ImmobilisationsCorporellesBrut`,`ImmobilisationsIncorporellesBrut`,`RessourcesStables`,`ActifsImmobilises`,`TresoreriePassive`,`TresorerieActive`,`trend_prod`,`prix_entrant`) VALUES 
 (1,'0/5454545/4445454454','45875/1477/1477','1222/1477/1477','1222/1477/1477','1222/1477/1477','0','1222/1477/1477','-255','2444','1222/1477/1477','1222','3666','1222/1477/1477','1222/1477/1477','3666','1222/1477/1477','2022',1,'1222/1477/1477','504','45','3','OUI','OUI','15','Système de suivi électronique des certificats d\'origine des stocks et suivi électronique des dates de péremption','existence d\'un système de suivi électronique des stocks et rapport d\'inventaire des stocks','NON','NON','NON','29485.666666667','2','SA','centre','Bonne réputation','NON','Diplôme supérieur dans le domaine','15','Nationale','15','Diplôme supérieur dans le domaine','Diversifiée','successeur connu et impliqué','3','15','3','Pas encore de clientèle','15','50','Par mobile money dans le compte de l\'entreprise','Les productions sont décroissantes d\'une année à l\'autre','Les productions sont décroissantes d\'une année à l\'autre','Marié(e)','15','45','concours remboursés sans incidents','0.83986254295533','1222','0','1222/1477/1477','1','50','12','15','37.540916530278','1222/1477/1477','1222/1477/1477','1222/1477/1477','0/5454545/4445454454','1222/1477/1477','1222/1477/1477','1477/1477/1477','1222/1477/1477','1222/1477/1477','1477/1477/1477','1477/1477/1477');
INSERT INTO `entreprise_financiere` (`IdFinanciere`,`ChiffreAffaire`,`RentabiliteExploitation`,`ResultatNet`,`FondsPropres`,`ExedentBrutExploitation`,`InvestissementCorporel`,`DotationAmortissement`,`FondRoulement`,`TresorerieNet`,`ActifCirculants`,`EndettementNet`,`CapaciteAutofinancement`,`DetteFinanciere`,`CapitauxPropres`,`TotalDette`,`Capitaux`,`CodeExercice`,`IdEntreprise`,`PassifCirculant`,`qualite_produtcion`,`qualite_installation_production`,`qualite_installation_stockage`,`assurances`,`usage_equipement_informatique`,`qualite_circuit_distribution`,`suivi_controle_qualite`,`securisation_stock`,`conformite_produit_normes`,`assurances_possede`,`autorisation_implantation`,`moyenne_ca`,`annee_existence`,`nature_juridique`,`location_implantation`,`notoriete`,`regulation_administrative`,`qualification_dirigeant_pme`,`annee_experience_dirigeant`,`zone_activite`,`effectif_permanent`,`qualification_autre_personnel_pme`,`structure_actionnariale`,`plan_succession`,`tenue_ag`,`diversification_activite`,`integration_activite`,`concentration_clientele`,`dependance_fournisseurs`,`qualite_recouvrement`,`flux_recette`,`maitrise_production`,`maitrise_distribution`,`statut_matrimonial_dirigeant`,`experience_dirigeant`,`age_dirigeant`,`tenue_engagement`,`encour_engagement`,`dettes`,`solde_courant`,`stock`,`contrainte_reglementaire`,`taille_marche`,`niveau_concurence`,`disponibilite_perenite`,`avantage_comparatif`,`DotationProvision`,`AmortissemenstCorporels`,`AmortissemenstIncorporels`,`ImmobilisationsCorporellesBrut`,`ImmobilisationsIncorporellesBrut`,`RessourcesStables`,`ActifsImmobilises`,`TresoreriePassive`,`TresorerieActive`,`trend_prod`,`prix_entrant`) VALUES 
 (2,'0/5454545/4445454454','45875/1477/1477','1222/1477/1477','1222/1477/1477','1222/1477/1477','0','1222/1477/1477','-255','2444','1222/1477/1477','1222','3666','1222/1477/1477','1222/1477/1477','3666','1222/1477/1477','2022',1,'1222/1477/1477','504','45','3','OUI','OUI','15','Système de suivi électronique des certificats d\'origine des stocks et suivi électronique des dates de péremption','existence d\'un système de suivi électronique des stocks et rapport d\'inventaire des stocks','NON','NON','NON','29485.666666667','2','SA','centre','Bonne réputation','NON','Diplôme supérieur dans le domaine','15','Nationale','15','Diplôme supérieur dans le domaine','Diversifiée','successeur connu et impliqué','3','15','3','Pas encore de clientèle','15','50','Par mobile money dans le compte de l\'entreprise','Les productions sont décroissantes d\'une année à l\'autre','Les productions sont décroissantes d\'une année à l\'autre','Marié(e)','15','45','concours remboursés sans incidents','0.83986254295533','1222','0','1222/1477/1477','1','50','12','15','37.540916530278','1222/1477/1477','1222/1477/1477','1222/1477/1477','0/5454545/4445454454','1222/1477/1477','1222/1477/1477','1477/1477/1477','1222/1477/1477','1222/1477/1477','1477/1477/1477','1477/1477/1477');
INSERT INTO `entreprise_financiere` (`IdFinanciere`,`ChiffreAffaire`,`RentabiliteExploitation`,`ResultatNet`,`FondsPropres`,`ExedentBrutExploitation`,`InvestissementCorporel`,`DotationAmortissement`,`FondRoulement`,`TresorerieNet`,`ActifCirculants`,`EndettementNet`,`CapaciteAutofinancement`,`DetteFinanciere`,`CapitauxPropres`,`TotalDette`,`Capitaux`,`CodeExercice`,`IdEntreprise`,`PassifCirculant`,`qualite_produtcion`,`qualite_installation_production`,`qualite_installation_stockage`,`assurances`,`usage_equipement_informatique`,`qualite_circuit_distribution`,`suivi_controle_qualite`,`securisation_stock`,`conformite_produit_normes`,`assurances_possede`,`autorisation_implantation`,`moyenne_ca`,`annee_existence`,`nature_juridique`,`location_implantation`,`notoriete`,`regulation_administrative`,`qualification_dirigeant_pme`,`annee_experience_dirigeant`,`zone_activite`,`effectif_permanent`,`qualification_autre_personnel_pme`,`structure_actionnariale`,`plan_succession`,`tenue_ag`,`diversification_activite`,`integration_activite`,`concentration_clientele`,`dependance_fournisseurs`,`qualite_recouvrement`,`flux_recette`,`maitrise_production`,`maitrise_distribution`,`statut_matrimonial_dirigeant`,`experience_dirigeant`,`age_dirigeant`,`tenue_engagement`,`encour_engagement`,`dettes`,`solde_courant`,`stock`,`contrainte_reglementaire`,`taille_marche`,`niveau_concurence`,`disponibilite_perenite`,`avantage_comparatif`,`DotationProvision`,`AmortissemenstCorporels`,`AmortissemenstIncorporels`,`ImmobilisationsCorporellesBrut`,`ImmobilisationsIncorporellesBrut`,`RessourcesStables`,`ActifsImmobilises`,`TresoreriePassive`,`TresorerieActive`,`trend_prod`,`prix_entrant`) VALUES 
 (3,'0/5454545/4445454454','45875/1477/1477','1222/1477/1477','1222/1477/1477','1222/1477/1477','0','1222/1477/1477','-255','2444','1222/1477/1477','1222','3666','1222/1477/1477','1222/1477/1477','3666','1222/1477/1477','2022',1,'1222/1477/1477','504','45','3','OUI','OUI','15','Système de suivi électronique des certificats d\'origine des stocks et suivi électronique des dates de péremption','existence d\'un système de suivi électronique des stocks et rapport d\'inventaire des stocks','NON','NON','NON','29485.666666667','2','SA','centre','Bonne réputation','NON','Diplôme supérieur dans le domaine','15','Nationale','15','Diplôme supérieur dans le domaine','Diversifiée','successeur connu et impliqué','3','15','3','Pas encore de clientèle','15','50','Par mobile money dans le compte de l\'entreprise','Les productions sont décroissantes d\'une année à l\'autre','Les productions sont décroissantes d\'une année à l\'autre','Marié(e)','15','45','concours remboursés sans incidents','0.83986254295533','1222','0','1222/1477/1477','1','50','12','15','37.540916530278','1222/1477/1477','1222/1477/1477','1222/1477/1477','0/5454545/4445454454','1222/1477/1477','1222/1477/1477','1477/1477/1477','1222/1477/1477','1222/1477/1477','1477/1477/1477','1477/1477/1477');
INSERT INTO `entreprise_financiere` (`IdFinanciere`,`ChiffreAffaire`,`RentabiliteExploitation`,`ResultatNet`,`FondsPropres`,`ExedentBrutExploitation`,`InvestissementCorporel`,`DotationAmortissement`,`FondRoulement`,`TresorerieNet`,`ActifCirculants`,`EndettementNet`,`CapaciteAutofinancement`,`DetteFinanciere`,`CapitauxPropres`,`TotalDette`,`Capitaux`,`CodeExercice`,`IdEntreprise`,`PassifCirculant`,`qualite_produtcion`,`qualite_installation_production`,`qualite_installation_stockage`,`assurances`,`usage_equipement_informatique`,`qualite_circuit_distribution`,`suivi_controle_qualite`,`securisation_stock`,`conformite_produit_normes`,`assurances_possede`,`autorisation_implantation`,`moyenne_ca`,`annee_existence`,`nature_juridique`,`location_implantation`,`notoriete`,`regulation_administrative`,`qualification_dirigeant_pme`,`annee_experience_dirigeant`,`zone_activite`,`effectif_permanent`,`qualification_autre_personnel_pme`,`structure_actionnariale`,`plan_succession`,`tenue_ag`,`diversification_activite`,`integration_activite`,`concentration_clientele`,`dependance_fournisseurs`,`qualite_recouvrement`,`flux_recette`,`maitrise_production`,`maitrise_distribution`,`statut_matrimonial_dirigeant`,`experience_dirigeant`,`age_dirigeant`,`tenue_engagement`,`encour_engagement`,`dettes`,`solde_courant`,`stock`,`contrainte_reglementaire`,`taille_marche`,`niveau_concurence`,`disponibilite_perenite`,`avantage_comparatif`,`DotationProvision`,`AmortissemenstCorporels`,`AmortissemenstIncorporels`,`ImmobilisationsCorporellesBrut`,`ImmobilisationsIncorporellesBrut`,`RessourcesStables`,`ActifsImmobilises`,`TresoreriePassive`,`TresorerieActive`,`trend_prod`,`prix_entrant`) VALUES 
 (4,'414141/41010/144141','42545','542452','452542','542424','452542','54245254','5424254','5245425','5245245','4524245','45254254','542542','45254245','45252452','45254254','2022',2,'542424','0','0','0','OUI','OUI','55','SystÃ¨me de suivi Ã©lectronique des certificats d\'origine des stocks et suivi Ã©lectronique des dates de pÃ©remption','existence d\'un systÃ¨me de suivi Ã©lectronique des stocks et rapport d\'inventaire des stocks','OUI','OUI','OUI','199764','16','SA','CENTRE','Bonne rÃ©putation','OUI','DiplÃ´me supÃ©rieur dans le domaine','45','Nationale','45','DiplÃ´me supÃ©rieur dans le domaine','DiversifiÃ©e','successeur connu et impliquÃ©','4','4','4','RÃ©gion','44','12','Par virement ou par chÃ¨que','Les productions sont dÃ©croissantes d\'une annÃ©e Ã  l\'autre','Les productions sont dÃ©croissantes d\'une annÃ©e Ã  l\'autre','MariÃ©(e)','45','47','concours remboursÃ©s sans incidents','12','','','4252542','56','45','5','14','45',NULL,NULL,NULL,NULL,NULL,NULL,'',NULL,NULL,NULL,NULL);


--
-- Table structure for table `notation2`.`entreprise_financiere_analyste`
--

CREATE TABLE `entreprise_financiere_analyste` (
  `IdEntrepriseFinanciereAnalyste` int(10) unsigned NOT NULL AUTO_INCREMENT,
  `trend_secteur_activite` varchar(45) DEFAULT NULL,
  `place_secteur_activite` varchar(45) DEFAULT NULL,
  `degree_maturite_secteur` varchar(45) DEFAULT NULL,
  `intensite_capitalisation_secteur` varchar(45) DEFAULT NULL,
  `organisation_filiere` varchar(45) DEFAULT NULL,
  `qualite_information_financiere` varchar(45) DEFAULT NULL,
  `presence_garanties` varchar(45) DEFAULT NULL,
  `liquidite_garanties` varchar(45) DEFAULT NULL,
  `moralite_promoteur` varchar(45) DEFAULT NULL,
  `CodeExercice` varchar(5) NOT NULL DEFAULT '',
  `IdEntreprise` int(10) unsigned NOT NULL DEFAULT '0',
  `IdAnalyste` int(10) unsigned DEFAULT NULL,
  `Commentaire` mediumtext,
  PRIMARY KEY (`IdEntrepriseFinanciereAnalyste`)
) ENGINE=InnoDB DEFAULT CHARSET=utf8;

--
-- Dumping data for table `notation2`.`entreprise_financiere_analyste`
--



--
-- Table structure for table `notation2`.`exercice`
--

CREATE TABLE `exercice` (
  `CodeExercice` varchar(5) NOT NULL DEFAULT '',
  `LibelleExercice` varchar(45) NOT NULL DEFAULT '',
  `EtatExercice` varchar(1) NOT NULL DEFAULT '0',
  PRIMARY KEY (`CodeExercice`)
) ENGINE=InnoDB DEFAULT CHARSET=utf8;

--
-- Dumping data for table `notation2`.`exercice`
--

INSERT INTO `exercice` (`CodeExercice`,`LibelleExercice`,`EtatExercice`) VALUES 
 ('2022','Exercice 2022','1');


--
-- Table structure for table `notation2`.`famille`
--

CREATE TABLE `famille` (
  `IdFamille` int(10) unsigned NOT NULL AUTO_INCREMENT,
  `LibelleFamille` varchar(150) NOT NULL DEFAULT '',
  `IdGrandeFamille` int(10) unsigned NOT NULL DEFAULT '0',
  PRIMARY KEY (`IdFamille`)
) ENGINE=InnoDB AUTO_INCREMENT=10 DEFAULT CHARSET=utf8;

--
-- Dumping data for table `notation2`.`famille`
--

INSERT INTO `famille` (`IdFamille`,`LibelleFamille`,`IdGrandeFamille`) VALUES 
 (4,'Capacité à générer des flux de trésorerie',2),
 (5,'Flexibilité financière',2),
 (6,'Secteur d\'activité',1),
 (7,'Marché et positionnement concurrentiel ',1),
 (8,'Stratégie et management de l\'entreprise',1),
 (9,'Critères comportementaux',3);


--
-- Table structure for table `notation2`.`grand_famille`
--

CREATE TABLE `grand_famille` (
  `IdGrandeFamille` int(10) unsigned NOT NULL AUTO_INCREMENT,
  `LibelleGrandeFamille` varchar(100) NOT NULL DEFAULT '',
  PRIMARY KEY (`IdGrandeFamille`)
) ENGINE=InnoDB AUTO_INCREMENT=4 DEFAULT CHARSET=utf8;

--
-- Dumping data for table `notation2`.`grand_famille`
--

INSERT INTO `grand_famille` (`IdGrandeFamille`,`LibelleGrandeFamille`) VALUES 
 (1,'CritÃ©re qualitatif'),
 (2,'CritÃ¨re quantitatif'),
 (3,'CritÃ¨res comportementaux');


--
-- Table structure for table `notation2`.`note_entreprise`
--

CREATE TABLE `note_entreprise` (
  `IdNoteEntreprise` int(10) unsigned NOT NULL AUTO_INCREMENT,
  `IdExercice` varchar(4) NOT NULL DEFAULT '',
  `IdEntreprise` int(10) unsigned NOT NULL DEFAULT '0',
  `IdCritere` int(10) unsigned NOT NULL DEFAULT '0',
  `Commentaire` varchar(150) DEFAULT NULL,
  `Standard` varchar(45) DEFAULT NULL,
  `Modalite` varchar(45) DEFAULT NULL,
  `Valeur` varchar(45) DEFAULT NULL,
  `NoteEntrepriseSurCent` varchar(45) DEFAULT NULL,
  `NoteEntrepriseFinale` float DEFAULT NULL,
  `CodeCritere` varchar(45) DEFAULT NULL,
  PRIMARY KEY (`IdNoteEntreprise`)
) ENGINE=InnoDB AUTO_INCREMENT=125 DEFAULT CHARSET=utf8;

--
-- Dumping data for table `notation2`.`note_entreprise`
--

INSERT INTO `note_entreprise` (`IdNoteEntreprise`,`IdExercice`,`IdEntreprise`,`IdCritere`,`Commentaire`,`Standard`,`Modalite`,`Valeur`,`NoteEntrepriseSurCent`,`NoteEntrepriseFinale`,`CodeCritere`) VALUES 
 (1,'2022',1,1,'Le chiffre d\'affaire de la derniere annÃ©e est trÃ¨s elevÃ©',NULL,NULL,'4445454454','100',2,'CHA'),
 (2,'2022',1,2,'Le chiffre d\'affaire de l\'entreprise est en croissance',NULL,NULL,'4445454454','100',2,'TCA'),
 (3,'2022',1,3,'la marge net de l\'entreprise est trÃ¨s elevÃ©',NULL,NULL,'INF','100',2,'MAN'),
 (4,'2022',1,4,'La rentabilitÃ© des fonds propres est trÃ¨s elevÃ©e',NULL,NULL,'1','100',2,'RFP'),
 (5,'2022',1,5,'La marge brute d\'exploitation est trÃ¨s elevÃ©e',NULL,NULL,'INF','100',2,'MBE'),
 (6,'2022',1,6,'La taux de renouvellement de lâ€™outil de production est trÃ¨s elevÃ©e',NULL,NULL,'2.208674304419','100',1,'ROP'),
 (7,'2022',1,7,'Le fonds de roulement est bon',NULL,NULL,'2444','100',2,'FOR'),
 (8,'2022',1,8,'Le trÃ©sorerie nette est bonne',NULL,NULL,'-255','100',2,'TRN'),
 (9,'2022',1,9,'la Ratio de liquiditÃ© gÃ©nÃ©rale est moderÃ©',NULL,NULL,'1','50',2,'RLG');
INSERT INTO `note_entreprise` (`IdNoteEntreprise`,`IdExercice`,`IdEntreprise`,`IdCritere`,`Commentaire`,`Standard`,`Modalite`,`Valeur`,`NoteEntrepriseSurCent`,`NoteEntrepriseFinale`,`CodeCritere`) VALUES 
 (10,'2022',1,10,'la Ratio de liquiditÃ© immÃ©diate est trÃ¨s faible',NULL,NULL,'0','0',0,'RLI'),
 (11,'2022',1,11,'la CapacitÃ© de remboursement est trÃ¨s faible',NULL,NULL,'0.33333333333333','1',0.05,'CRB'),
 (12,'2022',1,12,'la Ratio dâ€™endettement financier est trÃ¨s faible',NULL,NULL,'1','1',0.02,'REF'),
 (13,'2022',1,13,'la Ratio dâ€™endettement gÃ©nÃ©ral est trÃ¨s faible',NULL,NULL,'3','1',0.02,'REG'),
 (14,'2022',1,14,'Le secteur d\'activité a de perspectives moyennes',NULL,NULL,'0.0048611599157187','0.97223198314374',0.00972232,'PSA'),
 (15,'2022',1,19,'Les Contraintes réglementaires sont Très elevée',NULL,NULL,'100','100',1,'CRG'),
 (16,'2022',1,21,'Le marché est Petit',NULL,NULL,'50','60',0,'TMR'),
 (17,'2022',1,22,'Le Niveau de concurrence est Très elevée',NULL,NULL,'12','100',0,'NCO'),
 (18,'2022',1,23,'les Avantages comparatifs sont TrÃ¨s elevÃ©es',NULL,NULL,'37.540916530278','100',2,'DPA');
INSERT INTO `note_entreprise` (`IdNoteEntreprise`,`IdExercice`,`IdEntreprise`,`IdCritere`,`Commentaire`,`Standard`,`Modalite`,`Valeur`,`NoteEntrepriseSurCent`,`NoteEntrepriseFinale`,`CodeCritere`) VALUES 
 (19,'2022',1,26,'Le prix des intrants est en fluctuation',NULL,NULL,'1477/1477/1477','75',2.25,'TPI'),
 (20,'2022',1,27,'Le trend de production est en fluctuation',NULL,NULL,'1477/1477/1477','75',1.5,'TPR'),
 (21,'2022',1,25,'La Qualité de la signature des clients de l’entreprise est Très elevée',NULL,NULL,'Agence onusinne','100',3,'QSC'),
 (22,'2022',1,28,'La Qualité de la production est Très faible',NULL,NULL,'504','20',0.4,'QUP'),
 (23,'2022',1,29,'La Qualité des installations de production est Modérée',NULL,NULL,'45','60',0,'QIP'),
 (24,'2022',1,30,'La Qualité des installations de stockage est Très elevée',NULL,NULL,'3','100',0,'QIS'),
 (25,'2022',1,31,'Les Assurances (perte d\'exploitation, transport, vol et stocks) sont Existantes',NULL,NULL,'OUI','100',0,'AST'),
 (26,'2022',1,32,'L\'usage des équipements informatiques pour le traitement comptable des opérations est effectif',NULL,NULL,'OUI','100',1,'UEI'),
 (27,'2022',1,33,'La qualité du circuit de distribution est très faible',NULL,NULL,'15','20',0,'QCD');
INSERT INTO `note_entreprise` (`IdNoteEntreprise`,`IdExercice`,`IdEntreprise`,`IdCritere`,`Commentaire`,`Standard`,`Modalite`,`Valeur`,`NoteEntrepriseSurCent`,`NoteEntrepriseFinale`,`CodeCritere`) VALUES 
 (28,'2022',1,38,'Les produits aux normes et règlements techniques sont Non conformes',NULL,NULL,'NON','50',0,'CPT'),
 (29,'2022',1,36,'Les Assurances (dommage, responsabilité civile et maladie) sont Non conforme',NULL,NULL,'NON','50',0,'ADR'),
 (30,'2022',1,37,'L\'autorisation d\'implantation industrielle est non existante',NULL,NULL,'NON','50',0,'AII'),
 (31,'2022',1,39,'L\'entreprise est de très petite taille',NULL,NULL,'29485.666666667','25',0.25,'TYE'),
 (32,'2022',1,40,'L\'entreprise est nouvelle',NULL,NULL,'2','50',1,'APM'),
 (33,'2022',1,41,'L\'entreprise est une société anonyme',NULL,NULL,'SA','100',0,'NJP'),
 (34,'2022',1,42,'La localisation géographique de l\'entreprise est très bonne',NULL,NULL,'centre','100',1,'LGO'),
 (35,'2022',1,43,'L\'entreprise a une bonne réputation',NULL,NULL,'Bonne réputation','100',0,'NIP'),
 (36,'2022',1,44,'La régularité administrative de la PME est non conforme',NULL,NULL,'NON','50',0.5,'RAP');
INSERT INTO `note_entreprise` (`IdNoteEntreprise`,`IdExercice`,`IdEntreprise`,`IdCritere`,`Commentaire`,`Standard`,`Modalite`,`Valeur`,`NoteEntrepriseSurCent`,`NoteEntrepriseFinale`,`CodeCritere`) VALUES 
 (37,'2022',1,45,'Le dirigeant a un diplôme supérieur dans le domaine',NULL,NULL,'Diplôme supérieur dans le domaine','100',2,'QDP'),
 (38,'2022',1,46,'Le dirigeant a une très bonne experience dans le domaine',NULL,NULL,'15','100',2,'EXD'),
 (39,'2022',1,47,'La zone d’activité de l\'entreprise est moyenne',NULL,NULL,'Nationale','100',0,'ZAC'),
 (40,'2022',1,48,'L\'effectif des employés permanents de l\'entreprise est important',NULL,NULL,'15','100',0,'EFF'),
 (41,'2022',1,49,'Une grande partie de l\'effectif de l\'entreprise a un diplôme supérieur dans le domaine',NULL,NULL,'Diplôme supérieur dans le domaine','100',0,'QEF'),
 (42,'2022',1,50,'L\'actionnariat de l\'entreprise est diversifiée',NULL,NULL,'Diversifiée','100',1,'STA'),
 (43,'2022',1,51,'Le successeur de l\'entrepreneur connu et impliqué',NULL,NULL,'successeur connu et impliqué','100',1,'PSU'),
 (44,'2022',1,52,'La tenue des assemblées généralesou conseils est reguliere',NULL,NULL,'3','100',0,'TAG');
INSERT INTO `note_entreprise` (`IdNoteEntreprise`,`IdExercice`,`IdEntreprise`,`IdCritere`,`Commentaire`,`Standard`,`Modalite`,`Valeur`,`NoteEntrepriseSurCent`,`NoteEntrepriseFinale`,`CodeCritere`) VALUES 
 (45,'2022',1,53,'La diversification des activités de l\'entreprise est très elevée',NULL,NULL,'15','100',1,'DAE'),
 (46,'2022',1,54,'L\'intégration des activités de l\'entreprise est très elevée',NULL,NULL,'3','100',0,'IDA'),
 (47,'2022',1,55,'La concentration de la clientèle de l\'entreprise est très bonne',NULL,NULL,'Pas encore de clientèle','100',0,'CDC'),
 (48,'2022',1,56,'La dépendance de l\'entreprise vis-à-vis des fournisseurs est très faible',NULL,NULL,'15','20',0.2,'DVF'),
 (49,'2022',1,57,'La qualité de recouvrement de l\'entreprise est elevée',NULL,NULL,'50','40',0,'QRC'),
 (50,'2022',1,64,'Le promoteur de l\'entreprise est Marié(e)',NULL,NULL,'Marié(e)','100',0,'SMP'),
 (51,'2022',1,65,'L\'expérience du promoteur dans le secteur est très bonne',NULL,NULL,'15','100',1,'EPS'),
 (52,'2022',1,66,'Le promoteur est d\'âge mûre',NULL,NULL,'45','100',0,'APO');
INSERT INTO `note_entreprise` (`IdNoteEntreprise`,`IdExercice`,`IdEntreprise`,`IdCritere`,`Commentaire`,`Standard`,`Modalite`,`Valeur`,`NoteEntrepriseSurCent`,`NoteEntrepriseFinale`,`CodeCritere`) VALUES 
 (53,'2022',1,67,'L\'entreprise a effectuée ses remboursements sans incidents',NULL,NULL,'concours remboursés sans incidents','100',15,'TEA'),
 (54,'2022',1,68,'L\'entreprise a effectuée ses remboursements sans incidents',NULL,NULL,'concours remboursés sans incidents','100',2,'EEB'),
 (55,'2022',1,15,'Le secteur d\'activité est en fluctuation',NULL,NULL,'fluctuation','54',0.54,'TSA'),
 (56,'2022',1,16,'L\'entreprise est une place non significative dans son secteur',NULL,NULL,'Non significative','14',0.14,'PSC'),
 (57,'2022',1,17,'',NULL,NULL,NULL,'14',0,'DMS'),
 (58,'2022',1,20,'',NULL,NULL,'OUI','40',0.4,'ORF'),
 (59,'2022',1,60,'',NULL,NULL,'Etats financiers pas certifiés mais fiables','50',0.5,'QIF'),
 (60,'2022',1,61,'',NULL,NULL,'OUI','100',1,'PRG'),
 (61,'2022',1,62,'',NULL,NULL,'Moyennement','75',0.75,'LQG'),
 (62,'2022',1,63,'',NULL,NULL,'Bonne','100',5,'MPO');
INSERT INTO `note_entreprise` (`IdNoteEntreprise`,`IdExercice`,`IdEntreprise`,`IdCritere`,`Commentaire`,`Standard`,`Modalite`,`Valeur`,`NoteEntrepriseSurCent`,`NoteEntrepriseFinale`,`CodeCritere`) VALUES 
 (63,'2022',2,1,'Le chiffre d\'affaire de l\'entreprise est trÃ¨s faible',NULL,NULL,'144141','0.0048047',0.000096094,'CHA'),
 (64,'2022',2,2,'Le chiffre d\'affaire de l\'entreprise est en fluctuation',NULL,NULL,'144141','50',1,'TCA'),
 (65,'2022',2,3,'la marge net de l\'entreprise est trÃ¨s elevÃ©',NULL,NULL,'1.3098244317757','100',2,'MAN'),
 (66,'2022',2,4,'',NULL,NULL,'1.1986776917944','100',2,'RFP'),
 (67,'2022',2,5,'',NULL,NULL,'1.3097568219519','100',2,'MBE'),
 (68,'2022',2,6,'',NULL,NULL,'0.0083425178541887','0.55616785694591',0.00556168,'ROP'),
 (69,'2022',2,7,'',NULL,NULL,'5424254','100',2,'FOR'),
 (70,'2022',2,8,'',NULL,NULL,'5245425','100',2,'TRN'),
 (71,'2022',2,9,'',NULL,NULL,'9.6700090703951','100',4,'RLG'),
 (72,'2022',2,10,'',NULL,NULL,'1.8301236670944','100',2,'RLI'),
 (73,'2022',2,11,'',NULL,NULL,'0.099973916264314','39.989566505726',1.99948,'CRB');
INSERT INTO `note_entreprise` (`IdNoteEntreprise`,`IdExercice`,`IdEntreprise`,`IdCritere`,`Commentaire`,`Standard`,`Modalite`,`Valeur`,`NoteEntrepriseSurCent`,`NoteEntrepriseFinale`,`CodeCritere`) VALUES 
 (74,'2022',2,12,'',NULL,NULL,'0.011988753762216','3.996251254072',0.079925,'REF'),
 (75,'2022',2,13,'',NULL,NULL,'0.99996018053905','1',0.02,'REG'),
 (76,'2022',2,14,'',NULL,NULL,'0.99996018053905','1',0.01,'PSA'),
 (77,'2022',2,19,'ElevÃ©e',NULL,NULL,'56','80',0.8,'CRG'),
 (78,'2022',2,21,'Petite',NULL,NULL,'45','60',0,'TMR'),
 (79,'2022',2,22,'ModÃ©rÃ©e',NULL,NULL,'5','60',0,'NCO'),
 (80,'2022',2,23,'TrÃ¨s elevÃ©e',NULL,NULL,'45','100',2,'DPA'),
 (81,'2022',2,26,'Le prix des intrants est en fluctuation',NULL,NULL,'45455/4556/46565','75',2.25,'TPI'),
 (82,'2022',2,27,'Le trend de production est en fluctuation',NULL,NULL,'54654/546546/546456','75',1.5,'TPR'),
 (83,'2022',2,25,'TrÃ¨s elevÃ©e',NULL,NULL,'Agence onusinne','100',3,'QSC'),
 (84,'2022',2,28,'TrÃ¨s elevÃ©e',NULL,NULL,'0','100',2,'QUP'),
 (85,'2022',2,29,'TrÃ¨s elevÃ©e',NULL,NULL,'0','100',0,'QIP');
INSERT INTO `note_entreprise` (`IdNoteEntreprise`,`IdExercice`,`IdEntreprise`,`IdCritere`,`Commentaire`,`Standard`,`Modalite`,`Valeur`,`NoteEntrepriseSurCent`,`NoteEntrepriseFinale`,`CodeCritere`) VALUES 
 (86,'2022',2,30,'TrÃ¨s elevÃ©e',NULL,NULL,'0','100',0,'QIS'),
 (87,'2022',2,31,'Existante',NULL,NULL,'OUI','100',0,'AST'),
 (88,'2022',2,32,'Effectif',NULL,NULL,'OUI','100',1,'UEI'),
 (89,'2022',2,33,'ModÃ©rÃ©e',NULL,NULL,'55','60',0,'QCD'),
 (90,'2022',2,38,'Conforme',NULL,NULL,'OUI','100',0,'CPT'),
 (91,'2022',2,36,'Conforme',NULL,NULL,'OUI','100',0,'ADR'),
 (92,'2022',2,37,'Existante',NULL,NULL,'OUI','100',0,'AII'),
 (93,'2022',2,39,'L\'entreprise est de trÃ¨s petite taille',NULL,NULL,'199764','25',0.25,'TYE'),
 (94,'2022',2,40,'L\'entreprise est anciÃ¨nne',NULL,NULL,'16','100',2,'APM'),
 (95,'2022',2,41,'',NULL,NULL,'SA','100',0,'NJP'),
 (96,'2022',2,42,'',NULL,NULL,'CENTRE','100',1,'LGO'),
 (97,'2022',2,43,'Bonne rÃ©putation',NULL,NULL,'Bonne rÃ©putation','100',0,'NIP'),
 (98,'2022',2,44,'Conforme',NULL,NULL,'OUI','100',1,'RAP');
INSERT INTO `note_entreprise` (`IdNoteEntreprise`,`IdExercice`,`IdEntreprise`,`IdCritere`,`Commentaire`,`Standard`,`Modalite`,`Valeur`,`NoteEntrepriseSurCent`,`NoteEntrepriseFinale`,`CodeCritere`) VALUES 
 (99,'2022',2,45,'DiplÃ´me supÃ©rieur dans le domaine',NULL,NULL,'DiplÃ´me supÃ©rieur dans le domaine','100',2,'QDP'),
 (100,'2022',2,46,'',NULL,NULL,'45','100',2,'EXD'),
 (101,'2022',2,47,'',NULL,NULL,'Nationale','100',0,'ZAC'),
 (102,'2022',2,48,'',NULL,NULL,'45','100',0,'EFF'),
 (103,'2022',2,49,'DiplÃ´me supÃ©rieur dans le domaine',NULL,NULL,'DiplÃ´me supÃ©rieur dans le domaine','100',0,'QEF'),
 (104,'2022',2,50,'DiversifiÃ©e',NULL,NULL,'DiversifiÃ©e','100',1,'STA'),
 (105,'2022',2,51,'successeur connu et impliquÃ©',NULL,NULL,'successeur connu et impliquÃ©','100',1,'PSU'),
 (106,'2022',2,52,'Reguliere',NULL,NULL,'4','100',0,'TAG'),
 (107,'2022',2,53,'ModÃ©rÃ©e',NULL,NULL,'4','60',0.6,'DAE'),
 (108,'2022',2,54,'TrÃ¨s elevÃ©e',NULL,NULL,'4','100',0,'IDA'),
 (109,'2022',2,55,'TrÃ¨s bonne',NULL,NULL,'RÃ©gion','100',0,'CDC');
INSERT INTO `note_entreprise` (`IdNoteEntreprise`,`IdExercice`,`IdEntreprise`,`IdCritere`,`Commentaire`,`Standard`,`Modalite`,`Valeur`,`NoteEntrepriseSurCent`,`NoteEntrepriseFinale`,`CodeCritere`) VALUES 
 (110,'2022',2,56,'TrÃ¨s faible',NULL,NULL,'44','20',0.2,'DVF'),
 (111,'2022',2,57,'ModÃ©rÃ©e',NULL,NULL,'12','60',0,'QRC'),
 (112,'2022',2,58,'Acceptable',NULL,NULL,'Par virement ou par chÃ¨que','60',0,'CFC'),
 (113,'2022',2,64,'MariÃ©(e)',NULL,NULL,'MariÃ©(e)','100',0,'SMP'),
 (114,'2022',2,65,'',NULL,NULL,'45','100',1,'EPS'),
 (115,'2022',2,66,'',NULL,NULL,'47','100',0,'APO'),
 (116,'2022',2,67,'concours remboursÃ©s sans incidents',NULL,NULL,'concours remboursÃ©s sans incidents','100',15,'TEA'),
 (117,'2022',2,68,'concours remboursÃ©s sans incidents',NULL,NULL,'1.3097568219519','16.666666666667',0.333333,'EEB'),
 (118,'2022',1,60,'',NULL,NULL,'Etats financiers pas certifiés mais fiables','50',0.5,'QIF'),
 (119,'2022',1,34,'Le système de contrôle de la qualité des marchandises est performant',NULL,NULL,'Système de suivi électronique des certificats','100',0,'SCQ'),
 (120,'2022',1,35,'La sécurisation des stocks est très elevée',NULL,NULL,'existence d\'un système de suivi électronique ','100',1,'SDT');
INSERT INTO `note_entreprise` (`IdNoteEntreprise`,`IdExercice`,`IdEntreprise`,`IdCritere`,`Commentaire`,`Standard`,`Modalite`,`Valeur`,`NoteEntrepriseSurCent`,`NoteEntrepriseFinale`,`CodeCritere`) VALUES 
 (121,'2022',1,58,'Le contrôle des flux de recettes des l\'entreprise est acceptable',NULL,NULL,'Par mobile money dans le compte de l\'entrepri','60',0,'CFC'),
 (122,'2022',1,59,'La maitrise de la production de l\'entreprise est très faible',NULL,NULL,'Les productions sont décroissantes d\'une anné','20',0,'MPD'),
 (123,'2022',1,73,'La maitrise de la distribution de l\'entreprise est très faible',NULL,NULL,'Les productions sont décroissantes d\'une anné','20',0,'MDD'),
 (124,'2022',1,18,'',NULL,NULL,NULL,'40',0,'ICS');


--
-- Table structure for table `notation2`.`note_projet`
--

CREATE TABLE `note_projet` (
  `idNoteProjet` int(10) unsigned NOT NULL AUTO_INCREMENT,
  `IdExercice` varchar(45) NOT NULL DEFAULT '',
  `IdEntreprise` varchar(45) NOT NULL DEFAULT '',
  `IdCritere` varchar(45) NOT NULL DEFAULT '',
  `NoteProjet` float NOT NULL DEFAULT '0',
  PRIMARY KEY (`idNoteProjet`)
) ENGINE=InnoDB DEFAULT CHARSET=utf8;

--
-- Dumping data for table `notation2`.`note_projet`
--



--
-- Table structure for table `notation2`.`paiement`
--

CREATE TABLE `paiement` (
  `idpaiement` int(10) unsigned NOT NULL AUTO_INCREMENT,
  `code_produit` varchar(45) NOT NULL DEFAULT '',
  `montant` varchar(45) NOT NULL DEFAULT '',
  `identreprise` int(10) unsigned DEFAULT NULL,
  `pack` varchar(45) NOT NULL DEFAULT '',
  `souspack` varchar(5) NOT NULL DEFAULT '',
  `etat` int(10) unsigned NOT NULL DEFAULT '0',
  `datepaiement` datetime DEFAULT NULL,
  `consulter` varchar(5) NOT NULL DEFAULT '0',
  `idutilisateur` int(10) unsigned DEFAULT NULL,
  PRIMARY KEY (`idpaiement`)
) ENGINE=InnoDB AUTO_INCREMENT=31 DEFAULT CHARSET=utf8;

--
-- Dumping data for table `notation2`.`paiement`
--

INSERT INTO `paiement` (`idpaiement`,`code_produit`,`montant`,`identreprise`,`pack`,`souspack`,`etat`,`datepaiement`,`consulter`,`idutilisateur`) VALUES 
 (1,'t_cpt','50000',1,'trust','cpt',0,'2022-01-11 10:30:26','0',NULL),
 (2,'i_pe','150000',1,'intermediaire','pe',0,'2022-01-11 14:05:32','0',NULL),
 (3,'i_pe','150000',1,'intermediaire','pe',0,'2022-01-11 14:24:50','0',NULL),
 (4,'i_pe','150000',1,'intermediaire','pe',0,'2022-01-11 14:24:52','0',NULL),
 (5,'i_pe','150000',1,'intermediaire','pe',0,'2022-01-11 14:25:46','0',NULL),
 (6,'i_tpe','75000',1,'intermediaire','tpe',0,'2022-01-11 14:36:53','0',NULL),
 (7,'i_tpe','75000',1,'intermediaire','tpe',0,'2022-01-11 14:37:53','0',NULL),
 (8,'i_tpe','75000',1,'intermediaire','tpe',0,'2022-01-11 14:39:07','0',NULL),
 (9,'i_tpe','75000',1,'intermediaire','tpe',0,'2022-01-11 14:39:21','0',NULL),
 (10,'i_tpe','75000',1,'intermediaire','tpe',0,'2022-01-11 14:40:34','0',NULL),
 (11,'t_cpt','50000',1,'trust','cpt',0,'2022-01-11 14:48:26','0',NULL),
 (12,'c_psy','10000',5,'consult','psy',0,'2022-01-16 13:53:23','0',NULL);
INSERT INTO `paiement` (`idpaiement`,`code_produit`,`montant`,`identreprise`,`pack`,`souspack`,`etat`,`datepaiement`,`consulter`,`idutilisateur`) VALUES 
 (13,'c_psy','10000',5,'consult','psy',0,'2022-01-16 13:53:25','0',NULL),
 (14,'c_psy','10000',5,'consult','psy',0,'2022-01-16 13:53:26','0',NULL),
 (15,'c_psy','10000',5,'consult','psy',0,'2022-01-16 13:53:27','0',NULL),
 (16,'c_psy','10000',5,'consult','psy',0,'2022-01-16 13:53:28','0',NULL),
 (17,'c_psy','10000',5,'consult','psy',0,'2022-01-16 13:53:29','0',NULL),
 (18,'co_psy','10000',5,'consultation','psy',0,'2022-01-16 13:54:00','0',NULL),
 (19,'co_psy','10000',5,'consultation','psy',0,'2022-01-16 13:54:01','0',NULL),
 (20,'co_psy','10000',5,'consultation','psy',0,'2022-01-16 13:54:02','0',NULL),
 (21,'co_psy','10000',5,'consultation','psy',0,'2022-01-16 13:54:03','0',NULL),
 (22,'co_psy','10000',5,'consultation','psy',0,'2022-01-16 13:54:04','0',NULL),
 (23,'co_psy','10000',5,'consultation','psy',0,'2022-01-16 13:54:52','0',NULL),
 (24,'co_psy','10000',5,'consultation','psy',0,'2022-01-16 13:54:53','0',NULL);
INSERT INTO `paiement` (`idpaiement`,`code_produit`,`montant`,`identreprise`,`pack`,`souspack`,`etat`,`datepaiement`,`consulter`,`idutilisateur`) VALUES 
 (25,'co_psy','10000',5,'consultation','psy',0,'2022-01-16 13:54:54','0',NULL),
 (26,'co_psy','10000',5,'consultation','psy',0,'2022-01-16 13:54:55','0',NULL),
 (27,'co_psy','10000',5,'consultation','psy',0,'2022-01-16 13:54:55','0',NULL),
 (28,'co_psy','10000',5,'consultation','psy',0,'2022-01-16 13:54:56','1',NULL),
 (29,'c_tpe','150000',1,'complet','tpe',0,'2022-02-03 10:27:12','0',NULL),
 (30,'i_tpe','75000',1,'intermediaire','tpe',0,'2022-02-04 12:54:28','0',NULL);


--
-- Table structure for table `notation2`.`paiement_consultation`
--

CREATE TABLE `paiement_consultation` (
  `idpaiement` int(10) unsigned NOT NULL AUTO_INCREMENT,
  `code_produit` varchar(45) NOT NULL DEFAULT '',
  `montant` varchar(45) NOT NULL DEFAULT '',
  `identreprise` int(10) unsigned NOT NULL DEFAULT '0',
  `pack` varchar(45) NOT NULL DEFAULT '',
  `souspack` varchar(5) NOT NULL DEFAULT '',
  `etat` int(10) unsigned NOT NULL DEFAULT '0',
  `datepaiement` datetime DEFAULT NULL,
  `consulter` varchar(5) NOT NULL DEFAULT '0',
  PRIMARY KEY (`idpaiement`)
) ENGINE=InnoDB DEFAULT CHARSET=utf8;

--
-- Dumping data for table `notation2`.`paiement_consultation`
--



--
-- Table structure for table `notation2`.`ponderation_critere`
--

CREATE TABLE `ponderation_critere` (
  `CodeExercice` varchar(5) NOT NULL DEFAULT '',
  `IdCritere` int(10) unsigned NOT NULL DEFAULT '0',
  `Ponderation` float NOT NULL DEFAULT '0',
  `IdSecteur` int(10) unsigned DEFAULT NULL,
  `IdPonderation` int(10) unsigned NOT NULL AUTO_INCREMENT,
  PRIMARY KEY (`IdPonderation`)
) ENGINE=InnoDB AUTO_INCREMENT=74 DEFAULT CHARSET=utf8;

--
-- Dumping data for table `notation2`.`ponderation_critere`
--

INSERT INTO `ponderation_critere` (`CodeExercice`,`IdCritere`,`Ponderation`,`IdSecteur`,`IdPonderation`) VALUES 
 ('2022',1,2,1,1),
 ('2022',2,2,1,2),
 ('2022',3,2,1,3),
 ('2022',4,2,1,4),
 ('2022',5,2,1,5),
 ('2022',6,1,1,6),
 ('2022',7,2,1,7),
 ('2022',8,2,1,8),
 ('2022',9,4,1,9),
 ('2022',10,2,1,10),
 ('2022',11,5,1,11),
 ('2022',12,2,1,12),
 ('2022',13,2,1,13),
 ('2022',14,1,1,14),
 ('2022',15,1,1,15),
 ('2022',16,1,1,16),
 ('2022',17,0,1,17),
 ('2022',18,0,1,18),
 ('2022',19,1,1,19),
 ('2022',20,1,1,20),
 ('2022',21,0,1,21),
 ('2022',22,0,1,22),
 ('2022',23,2,1,23),
 ('2022',24,1,1,24),
 ('2022',25,3,1,25),
 ('2022',26,3,1,26),
 ('2022',27,2,1,27),
 ('2022',28,2,1,28),
 ('2022',29,0,1,29),
 ('2022',30,0,1,30),
 ('2022',31,0,1,31),
 ('2022',32,1,1,32),
 ('2022',33,0,1,33),
 ('2022',34,0,1,34),
 ('2022',35,1,1,35),
 ('2022',36,0,1,36),
 ('2022',37,0,1,37),
 ('2022',38,0,1,38),
 ('2022',39,1,1,39),
 ('2022',40,2,1,40),
 ('2022',41,0,1,41),
 ('2022',42,1,1,42),
 ('2022',43,0,1,43),
 ('2022',44,1,1,44),
 ('2022',45,2,1,45);
INSERT INTO `ponderation_critere` (`CodeExercice`,`IdCritere`,`Ponderation`,`IdSecteur`,`IdPonderation`) VALUES 
 ('2022',46,2,1,46),
 ('2022',47,0,1,47),
 ('2022',48,0,1,48),
 ('2022',49,0,1,49),
 ('2022',50,1,1,50),
 ('2022',51,1,1,51),
 ('2022',52,0,1,52),
 ('2022',53,1,1,53),
 ('2022',54,0,1,54),
 ('2022',55,0,1,55),
 ('2022',56,1,1,56),
 ('2022',57,0,1,57),
 ('2022',58,0,1,58),
 ('2022',59,0,1,59),
 ('2022',60,1,1,60),
 ('2022',61,1,1,61),
 ('2022',62,1,1,62),
 ('2022',63,5,1,63),
 ('2022',64,0,1,64),
 ('2022',65,1,1,65),
 ('2022',66,0,1,66),
 ('2022',67,15,1,67),
 ('2022',68,2,1,68),
 ('2022',69,5,1,69),
 ('2022',70,2,1,70),
 ('2022',71,2,1,71),
 ('2022',72,2,1,72),
 ('2022',73,0,1,73);


--
-- Table structure for table `notation2`.`ponderation_famille`
--

CREATE TABLE `ponderation_famille` (
  `IdExercice` varchar(4) NOT NULL DEFAULT '',
  `IdFamille` int(10) unsigned NOT NULL DEFAULT '0',
  `Ponderation` float NOT NULL DEFAULT '0',
  PRIMARY KEY (`IdExercice`,`IdFamille`)
) ENGINE=InnoDB DEFAULT CHARSET=utf8;

--
-- Dumping data for table `notation2`.`ponderation_famille`
--

INSERT INTO `ponderation_famille` (`IdExercice`,`IdFamille`,`Ponderation`) VALUES 
 ('2022',3,16),
 ('2022',4,16);


--
-- Table structure for table `notation2`.`ponderation_grande_famille`
--

CREATE TABLE `ponderation_grande_famille` (
  `IdExercice` varchar(4) NOT NULL DEFAULT '',
  `IdGrandeFamille` int(10) unsigned NOT NULL DEFAULT '0',
  `Ponderation` float NOT NULL DEFAULT '0',
  PRIMARY KEY (`IdExercice`,`IdGrandeFamille`)
) ENGINE=InnoDB DEFAULT CHARSET=utf8;

--
-- Dumping data for table `notation2`.`ponderation_grande_famille`
--

INSERT INTO `ponderation_grande_famille` (`IdExercice`,`IdGrandeFamille`,`Ponderation`) VALUES 
 ('2022',2,28),
 ('2022',3,28),
 ('2022',4,28),
 ('2022',5,28),
 ('2022',6,28),
 ('2022',10,28),
 ('2022',11,34);


--
-- Table structure for table `notation2`.`ponderation_sous_categorie`
--

CREATE TABLE `ponderation_sous_categorie` (
  `IdExercice` varchar(4) NOT NULL DEFAULT '',
  `IdSousCategorie` int(10) unsigned NOT NULL DEFAULT '0',
  `Ponderation` float NOT NULL DEFAULT '0',
  PRIMARY KEY (`IdExercice`,`IdSousCategorie`)
) ENGINE=InnoDB DEFAULT CHARSET=utf8;

--
-- Dumping data for table `notation2`.`ponderation_sous_categorie`
--

INSERT INTO `ponderation_sous_categorie` (`IdExercice`,`IdSousCategorie`,`Ponderation`) VALUES 
 ('2022',3,19);


--
-- Table structure for table `notation2`.`projet`
--

CREATE TABLE `projet` (
  `IdProjet` int(10) unsigned NOT NULL AUTO_INCREMENT,
  PRIMARY KEY (`IdProjet`)
) ENGINE=InnoDB DEFAULT CHARSET=utf8;

--
-- Dumping data for table `notation2`.`projet`
--



--
-- Table structure for table `notation2`.`region`
--

CREATE TABLE `region` (
  `CodeRegion` varchar(10) NOT NULL DEFAULT '',
  `LibRegion` varchar(45) NOT NULL DEFAULT '',
  PRIMARY KEY (`CodeRegion`)
) ENGINE=InnoDB DEFAULT CHARSET=utf8 COMMENT='InnoDB free: 6144 kB';

--
-- Dumping data for table `notation2`.`region`
--

INSERT INTO `region` (`CodeRegion`,`LibRegion`) VALUES 
 ('AD','ADAMAOUA'),
 ('CE','CENTRE'),
 ('EN','EXTREME NORD'),
 ('ES','EST'),
 ('LT','LITTORAL'),
 ('NO','NORD'),
 ('NW','NORD OUEST'),
 ('OU','OUEST'),
 ('SU','SUD'),
 ('SW','SUD OUEST');


--
-- Table structure for table `notation2`.`repartition`
--

CREATE TABLE `repartition` (
  `IdUtilisateur` int(10) unsigned NOT NULL DEFAULT '0',
  `IdSecteur` varchar(10) NOT NULL DEFAULT '',
  `IdSousSecteur` varchar(10) NOT NULL DEFAULT '',
  `IdBranche` varchar(10) NOT NULL DEFAULT '',
  `IdActivite` varchar(10) NOT NULL DEFAULT '',
  PRIMARY KEY (`IdUtilisateur`)
) ENGINE=InnoDB DEFAULT CHARSET=utf8;

--
-- Dumping data for table `notation2`.`repartition`
--

INSERT INTO `repartition` (`IdUtilisateur`,`IdSecteur`,`IdSousSecteur`,`IdBranche`,`IdActivite`) VALUES 
 (3,'-','-','-','-');


--
-- Table structure for table `notation2`.`secteur`
--

CREATE TABLE `secteur` (
  `IdSecteur` int(10) unsigned NOT NULL AUTO_INCREMENT,
  `LibelleSecteur` varchar(100) NOT NULL DEFAULT '',
  PRIMARY KEY (`IdSecteur`)
) ENGINE=InnoDB AUTO_INCREMENT=15 DEFAULT CHARSET=utf8;

--
-- Dumping data for table `notation2`.`secteur`
--

INSERT INTO `secteur` (`IdSecteur`,`LibelleSecteur`) VALUES 
 (1,'AGRICULTURE, ELEVAGE, CHASSE, SYLVICULTURE ET EXPLOITATION FORESTIERE, PÊCHE et PISCICULTURE'),
 (2,'ACTIVITES EXTRACTIVES'),
 (3,'ACTIVITES DE FABRICATION ..'),
 (4,'HÉBERGEMENT ET RESTAURATION'),
 (5,'TRANSPORT ET ENTREPOSAGE'),
 (6,'ACTIVITÉ D’INFORMATION ET DE TÉLÉCOMMUNICATIONS'),
 (7,'ACTIVITÉS FINANCIÈRES ET D’ASSURANCE'),
 (8,'ACTIVITÉS IMMOBILIÈRES'),
 (9,'ACTIVITÉS FOURNIES PRINCIPALEMENT AUX ENTREPRISES'),
 (10,'ADMINISTRATIONS PUBLIQUES ET SÉCURITÉ SOCIALE'),
 (11,'ACTIVITÉS ÉDUCATIVES'),
 (12,'ACTIVITÉ POUR LA SANTE HUMAINE ET ACTION SOCIALE'),
 (13,'AUTRES ACTIVITÉS FOURNIES A LA COLLECTIVITÉ, ACTIVITÉS SOCIALES ET PERSONNELLES'),
 (14,'ACTIVITÉS DES ORGANISATIONS ET ORGANISMES EXTRATERRITORIAUX');


--
-- Table structure for table `notation2`.`sous_categorie`
--

CREATE TABLE `sous_categorie` (
  `IdSousCategorie` int(10) unsigned NOT NULL AUTO_INCREMENT,
  `LibelleSousCategorie` varchar(100) NOT NULL DEFAULT '',
  `IdFamille` int(10) unsigned NOT NULL DEFAULT '0',
  PRIMARY KEY (`IdSousCategorie`)
) ENGINE=InnoDB AUTO_INCREMENT=11 DEFAULT CHARSET=utf8;

--
-- Dumping data for table `notation2`.`sous_categorie`
--

INSERT INTO `sous_categorie` (`IdSousCategorie`,`LibelleSousCategorie`,`IdFamille`) VALUES 
 (3,'Croissance et rentabilité de la PME',4),
 (4,'Flux financiers',4),
 (5,'Flexibilité de court terme',5),
 (6,'Flexibilité de long terme',5),
 (7,'Secteur d\'activité',6),
 (8,'Marché et positionnement concurrentiel ',7),
 (9,'Stratégie et management de l\'entreprise',8),
 (10,'Critères comportementaux',9);


--
-- Table structure for table `notation2`.`sous_secteur`
--

CREATE TABLE `sous_secteur` (
  `IdSousSecteur` int(10) unsigned NOT NULL AUTO_INCREMENT,
  `LibelleSousSecteur` varchar(1000) NOT NULL DEFAULT '',
  `IdSecteur` int(10) unsigned NOT NULL DEFAULT '0',
  PRIMARY KEY (`IdSousSecteur`)
) ENGINE=InnoDB AUTO_INCREMENT=44 DEFAULT CHARSET=utf8;

--
-- Dumping data for table `notation2`.`sous_secteur`
--

INSERT INTO `sous_secteur` (`IdSousSecteur`,`LibelleSousSecteur`,`IdSecteur`) VALUES 
 (1,'AGRICULTURE',1),
 (2,'ELEVAGE ET CHASSE',1),
 (3,'SYLVICULTURE ET EXPLOITATION FORESTIERE',1),
 (4,'PECHE ET AQUACULTURE',1),
 (5,'EXTRACTION DES PRODUITS DES HYDROCARBURES',2),
 (6,'EXTRACTION DES MINERAIS',2),
 (7,'INDUSTRIE DE LA VIANDE ET DU POISSON',3),
 (8,'TRAVAIL DES GRAINS ET FABRICATION DES PRODUITS AMYLACES',3),
 (9,'INDUSTRIE DU CACAO, DU CAFE, DU THE ET DU SUCRE',3),
 (10,'INDUSTRIE DES OLEAGINEUX ET D\'ALIMENTS POUR ANIMAUX',3),
 (11,'FABRICATION DE PRODUITS A BASE DE CEREALES',3),
 (12,'INDUSTRIE DU LAIT, DES FRUITS ET LEGUMES ET DES AUTRES PRODUITS ALIMENTAIRES',3),
 (13,'INDUSTRIE DE BOISSONS',3),
 (14,'INDUSTRIES DU TABAC',3),
 (15,'INDUSTRIES DU TEXTILE ET DE LA CONFECTION',3),
 (16,'INDUSTRIES DU CUIR ET FABRICATION DES CHAUSSURES',3),
 (17,'PRODUITS DU TRAVAIL DU BOIS SAUF FABRICATION DES MEUBLES',3),
 (18,'FABRICATION DEPAPIER, CARTON ET ARTICLES EN PAPIER OU EN CARTON; PRODUITS IMPRIMES ET REPRODUITS',3),
 (19,'PRODUITS DU RAFFINAGE DU PETROLE ET DE LA COKEFACTION',3);
INSERT INTO `sous_secteur` (`IdSousSecteur`,`LibelleSousSecteur`,`IdSecteur`) VALUES 
 (20,'FABRICATION DE PRODUITS CHIMIQUES ET PHARMACEUTIQUES',3),
 (21,'PRODUCTION DE CAOUTCHOUC ET FABRICATION D\'ARTICLES EN CAOUTCHOUC ET EN MATIERE PLASTIQUE',3),
 (22,'FABRICATION DE PRODUITS MINERAUX NON METALLIQUES',3),
 (23,'FABRICATION DE PRODUITS METALLURGIQUES DE BASE ET OUVRAGES EN METAUX',3),
 (24,'FABRICATION DE MACHINES, APPAREILS ELECTRIQUES ETMATERIELS NCA',3),
 (25,'FABRICATION D\'EQUIPEMENTS ET D\'APPAREILS AUDIOVISUELS ET DE COMMUNICATION, D’INSTRUMENTS MEDICAUX, D\'OPTIQUE ET D\'HORLOGERIE',3),
 (26,'FABRICATION DU MATERIEL DE TRANSPORT',3),
 (27,'FABRICATION DE MEUBLES; ACTIVITES DE FABRICATION N.C.A.',3),
 (28,'TRAVAUX DE REPARATION ET D\'INSTALLATION DES MACHINES ET EQUIPEMENTS',3),
 (29,'PRODUCTION ET DISTRIBUTION D\'ELECTRICITE DE GAZ ET D\'AIR CONDITIONNE',3),
 (30,'PRODUCTION ET DISTRIBUTION D’EAU, EAU, TRAVAUX D’ASSAINISSEMENT ET DE TRAITEMENT DE DECHETS',3),
 (31,'TRAVAUX DE CONSTRUCTION',3),
 (32,'COMMERCE DE GROS ET DE DETAIL, REPARATION DE VEHICULES',3);
INSERT INTO `sous_secteur` (`IdSousSecteur`,`LibelleSousSecteur`,`IdSecteur`) VALUES 
 (33,'HEBERGEMENT ET RESTAURATION',4),
 (34,'TRANSPORT ET ENTREPOSAGE',5),
 (35,'ACTIVITE D’INFORMATION ET DE TELECOMMUNICATIONS',6),
 (36,'ACTIVITÉS  FINANCIERES ET D\'ASSURANCES',7),
 (37,'SERVICE DES AGENCES IMMOBILIERES',8),
 (38,'ACTIVITÉS FOURNIES PRINCIPALEMENT AUX ENTREPRISES',9),
 (39,'ADMINISTRATIONS PUBLIQUES ET SÉCURITÉ SOCIALE',10),
 (40,'ACTIVITES EDUCATIVES',11),
 (41,'SERVICES POUR LA SANTE HUMAINE ET  ACTION SOCIALE',12),
 (42,'AUTRES SERVICES FOURNIS A LA COLLECTIVITE, SERVICES SOCIAUX ET PERSONNELS',13),
 (43,'SERVICES DES ORGANISATIONS ET ORGANISMES EXTRATERRITORIAUX',14);


--
-- Table structure for table `notation2`.`type_document`
--

CREATE TABLE `type_document` (
  `IdTypeDocument` int(10) unsigned NOT NULL AUTO_INCREMENT,
  `LibelleTypeDocument` varchar(150) NOT NULL DEFAULT '',
  PRIMARY KEY (`IdTypeDocument`)
) ENGINE=InnoDB DEFAULT CHARSET=utf8;

--
-- Dumping data for table `notation2`.`type_document`
--



--
-- Table structure for table `notation2`.`utilisateur`
--

CREATE TABLE `utilisateur` (
  `IdUtilisateur` int(10) unsigned NOT NULL AUTO_INCREMENT,
  `EmailUtilisateur` varchar(45) NOT NULL DEFAULT '',
  `MotPasseUtilisateur` varchar(45) NOT NULL DEFAULT '',
  `NumeroUtilisateur` varchar(45) DEFAULT NULL,
  `AdresseUtilisateur` varchar(45) DEFAULT NULL,
  `RoleUtilisateur` varchar(1) NOT NULL DEFAULT '',
  `IdRole` int(10) unsigned DEFAULT NULL,
  `ActifUtilisateur` int(10) unsigned NOT NULL DEFAULT '1',
  `NomUtilisateur` varchar(105) DEFAULT NULL,
  `CredUtilisateur` varchar(45) DEFAULT NULL,
  PRIMARY KEY (`IdUtilisateur`)
) ENGINE=InnoDB AUTO_INCREMENT=8 DEFAULT CHARSET=utf8;

--
-- Dumping data for table `notation2`.`utilisateur`
--

INSERT INTO `utilisateur` (`IdUtilisateur`,`EmailUtilisateur`,`MotPasseUtilisateur`,`NumeroUtilisateur`,`AdresseUtilisateur`,`RoleUtilisateur`,`IdRole`,`ActifUtilisateur`,`NomUtilisateur`,`CredUtilisateur`) VALUES 
 (1,'admin@apme.cm','21232f297a57a5a743894a0e4a801fc3',NULL,NULL,'4',NULL,1,NULL,NULL),
 (2,'entreprise@apme.cm','21232f297a57a5a743894a0e4a801fc3',NULL,NULL,'1',1,1,NULL,'8W2IfNhb3WvWwY7'),
 (3,'analyste@apme.cm','21232f297a57a5a743894a0e4a801fc3',NULL,NULL,'3',NULL,1,'Tchana wandji cedric',NULL),
 (4,'test@apme.cm','21232f297a57a5a743894a0e4a801fc3','+237697906014','','1',2,1,NULL,NULL),
 (5,'consultation@apme.cm','21232f297a57a5a743894a0e4a801fc3',NULL,NULL,'2',NULL,1,'Test',NULL),
 (6,'','',NULL,NULL,'',NULL,1,NULL,NULL),
 (7,'cedrictchana@gmail.com','d41d8cd98f00b204e9800998ecf8427e','1245789','','1',4,0,NULL,'H30tWJG23mE8src');

